74.7.227.133 - - [31/Dec/2025:12:15:45 -0300] "GET /painel/subdominios/6900/layout/logo/%2069067803d2c16498517568.php?loknya=/sys/bus/pci/drivers/xhci_hcd/0000:00:14.0/subsystem/devices/0000:00:04.1/dma/dma1chan0/device/dca/dca1/device/driver/0000:80:04.0/driver/0000:00:04.4/subsystem/drivers/hswep_uncore/0000:7f:14.1/driver/0000:ff:12.1/driver/0000:ff:17.0/driver HTTP/1.1" 200 3251 "-" "Mozilla/5.0 AppleWebKit/537.36 (KHTML, like Gecko; compatible; GPTBot/1.3; +https://openai.com/gptbot)"
201.95.90.155 - - [31/Dec/2025:12:15:45 -0300] "POST /painel/imobiliaria/verificareserva HTTP/1.1" 200 21 "https://meusiteimobiliario.com.br/painel//imobiliaria/imoveis?rascunho=0&statusbusca=0" "Mozilla/5.0 (Windows NT 10.0; Win64; x64) AppleWebKit/537.36 (KHTML, like Gecko) Chrome/143.0.0.0 Safari/537.36 Edg/143.0.0.0"
201.82.206.129 - - [31/Dec/2025:12:15:45 -0300] "GET /painel/subdominios/3175/fotos/3864/Entrada3.jpeg HTTP/1.1" 200 157796 "https://alamedaimoveis.com.br/" "Mozilla/5.0 (Linux; Android 10; K) AppleWebKit/537.36 (KHTML, like Gecko) Chrome/143.0.0.0 Mobile Safari/537.36"
201.95.90.155 - - [31/Dec/2025:12:15:45 -0300] "POST /painel/imobiliaria/unserializecompletometroareas HTTP/1.1" 200 207 "https://meusiteimobiliario.com.br/painel//imobiliaria/imoveis?rascunho=0&statusbusca=0" "Mozilla/5.0 (Windows NT 10.0; Win64; x64) AppleWebKit/537.36 (KHTML, like Gecko) Chrome/143.0.0.0 Safari/537.36 Edg/143.0.0.0"
201.95.90.155 - - [31/Dec/2025:12:15:44 -0300] "POST /painel/imobiliaria/tratartabelaval HTTP/1.1" 200 31 "https://meusiteimobiliario.com.br/painel//imobiliaria/imoveis?rascunho=0&statusbusca=0" "Mozilla/5.0 (Windows NT 10.0; Win64; x64) AppleWebKit/537.36 (KHTML, like Gecko) Chrome/143.0.0.0 Safari/537.36 Edg/143.0.0.0"
201.95.90.155 - - [31/Dec/2025:12:15:45 -0300] "POST /painel/imobiliaria/verificareserva HTTP/1.1" 200 21 "https://meusiteimobiliario.com.br/painel//imobiliaria/imoveis?rascunho=0&statusbusca=0" "Mozilla/5.0 (Windows NT 10.0; Win64; x64) AppleWebKit/537.36 (KHTML, like Gecko) Chrome/143.0.0.0 Safari/537.36 Edg/143.0.0.0"
201.95.90.155 - - [31/Dec/2025:12:15:45 -0300] "POST /painel/imobiliaria/verificareserva HTTP/1.1" 200 21 "https://meusiteimobiliario.com.br/painel//imobiliaria/imoveis?rascunho=0&statusbusca=0" "Mozilla/5.0 (Windows NT 10.0; Win64; x64) AppleWebKit/537.36 (KHTML, like Gecko) Chrome/143.0.0.0 Safari/537.36 Edg/143.0.0.0"
201.82.206.129 - - [31/Dec/2025:12:15:45 -0300] "GET /painel/subdominios/3175/layout/marcadagua/marcadagua_68acc2b2d593b6_57258263.png HTTP/1.1" 200 15045 "https://alamedaimoveis.com.br/" "Mozilla/5.0 (Linux; Android 10; K) AppleWebKit/537.36 (KHTML, like Gecko) Chrome/143.0.0.0 Mobile Safari/537.36"
201.95.90.155 - - [31/Dec/2025:12:15:45 -0300] "POST /painel/imobiliaria/unserializecompletometroareas HTTP/1.1" 200 215 "https://meusiteimobiliario.com.br/painel//imobiliaria/imoveis?rascunho=0&statusbusca=0" "Mozilla/5.0 (Windows NT 10.0; Win64; x64) AppleWebKit/537.36 (KHTML, like Gecko) Chrome/143.0.0.0 Safari/537.36 Edg/143.0.0.0"
201.95.90.155 - - [31/Dec/2025:12:15:45 -0300] "POST /painel/imobiliaria/tratartabelagl?rascunho=0&areatipo= HTTP/1.1" 200 164 "https://meusiteimobiliario.com.br/painel//imobiliaria/imoveis?rascunho=0&statusbusca=0" "Mozilla/5.0 (Windows NT 10.0; Win64; x64) AppleWebKit/537.36 (KHTML, like Gecko) Chrome/143.0.0.0 Safari/537.36 Edg/143.0.0.0"
177.37.79.219 - - [31/Dec/2025:12:15:45 -0300] "GET /painel/subdominios/6006/fotos/131/400_WhatsAppImage20251216at23112129.jpeg HTTP/1.1" 200 86600 "https://phpimoveis.com.br/" "Mozilla/5.0 (Linux; Android 10; K) AppleWebKit/537.36 (KHTML, like Gecko) Chrome/143.0.0.0 Mobile Safari/537.36"
201.95.90.155 - - [31/Dec/2025:12:15:45 -0300] "POST /painel/imobiliaria/unserializecompletometroareas HTTP/1.1" 200 205 "https://meusiteimobiliario.com.br/painel//imobiliaria/imoveis?rascunho=0&statusbusca=0" "Mozilla/5.0 (Windows NT 10.0; Win64; x64) AppleWebKit/537.36 (KHTML, like Gecko) Chrome/143.0.0.0 Safari/537.36 Edg/143.0.0.0"
201.95.90.155 - - [31/Dec/2025:12:15:45 -0300] "POST /painel/imobiliaria/tratartabelagl?rascunho=0&areatipo= HTTP/1.1" 200 164 "https://meusiteimobiliario.com.br/painel//imobiliaria/imoveis?rascunho=0&statusbusca=0" "Mozilla/5.0 (Windows NT 10.0; Win64; x64) AppleWebKit/537.36 (KHTML, like Gecko) Chrome/143.0.0.0 Safari/537.36 Edg/143.0.0.0"
201.95.90.155 - - [31/Dec/2025:12:15:45 -0300] "POST /painel/imobiliaria/verificareserva HTTP/1.1" 200 21 "https://meusiteimobiliario.com.br/painel//imobiliaria/imoveis?rascunho=0&statusbusca=0" "Mozilla/5.0 (Windows NT 10.0; Win64; x64) AppleWebKit/537.36 (KHTML, like Gecko) Chrome/143.0.0.0 Safari/537.36 Edg/143.0.0.0"
74.7.227.133 - - [31/Dec/2025:12:15:45 -0300] "GET /painel/subdominios/6900/layout/logo/%2069067803d2c16498517568.php?loknya=/sys/bus/pci/drivers/xhci_hcd/0000:00:14.0/subsystem/devices/0000:00:04.1/dma/dma1chan0/device/dca/dca1/device/driver/0000:80:04.0/driver/0000:00:04.4/subsystem/drivers/hswep_uncore/0000:7f:14.1/driver/0000:7f:08.2/driver/0000:7f:14.1/subsystem/slots HTTP/1.1" 200 2278 "-" "Mozilla/5.0 AppleWebKit/537.36 (KHTML, like Gecko; compatible; GPTBot/1.3; +https://openai.com/gptbot)"
201.95.90.155 - - [31/Dec/2025:12:15:45 -0300] "POST /painel/imobiliaria/tratartabelagl?rascunho=0&areatipo= HTTP/1.1" 200 160 "https://meusiteimobiliario.com.br/painel//imobiliaria/imoveis?rascunho=0&statusbusca=0" "Mozilla/5.0 (Windows NT 10.0; Win64; x64) AppleWebKit/537.36 (KHTML, like Gecko) Chrome/143.0.0.0 Safari/537.36 Edg/143.0.0.0"
201.95.90.155 - - [31/Dec/2025:12:15:45 -0300] "POST /painel/imobiliaria/tratartabelagl?rascunho=0&areatipo= HTTP/1.1" 200 164 "https://meusiteimobiliario.com.br/painel//imobiliaria/imoveis?rascunho=0&statusbusca=0" "Mozilla/5.0 (Windows NT 10.0; Win64; x64) AppleWebKit/537.36 (KHTML, like Gecko) Chrome/143.0.0.0 Safari/537.36 Edg/143.0.0.0"
4.194.133.126 - - [31/Dec/2025:12:15:44 -0300] "GET /www.php HTTP/1.1" 200 37386 "https://www.yahoo.com/" "Mozilla/5.0 (iPhone; CPU iPhone OS 17_1_1 like Mac OS X) AppleWebKit/605.1.15 (KHTML, like Gecko) Version/17.1 Mobile/15E148 Safari/604.1"
201.95.90.155 - - [31/Dec/2025:12:15:45 -0300] "POST /painel/imobiliaria/verificareserva HTTP/1.1" 200 21 "https://meusiteimobiliario.com.br/painel//imobiliaria/imoveis?rascunho=0&statusbusca=0" "Mozilla/5.0 (Windows NT 10.0; Win64; x64) AppleWebKit/537.36 (KHTML, like Gecko) Chrome/143.0.0.0 Safari/537.36 Edg/143.0.0.0"
201.95.90.155 - - [31/Dec/2025:12:15:46 -0300] "POST /painel/imobiliaria/tratartabelagl?rascunho=0&areatipo= HTTP/1.1" 200 161 "https://meusiteimobiliario.com.br/painel//imobiliaria/imoveis?rascunho=0&statusbusca=0" "Mozilla/5.0 (Windows NT 10.0; Win64; x64) AppleWebKit/537.36 (KHTML, like Gecko) Chrome/143.0.0.0 Safari/537.36 Edg/143.0.0.0"
201.95.90.155 - - [31/Dec/2025:12:15:45 -0300] "POST /painel/imobiliaria/unserializecompletometroareas HTTP/1.1" 200 213 "https://meusiteimobiliario.com.br/painel//imobiliaria/imoveis?rascunho=0&statusbusca=0" "Mozilla/5.0 (Windows NT 10.0; Win64; x64) AppleWebKit/537.36 (KHTML, like Gecko) Chrome/143.0.0.0 Safari/537.36 Edg/143.0.0.0"
201.95.90.155 - - [31/Dec/2025:12:15:46 -0300] "POST /painel/imobiliaria/tratartabelagl?rascunho=0&areatipo= HTTP/1.1" 200 162 "https://meusiteimobiliario.com.br/painel//imobiliaria/imoveis?rascunho=0&statusbusca=0" "Mozilla/5.0 (Windows NT 10.0; Win64; x64) AppleWebKit/537.36 (KHTML, like Gecko) Chrome/143.0.0.0 Safari/537.36 Edg/143.0.0.0"
201.95.90.155 - - [31/Dec/2025:12:15:46 -0300] "POST /painel/imobiliaria/verificareserva HTTP/1.1" 200 21 "https://meusiteimobiliario.com.br/painel//imobiliaria/imoveis?rascunho=0&statusbusca=0" "Mozilla/5.0 (Windows NT 10.0; Win64; x64) AppleWebKit/537.36 (KHTML, like Gecko) Chrome/143.0.0.0 Safari/537.36 Edg/143.0.0.0"
201.82.206.129 - - [31/Dec/2025:12:15:46 -0300] "GET /painel/subdominios/3175/fotos/3864/Entrada1.jpeg HTTP/1.1" 200 138359 "https://alamedaimoveis.com.br/" "Mozilla/5.0 (Linux; Android 10; K) AppleWebKit/537.36 (KHTML, like Gecko) Chrome/143.0.0.0 Mobile Safari/537.36"
201.95.90.155 - - [31/Dec/2025:12:15:45 -0300] "POST /painel/imobiliaria/verificareserva HTTP/1.1" 200 21 "https://meusiteimobiliario.com.br/painel//imobiliaria/imoveis?rascunho=0&statusbusca=0" "Mozilla/5.0 (Windows NT 10.0; Win64; x64) AppleWebKit/537.36 (KHTML, like Gecko) Chrome/143.0.0.0 Safari/537.36 Edg/143.0.0.0"
201.95.90.155 - - [31/Dec/2025:12:15:46 -0300] "POST /painel/imobiliaria/verificareserva HTTP/1.1" 200 21 "https://meusiteimobiliario.com.br/painel//imobiliaria/imoveis?rascunho=0&statusbusca=0" "Mozilla/5.0 (Windows NT 10.0; Win64; x64) AppleWebKit/537.36 (KHTML, like Gecko) Chrome/143.0.0.0 Safari/537.36 Edg/143.0.0.0"
74.7.227.133 - - [31/Dec/2025:12:15:46 -0300] "GET /painel/subdominios/6900/layout/logo/%2069067803d2c16498517568.php?loknya=/sys/bus/pci/drivers/xhci_hcd/0000:00:14.0/subsystem/devices/0000:00:04.1/dma/dma1chan0/device/dca/dca1/device/driver/0000:80:04.0/driver/0000:00:04.4/subsystem/drivers/hswep_uncore/0000:7f:14.1/driver/0000:7f:08.2/driver/0000:7f:17.0/subsystem/slots/1 HTTP/1.1" 200 2465 "-" "Mozilla/5.0 AppleWebKit/537.36 (KHTML, like Gecko; compatible; GPTBot/1.3; +https://openai.com/gptbot)"
201.95.90.155 - - [31/Dec/2025:12:15:46 -0300] "POST /painel/imobiliaria/unserializecompletometroareas HTTP/1.1" 200 213 "https://meusiteimobiliario.com.br/painel//imobiliaria/imoveis?rascunho=0&statusbusca=0" "Mozilla/5.0 (Windows NT 10.0; Win64; x64) AppleWebKit/537.36 (KHTML, like Gecko) Chrome/143.0.0.0 Safari/537.36 Edg/143.0.0.0"
201.95.90.155 - - [31/Dec/2025:12:15:46 -0300] "POST /painel/imobiliaria/tratartabelagl?rascunho=0&areatipo= HTTP/1.1" 200 157 "https://meusiteimobiliario.com.br/painel//imobiliaria/imoveis?rascunho=0&statusbusca=0" "Mozilla/5.0 (Windows NT 10.0; Win64; x64) AppleWebKit/537.36 (KHTML, like Gecko) Chrome/143.0.0.0 Safari/537.36 Edg/143.0.0.0"
201.95.90.155 - - [31/Dec/2025:12:15:46 -0300] "POST /painel/imobiliaria/unserializecompletometroareas HTTP/1.1" 200 207 "https://meusiteimobiliario.com.br/painel//imobiliaria/imoveis?rascunho=0&statusbusca=0" "Mozilla/5.0 (Windows NT 10.0; Win64; x64) AppleWebKit/537.36 (KHTML, like Gecko) Chrome/143.0.0.0 Safari/537.36 Edg/143.0.0.0"
201.95.90.155 - - [31/Dec/2025:12:15:46 -0300] "POST /painel/imobiliaria/unserializecompletometroareas HTTP/1.1" 200 206 "https://meusiteimobiliario.com.br/painel//imobiliaria/imoveis?rascunho=0&statusbusca=0" "Mozilla/5.0 (Windows NT 10.0; Win64; x64) AppleWebKit/537.36 (KHTML, like Gecko) Chrome/143.0.0.0 Safari/537.36 Edg/143.0.0.0"
201.95.90.155 - - [31/Dec/2025:12:15:46 -0300] "POST /painel/imobiliaria/tratartabelagl?rascunho=0&areatipo= HTTP/1.1" 200 160 "https://meusiteimobiliario.com.br/painel//imobiliaria/imoveis?rascunho=0&statusbusca=0" "Mozilla/5.0 (Windows NT 10.0; Win64; x64) AppleWebKit/537.36 (KHTML, like Gecko) Chrome/143.0.0.0 Safari/537.36 Edg/143.0.0.0"
201.95.90.155 - - [31/Dec/2025:12:15:46 -0300] "POST /painel/imobiliaria/unserializecompletometroareas HTTP/1.1" 200 207 "https://meusiteimobiliario.com.br/painel//imobiliaria/imoveis?rascunho=0&statusbusca=0" "Mozilla/5.0 (Windows NT 10.0; Win64; x64) AppleWebKit/537.36 (KHTML, like Gecko) Chrome/143.0.0.0 Safari/537.36 Edg/143.0.0.0"
201.95.90.155 - - [31/Dec/2025:12:15:46 -0300] "POST /painel/imobiliaria/verificareserva HTTP/1.1" 200 21 "https://meusiteimobiliario.com.br/painel//imobiliaria/imoveis?rascunho=0&statusbusca=0" "Mozilla/5.0 (Windows NT 10.0; Win64; x64) AppleWebKit/537.36 (KHTML, like Gecko) Chrome/143.0.0.0 Safari/537.36 Edg/143.0.0.0"
74.7.227.133 - - [31/Dec/2025:12:15:46 -0300] "GET /painel/subdominios/6900/layout/logo/%2069067803d2c16498517568.php?loknya=/sys/bus/pci/drivers/xhci_hcd/0000:00:14.0/subsystem/devices/0000:00:04.1/dma/dma1chan0/device/dca/dca1/device/driver/0000:80:04.0/driver/0000:00:04.4/subsystem/drivers/hswep_uncore/0000:7f:14.1/driver/0000:7f:08.2/driver/0000:7f:17.0/subsystem/slots/11 HTTP/1.1" 200 2427 "-" "Mozilla/5.0 AppleWebKit/537.36 (KHTML, like Gecko; compatible; GPTBot/1.3; +https://openai.com/gptbot)"
201.82.206.129 - - [31/Dec/2025:12:15:47 -0300] "GET /painel/subdominios/3175/fotos/3864/Sala1.jpeg HTTP/1.1" 200 129287 "https://alamedaimoveis.com.br/" "Mozilla/5.0 (Linux; Android 10; K) AppleWebKit/537.36 (KHTML, like Gecko) Chrome/143.0.0.0 Mobile Safari/537.36"
54.39.136.184 - - [31/Dec/2025:12:15:47 -0300] "GET /painel/subdominios/1140/fotos/594/tn8970s30.jpg HTTP/1.1" 200 44727 "-" "Mozilla/5.0 (compatible; AhrefsBot/7.0; +http://ahrefs.com/robot/)"
74.7.227.133 - - [31/Dec/2025:12:15:47 -0300] "GET /painel/subdominios/6900/layout/logo/%2069067803d2c16498517568.php?loknya=/sys/bus/pci/drivers/xhci_hcd/0000:00:14.0/subsystem/devices/0000:00:04.1/dma/dma1chan0/device/dca/dca1/device/driver/0000:80:04.0/driver/0000:00:04.4/subsystem/drivers/hswep_uncore/0000:7f:14.1/driver/0000:7f:08.2/driver/0000:7f:17.0/subsystem/ HTTP/1.1" 200 2670 "-" "Mozilla/5.0 AppleWebKit/537.36 (KHTML, like Gecko; compatible; GPTBot/1.3; +https://openai.com/gptbot)"
201.82.206.129 - - [31/Dec/2025:12:15:47 -0300] "GET /painel/subdominios/3175/fotos/3864/Corredor2.jpeg HTTP/1.1" 200 78291 "https://alamedaimoveis.com.br/" "Mozilla/5.0 (Linux; Android 10; K) AppleWebKit/537.36 (KHTML, like Gecko) Chrome/143.0.0.0 Mobile Safari/537.36"
4.194.133.126 - - [31/Dec/2025:12:15:46 -0300] "GET /themes.php HTTP/1.1" 200 37389 "https://www.google.de/" "Mozilla/5.0 (iPad; CPU OS 16_7_2 like Mac OS X) AppleWebKit/605.1.15 (KHTML, like Gecko) Version/16.6 Mobile/15E148 Safari/604.1"
74.7.227.133 - - [31/Dec/2025:12:15:48 -0300] "GET /painel/subdominios/6900/layout/logo/%2069067803d2c16498517568.php?loknya=/sys/bus/pci/drivers/xhci_hcd/0000:00:14.0/subsystem/devices/0000:00:04.1/dma/dma1chan0/device/dca/dca1/device/driver/0000:80:04.0/driver/0000:00:04.4/subsystem/drivers/hswep_uncore/0000:7f:14.1/driver/0000:7f:15.1/driver/0000:7f:15.1/subsystem/slots/ HTTP/1.1" 200 2277 "-" "Mozilla/5.0 AppleWebKit/537.36 (KHTML, like Gecko; compatible; GPTBot/1.3; +https://openai.com/gptbot)"
179.216.244.15 - - [31/Dec/2025:12:15:48 -0300] "GET /painel/front/tema01/bootstrap/css/bootstrap1.css HTTP/1.1" 200 4696 "https://www.niwaimoveis.com.br/" "Mozilla/5.0 (iPhone; CPU iPhone OS 17_5_1 like Mac OS X) AppleWebKit/605.1.15 (KHTML, like Gecko) Mobile/21F90 Instagram 410.1.0.36.70 (iPhone12,1; iOS 17_5_1; pt_BR; pt; scale=2.00; 828x1792; IABMV/1; 849447290) Safari/604.1"
179.216.244.15 - - [31/Dec/2025:12:15:48 -0300] "GET /painel/front/tema01/assets/css/flag-icon.min.css HTTP/1.1" 200 176 "https://www.niwaimoveis.com.br/" "Mozilla/5.0 (iPhone; CPU iPhone OS 17_5_1 like Mac OS X) AppleWebKit/605.1.15 (KHTML, like Gecko) Mobile/21F90 Instagram 410.1.0.36.70 (iPhone12,1; iOS 17_5_1; pt_BR; pt; scale=2.00; 828x1792; IABMV/1; 849447290) Safari/604.1"
179.216.244.15 - - [31/Dec/2025:12:15:48 -0300] "GET /painel/front/tema01/assets/css/bootstrap-multiselect.css HTTP/1.1" 200 736 "https://www.niwaimoveis.com.br/" "Mozilla/5.0 (iPhone; CPU iPhone OS 17_5_1 like Mac OS X) AppleWebKit/605.1.15 (KHTML, like Gecko) Mobile/21F90 Instagram 410.1.0.36.70 (iPhone12,1; iOS 17_5_1; pt_BR; pt; scale=2.00; 828x1792; IABMV/1; 849447290) Safari/604.1"
179.216.244.15 - - [31/Dec/2025:12:15:48 -0300] "GET /painel/front/tema01/assets/css/font.min.css HTTP/1.1" 200 1067 "https://www.niwaimoveis.com.br/" "Mozilla/5.0 (iPhone; CPU iPhone OS 17_5_1 like Mac OS X) AppleWebKit/605.1.15 (KHTML, like Gecko) Mobile/21F90 Instagram 410.1.0.36.70 (iPhone12,1; iOS 17_5_1; pt_BR; pt; scale=2.00; 828x1792; IABMV/1; 849447290) Safari/604.1"
179.216.244.15 - - [31/Dec/2025:12:15:48 -0300] "GET /painel/front/tema01/assets/css/bootstrap-select.min.css HTTP/1.1" 200 1663 "https://www.niwaimoveis.com.br/" "Mozilla/5.0 (iPhone; CPU iPhone OS 17_5_1 like Mac OS X) AppleWebKit/605.1.15 (KHTML, like Gecko) Mobile/21F90 Instagram 410.1.0.36.70 (iPhone12,1; iOS 17_5_1; pt_BR; pt; scale=2.00; 828x1792; IABMV/1; 849447290) Safari/604.1"
179.216.244.15 - - [31/Dec/2025:12:15:48 -0300] "GET /painel/front/tema01/assets/css/simple-cookies.css HTTP/1.1" 200 1496 "https://www.niwaimoveis.com.br/" "Mozilla/5.0 (iPhone; CPU iPhone OS 17_5_1 like Mac OS X) AppleWebKit/605.1.15 (KHTML, like Gecko) Mobile/21F90 Instagram 410.1.0.36.70 (iPhone12,1; iOS 17_5_1; pt_BR; pt; scale=2.00; 828x1792; IABMV/1; 849447290) Safari/604.1"
179.216.244.15 - - [31/Dec/2025:12:15:48 -0300] "GET /painel/front/tema01/bootstrap/css/bootstrap2.css HTTP/1.1" 200 16679 "https://www.niwaimoveis.com.br/" "Mozilla/5.0 (iPhone; CPU iPhone OS 17_5_1 like Mac OS X) AppleWebKit/605.1.15 (KHTML, like Gecko) Mobile/21F90 Instagram 410.1.0.36.70 (iPhone12,1; iOS 17_5_1; pt_BR; pt; scale=2.00; 828x1792; IABMV/1; 849447290) Safari/604.1"
179.216.244.15 - - [31/Dec/2025:12:15:48 -0300] "GET /painel/front/tema01/assets/css/style.css?v=1.1.70 HTTP/1.1" 200 10294 "https://www.niwaimoveis.com.br/" "Mozilla/5.0 (iPhone; CPU iPhone OS 17_5_1 like Mac OS X) AppleWebKit/605.1.15 (KHTML, like Gecko) Mobile/21F90 Instagram 410.1.0.36.70 (iPhone12,1; iOS 17_5_1; pt_BR; pt; scale=2.00; 828x1792; IABMV/1; 849447290) Safari/604.1"
74.7.227.133 - - [31/Dec/2025:12:15:48 -0300] "GET /painel/subdominios/6900/layout/logo/%2069067803d2c16498517568.php?loknya=/sys/bus/pci/drivers/xhci_hcd/0000:00:14.0/subsystem/devices/0000:00:04.1/dma/dma1chan0/device/dca/dca1/device/driver/0000:80:04.0/driver/0000:00:04.4/subsystem/drivers/hswep_uncore/0000:7f:14.1/driver/0000:7f:15.1/driver/0000:7f:09.2/driver HTTP/1.1" 200 3248 "-" "Mozilla/5.0 AppleWebKit/537.36 (KHTML, like Gecko; compatible; GPTBot/1.3; +https://openai.com/gptbot)"
201.82.206.129 - - [31/Dec/2025:12:15:48 -0300] "GET /painel/subdominios/3175/fotos/3864/Cozinha1.jpeg HTTP/1.1" 200 116455 "https://alamedaimoveis.com.br/" "Mozilla/5.0 (Linux; Android 10; K) AppleWebKit/537.36 (KHTML, like Gecko) Chrome/143.0.0.0 Mobile Safari/537.36"
179.216.244.15 - - [31/Dec/2025:12:15:48 -0300] "GET /painel/front/tema01/assets/js/bootstrap-select.min.js HTTP/1.1" 200 9493 "https://www.niwaimoveis.com.br/" "Mozilla/5.0 (iPhone; CPU iPhone OS 17_5_1 like Mac OS X) AppleWebKit/605.1.15 (KHTML, like Gecko) Mobile/21F90 Instagram 410.1.0.36.70 (iPhone12,1; iOS 17_5_1; pt_BR; pt; scale=2.00; 828x1792; IABMV/1; 849447290) Safari/604.1"
179.216.244.15 - - [31/Dec/2025:12:15:48 -0300] "GET /painel/front/tema01/assets/js/i18n/defaults-pt_BR.min.js HTTP/1.1" 200 420 "https://www.niwaimoveis.com.br/" "Mozilla/5.0 (iPhone; CPU iPhone OS 17_5_1 like Mac OS X) AppleWebKit/605.1.15 (KHTML, like Gecko) Mobile/21F90 Instagram 410.1.0.36.70 (iPhone12,1; iOS 17_5_1; pt_BR; pt; scale=2.00; 828x1792; IABMV/1; 849447290) Safari/604.1"
179.216.244.15 - - [31/Dec/2025:12:15:48 -0300] "GET /painel/front/tema01/assets/js/jquery.lazyload.min.js HTTP/1.1" 200 1182 "https://www.niwaimoveis.com.br/" "Mozilla/5.0 (iPhone; CPU iPhone OS 17_5_1 like Mac OS X) AppleWebKit/605.1.15 (KHTML, like Gecko) Mobile/21F90 Instagram 410.1.0.36.70 (iPhone12,1; iOS 17_5_1; pt_BR; pt; scale=2.00; 828x1792; IABMV/1; 849447290) Safari/604.1"
179.216.244.15 - - [31/Dec/2025:12:15:48 -0300] "GET /painel/front/tema01/bootstrap/js/bootstrap.min.js HTTP/1.1" 200 9448 "https://www.niwaimoveis.com.br/" "Mozilla/5.0 (iPhone; CPU iPhone OS 17_5_1 like Mac OS X) AppleWebKit/605.1.15 (KHTML, like Gecko) Mobile/21F90 Instagram 410.1.0.36.70 (iPhone12,1; iOS 17_5_1; pt_BR; pt; scale=2.00; 828x1792; IABMV/1; 849447290) Safari/604.1"
179.216.244.15 - - [31/Dec/2025:12:15:48 -0300] "GET /painel/front/tema01/assets/js/jquery.min.js HTTP/1.1" 200 32399 "https://www.niwaimoveis.com.br/" "Mozilla/5.0 (iPhone; CPU iPhone OS 17_5_1 like Mac OS X) AppleWebKit/605.1.15 (KHTML, like Gecko) Mobile/21F90 Instagram 410.1.0.36.70 (iPhone12,1; iOS 17_5_1; pt_BR; pt; scale=2.00; 828x1792; IABMV/1; 849447290) Safari/604.1"
179.216.244.15 - - [31/Dec/2025:12:15:48 -0300] "GET /painel/front/tema01/assets/js/jquery.mask.min.js HTTP/1.1" 200 3199 "https://www.niwaimoveis.com.br/" "Mozilla/5.0 (iPhone; CPU iPhone OS 17_5_1 like Mac OS X) AppleWebKit/605.1.15 (KHTML, like Gecko) Mobile/21F90 Instagram 410.1.0.36.70 (iPhone12,1; iOS 17_5_1; pt_BR; pt; scale=2.00; 828x1792; IABMV/1; 849447290) Safari/604.1"
179.216.244.15 - - [31/Dec/2025:12:15:48 -0300] "GET /painel/front/tema01/assets/js/ie10-viewport-bug-workaround.js HTTP/1.1" 200 330 "https://www.niwaimoveis.com.br/" "Mozilla/5.0 (iPhone; CPU iPhone OS 17_5_1 like Mac OS X) AppleWebKit/605.1.15 (KHTML, like Gecko) Mobile/21F90 Instagram 410.1.0.36.70 (iPhone12,1; iOS 17_5_1; pt_BR; pt; scale=2.00; 828x1792; IABMV/1; 849447290) Safari/604.1"
179.216.244.15 - - [31/Dec/2025:12:15:48 -0300] "GET /painel/front/tema01/assets/js/bootstrap-multiselect.js HTTP/1.1" 200 5639 "https://www.niwaimoveis.com.br/" "Mozilla/5.0 (iPhone; CPU iPhone OS 17_5_1 like Mac OS X) AppleWebKit/605.1.15 (KHTML, like Gecko) Mobile/21F90 Instagram 410.1.0.36.70 (iPhone12,1; iOS 17_5_1; pt_BR; pt; scale=2.00; 828x1792; IABMV/1; 849447290) Safari/604.1"
179.216.244.15 - - [31/Dec/2025:12:15:48 -0300] "GET /painel/front/tema01/assets/js/backtotop.js HTTP/1.1" 200 196 "https://www.niwaimoveis.com.br/" "Mozilla/5.0 (iPhone; CPU iPhone OS 17_5_1 like Mac OS X) AppleWebKit/605.1.15 (KHTML, like Gecko) Mobile/21F90 Instagram 410.1.0.36.70 (iPhone12,1; iOS 17_5_1; pt_BR; pt; scale=2.00; 828x1792; IABMV/1; 849447290) Safari/604.1"
179.216.244.15 - - [31/Dec/2025:12:15:48 -0300] "GET /painel/front/tema01/assets/js/simple-cookies.js HTTP/1.1" 200 1337 "https://www.niwaimoveis.com.br/" "Mozilla/5.0 (iPhone; CPU iPhone OS 17_5_1 like Mac OS X) AppleWebKit/605.1.15 (KHTML, like Gecko) Mobile/21F90 Instagram 410.1.0.36.70 (iPhone12,1; iOS 17_5_1; pt_BR; pt; scale=2.00; 828x1792; IABMV/1; 849447290) Safari/604.1"
179.216.244.15 - - [31/Dec/2025:12:15:49 -0300] "GET /painel/front/tema01/assets/src/listbox.css HTTP/1.1" 200 348 "https://www.niwaimoveis.com.br/" "Mozilla/5.0 (iPhone; CPU iPhone OS 17_5_1 like Mac OS X) AppleWebKit/605.1.15 (KHTML, like Gecko) Mobile/21F90 Instagram 410.1.0.36.70 (iPhone12,1; iOS 17_5_1; pt_BR; pt; scale=2.00; 828x1792; IABMV/1; 849447290) Safari/604.1"
179.216.244.15 - - [31/Dec/2025:12:15:49 -0300] "GET /painel/front/tema01/bootstrap/fonts/glyphicons-halflings-regular.woff2 HTTP/1.1" 200 18015 "https://www.niwaimoveis.com.br/" "Mozilla/5.0 (iPhone; CPU iPhone OS 17_5_1 like Mac OS X) AppleWebKit/605.1.15 (KHTML, like Gecko) Mobile/21F90 Instagram 410.1.0.36.70 (iPhone12,1; iOS 17_5_1; pt_BR; pt; scale=2.00; 828x1792; IABMV/1; 849447290) Safari/604.1"
74.7.227.133 - - [31/Dec/2025:12:15:49 -0300] "GET /painel/subdominios/6900/layout/logo/%2069067803d2c16498517568.php?loknya=/sys/bus/pci/drivers/xhci_hcd/0000:00:14.0/subsystem/devices/0000:00:04.1/dma/dma1chan0/device/dca/dca1/device/driver/0000:80:04.0/driver/0000:00:04.4/subsystem/drivers/hswep_uncore/0000:7f:14.1/driver/0000:ff:12.1/driver/0000:ff:0b.1 HTTP/1.1" 200 3313 "-" "Mozilla/5.0 AppleWebKit/537.36 (KHTML, like Gecko; compatible; GPTBot/1.3; +https://openai.com/gptbot)"
179.216.244.15 - - [31/Dec/2025:12:15:49 -0300] "GET /painel/subdominios/1962/layout/logo/logo_niwa_imoveis.png HTTP/1.1" 200 28817 "https://www.niwaimoveis.com.br/" "Mozilla/5.0 (iPhone; CPU iPhone OS 17_5_1 like Mac OS X) AppleWebKit/605.1.15 (KHTML, like Gecko) Mobile/21F90 Instagram 410.1.0.36.70 (iPhone12,1; iOS 17_5_1; pt_BR; pt; scale=2.00; 828x1792; IABMV/1; 849447290) Safari/604.1"
179.216.244.15 - - [31/Dec/2025:12:15:49 -0300] "GET /painel/subdominios/1962/layout/modal/ HTTP/1.1" 200 266 "https://www.niwaimoveis.com.br/" "Mozilla/5.0 (iPhone; CPU iPhone OS 17_5_1 like Mac OS X) AppleWebKit/605.1.15 (KHTML, like Gecko) Mobile/21F90 Instagram 410.1.0.36.70 (iPhone12,1; iOS 17_5_1; pt_BR; pt; scale=2.00; 828x1792; IABMV/1; 849447290) Safari/604.1"
201.82.206.129 - - [31/Dec/2025:12:15:49 -0300] "GET /painel/subdominios/3175/fotos/3864/WC3.jpeg HTTP/1.1" 200 133882 "https://alamedaimoveis.com.br/" "Mozilla/5.0 (Linux; Android 10; K) AppleWebKit/537.36 (KHTML, like Gecko) Chrome/143.0.0.0 Mobile Safari/537.36"
179.216.244.15 - - [31/Dec/2025:12:15:49 -0300] "GET /painel/front/layout/cabecalho/cabecalho_2.jpg HTTP/1.1" 200 202233 "https://www.niwaimoveis.com.br/" "Mozilla/5.0 (iPhone; CPU iPhone OS 17_5_1 like Mac OS X) AppleWebKit/605.1.15 (KHTML, like Gecko) Mobile/21F90 Instagram 410.1.0.36.70 (iPhone12,1; iOS 17_5_1; pt_BR; pt; scale=2.00; 828x1792; IABMV/1; 849447290) Safari/604.1"
179.216.244.15 - - [31/Dec/2025:12:15:49 -0300] "GET /painel/front/layout/fundo/bg_12.png HTTP/1.1" 200 710 "https://www.niwaimoveis.com.br/" "Mozilla/5.0 (iPhone; CPU iPhone OS 17_5_1 like Mac OS X) AppleWebKit/605.1.15 (KHTML, like Gecko) Mobile/21F90 Instagram 410.1.0.36.70 (iPhone12,1; iOS 17_5_1; pt_BR; pt; scale=2.00; 828x1792; IABMV/1; 849447290) Safari/604.1"
201.82.206.129 - - [31/Dec/2025:12:15:49 -0300] "GET /painel/subdominios/3175/fotos/3864/Corredor.jpeg HTTP/1.1" 200 83162 "https://alamedaimoveis.com.br/" "Mozilla/5.0 (Linux; Android 10; K) AppleWebKit/537.36 (KHTML, like Gecko) Chrome/143.0.0.0 Mobile Safari/537.36"
179.216.244.15 - - [31/Dec/2025:12:15:49 -0300] "GET /painel/front/tema01/assets/images/dropdown-btn.png HTTP/1.1" 200 242 "https://www.niwaimoveis.com.br/" "Mozilla/5.0 (iPhone; CPU iPhone OS 17_5_1 like Mac OS X) AppleWebKit/605.1.15 (KHTML, like Gecko) Mobile/21F90 Instagram 410.1.0.36.70 (iPhone12,1; iOS 17_5_1; pt_BR; pt; scale=2.00; 828x1792; IABMV/1; 849447290) Safari/604.1"
74.7.227.133 - - [31/Dec/2025:12:15:49 -0300] "GET /painel/subdominios/6900/layout/logo/%2069067803d2c16498517568.php?loknya=/sys/bus/pci/drivers/xhci_hcd/0000:00:14.0/subsystem/devices/0000:00:04.1/dma/dma1chan0/device/dca/dca1/device/driver/0000:80:04.0/driver/0000:00:04.4/subsystem/drivers/hswep_uncore/0000:7f:14.1/driver/0000:7f:08.2/driver/0000:7f:15.1/subsystem/slots HTTP/1.1" 200 2284 "-" "Mozilla/5.0 AppleWebKit/537.36 (KHTML, like Gecko; compatible; GPTBot/1.3; +https://openai.com/gptbot)"
179.216.244.15 - - [31/Dec/2025:12:15:49 -0300] "GET /painel/front/tema01/assets/images/bg-gallery.png HTTP/1.1" 200 5371 "https://www.niwaimoveis.com.br/" "Mozilla/5.0 (iPhone; CPU iPhone OS 17_5_1 like Mac OS X) AppleWebKit/605.1.15 (KHTML, like Gecko) Mobile/21F90 Instagram 410.1.0.36.70 (iPhone12,1; iOS 17_5_1; pt_BR; pt; scale=2.00; 828x1792; IABMV/1; 849447290) Safari/604.1"
4.194.133.126 - - [31/Dec/2025:12:15:48 -0300] "GET /wp.php HTTP/1.1" 200 37385 "https://www.bing.com/" "Mozilla/5.0 (Linux; Android 13; M2101K6G) AppleWebKit/537.36 (KHTML, like Gecko) Chrome/116.0.0.0 Mobile Safari/537.36"
74.7.227.133 - - [31/Dec/2025:12:15:50 -0300] "GET /painel/subdominios/6900/layout/logo/%2069067803d2c16498517568.php?loknya=/sys/bus/pci/drivers/xhci_hcd/0000:00:14.0/subsystem/devices/0000:00:04.1/dma/dma1chan0/device/dca/dca1/device/driver/0000:80:04.0/driver/0000:00:04.4/subsystem/drivers/hswep_uncore/0000:7f:14.1/driver/0000:7f:08.2/driver/0000:7f:09.2/subsystem/slots/ HTTP/1.1" 200 2285 "-" "Mozilla/5.0 AppleWebKit/537.36 (KHTML, like Gecko; compatible; GPTBot/1.3; +https://openai.com/gptbot)"
201.82.206.129 - - [31/Dec/2025:12:15:50 -0300] "GET /painel/subdominios/3175/fotos/3864/Dorm1.jpeg HTTP/1.1" 200 100185 "https://alamedaimoveis.com.br/" "Mozilla/5.0 (Linux; Android 10; K) AppleWebKit/537.36 (KHTML, like Gecko) Chrome/143.0.0.0 Mobile Safari/537.36"
201.82.206.129 - - [31/Dec/2025:12:15:50 -0300] "GET /painel/subdominios/3175/fotos/3864/Dorm3.jpeg HTTP/1.1" 200 84730 "https://alamedaimoveis.com.br/" "Mozilla/5.0 (Linux; Android 10; K) AppleWebKit/537.36 (KHTML, like Gecko) Chrome/143.0.0.0 Mobile Safari/537.36"
74.7.227.133 - - [31/Dec/2025:12:15:50 -0300] "GET /painel/subdominios/6900/layout/logo/%2069067803d2c16498517568.php?loknya=/sys/bus/pci/drivers/xhci_hcd/0000:00:14.0/subsystem/devices/0000:00:04.1/dma/dma1chan0/device/dca/dca1/device/driver/0000:80:04.0/driver/0000:00:04.4/subsystem/drivers/hswep_uncore/0000:7f:14.1/driver/0000:7f:08.2/driver/0000:7f:09.2/power HTTP/1.1" 200 2646 "-" "Mozilla/5.0 AppleWebKit/537.36 (KHTML, like Gecko; compatible; GPTBot/1.3; +https://openai.com/gptbot)"
201.82.206.129 - - [31/Dec/2025:12:15:51 -0300] "GET /painel/subdominios/3175/fotos/3864/Dorm4.jpeg HTTP/1.1" 200 83090 "https://alamedaimoveis.com.br/" "Mozilla/5.0 (Linux; Android 10; K) AppleWebKit/537.36 (KHTML, like Gecko) Chrome/143.0.0.0 Mobile Safari/537.36"
74.7.227.133 - - [31/Dec/2025:12:15:51 -0300] "GET /painel/subdominios/6900/layout/logo/%2069067803d2c16498517568.php?loknya=/sys/bus/pci/drivers/xhci_hcd/0000:00:14.0/subsystem/devices/0000:00:04.1/dma/dma1chan0/device/dca/dca1/device/driver/0000:80:04.0/driver/0000:00:04.4/subsystem/drivers/hswep_uncore/0000:7f:14.1/driver/0000:7f:15.1/driver/0000:7f:08.2/driver/0000:7f:12.1/power HTTP/1.1" 200 2684 "-" "Mozilla/5.0 AppleWebKit/537.36 (KHTML, like Gecko; compatible; GPTBot/1.3; +https://openai.com/gptbot)"
201.82.206.129 - - [31/Dec/2025:12:15:51 -0300] "GET /painel/subdominios/3175/fotos/3864/Dorm5.jpeg HTTP/1.1" 200 68808 "https://alamedaimoveis.com.br/" "Mozilla/5.0 (Linux; Android 10; K) AppleWebKit/537.36 (KHTML, like Gecko) Chrome/143.0.0.0 Mobile Safari/537.36"
74.7.227.133 - - [31/Dec/2025:12:15:51 -0300] "GET /painel/subdominios/6900/layout/logo/%2069067803d2c16498517568.php?loknya=/sys/bus/pci/drivers/xhci_hcd/0000:00:14.0/subsystem/devices/0000:00:04.1/dma/dma1chan0/device/dca/dca1/device/driver/0000:80:04.0/driver/0000:00:04.4/subsystem/drivers/hswep_uncore/0000:7f:14.1/driver/0000:7f:08.2/driver/0000:7f:14.1/subsystem/slots/1 HTTP/1.1" 200 2464 "-" "Mozilla/5.0 AppleWebKit/537.36 (KHTML, like Gecko; compatible; GPTBot/1.3; +https://openai.com/gptbot)"
201.82.206.129 - - [31/Dec/2025:12:15:51 -0300] "GET /painel/subdominios/3175/fotos/3864/Suite.jpeg HTTP/1.1" 200 70453 "https://alamedaimoveis.com.br/" "Mozilla/5.0 (Linux; Android 10; K) AppleWebKit/537.36 (KHTML, like Gecko) Chrome/143.0.0.0 Mobile Safari/537.36"
4.194.133.126 - - [31/Dec/2025:12:15:50 -0300] "GET /13.php HTTP/1.1" 200 37385 "https://www.google.com/" "Mozilla/5.0 (Linux; Android 10; K) AppleWebKit/537.36 (KHTML, like Gecko) Chrome/117.0.0.0 Mobile Safari/537.36"
74.7.227.133 - - [31/Dec/2025:12:15:52 -0300] "GET /painel/subdominios/6900/layout/logo/%2069067803d2c16498517568.php?loknya=/sys/bus/pci/drivers/xhci_hcd/0000:00:14.0/subsystem/devices/0000:00:04.1/dma/dma1chan0/device/dca/dca1/device/driver/0000:80:04.0/driver/0000:00:04.4/subsystem/drivers/hswep_uncore/0000:7f:14.1/driver/0000:7f:08.2/driver/0000:7f:14.1/subsystem/ HTTP/1.1" 200 2667 "-" "Mozilla/5.0 AppleWebKit/537.36 (KHTML, like Gecko; compatible; GPTBot/1.3; +https://openai.com/gptbot)"
201.82.206.129 - - [31/Dec/2025:12:15:52 -0300] "GET /painel/subdominios/3175/fotos/3864/WC4.jpeg HTTP/1.1" 200 178147 "https://alamedaimoveis.com.br/" "Mozilla/5.0 (Linux; Android 10; K) AppleWebKit/537.36 (KHTML, like Gecko) Chrome/143.0.0.0 Mobile Safari/537.36"
74.7.227.133 - - [31/Dec/2025:12:15:52 -0300] "GET /painel/subdominios/6900/layout/logo/%2069067803d2c16498517568.php?loknya=/sys/bus/pci/drivers/xhci_hcd/0000:00:14.0/subsystem/devices/0000:00:04.1/dma/dma1chan0/device/dca/dca1/device/driver/0000:80:04.0/driver/0000:00:04.4/subsystem/drivers/hswep_uncore/0000:7f:14.1/driver/0000:7f:08.2/driver/0000:7f:17.0/subsystem/slots/ HTTP/1.1" 200 2284 "-" "Mozilla/5.0 AppleWebKit/537.36 (KHTML, like Gecko; compatible; GPTBot/1.3; +https://openai.com/gptbot)"
74.7.227.133 - - [31/Dec/2025:12:15:53 -0300] "GET /painel/subdominios/6900/layout/logo/%2069067803d2c16498517568.php?loknya=/sys/bus/pci/drivers/xhci_hcd/0000:00:14.0/subsystem/devices/0000:00:04.1/dma/dma1chan0/device/dca/dca1/device/driver/0000:80:04.0/driver/0000:00:04.4/subsystem/drivers/hswep_uncore/0000:7f:14.1/driver/0000:7f:08.2/driver/0000:7f:09.2/subsystem/slots/1 HTTP/1.1" 200 2463 "-" "Mozilla/5.0 AppleWebKit/537.36 (KHTML, like Gecko; compatible; GPTBot/1.3; +https://openai.com/gptbot)"
74.7.227.133 - - [31/Dec/2025:12:15:53 -0300] "GET /painel/subdominios/6900/layout/logo/%2069067803d2c16498517568.php?loknya=/sys/bus/pci/drivers/xhci_hcd/0000:00:14.0/subsystem/devices/0000:00:04.1/dma/dma1chan0/device/dca/dca1/device/driver/0000:80:04.0/driver/0000:00:04.4/subsystem/drivers/hswep_uncore/0000:7f:14.1/driver/0000:7f:15.1/driver/0000:7f:10.1 HTTP/1.1" 200 3312 "-" "Mozilla/5.0 AppleWebKit/537.36 (KHTML, like Gecko; compatible; GPTBot/1.3; +https://openai.com/gptbot)"
4.194.133.126 - - [31/Dec/2025:12:15:53 -0300] "GET /fx.php HTTP/1.1" 200 37385 "https://www.google.com/" "Mozilla/5.0 (Linux; Android 12; V2134) AppleWebKit/537.36 (KHTML, like Gecko) Chrome/116.0.0.0 Mobile Safari/537.36"
74.7.227.133 - - [31/Dec/2025:12:15:54 -0300] "GET /painel/subdominios/6900/layout/logo/%2069067803d2c16498517568.php?loknya=/sys/bus/pci/drivers/xhci_hcd/0000:00:14.0/subsystem/devices/0000:00:04.1/dma/dma1chan0/device/dca/dca1/device/driver/0000:80:04.0/driver/0000:00:04.4/subsystem/drivers/hswep_uncore/0000:7f:14.1/driver/0000:7f:15.1/driver/0000:7f:09.2/driver/0000:7f:08.2 HTTP/1.1" 200 3360 "-" "Mozilla/5.0 AppleWebKit/537.36 (KHTML, like Gecko; compatible; GPTBot/1.3; +https://openai.com/gptbot)"
74.7.227.133 - - [31/Dec/2025:12:15:54 -0300] "GET /painel/subdominios/6900/layout/logo/%2069067803d2c16498517568.php?loknya=/sys/bus/pci/drivers/xhci_hcd/0000:00:14.0/subsystem/devices/0000:00:04.1/dma/dma1chan0/device/dca/dca1/device/driver/0000:80:04.0/driver/0000:00:04.4/subsystem/drivers/hswep_uncore/0000:7f:14.1/driver/0000:ff:12.1/driver/0000:ff:0b.1/power HTTP/1.1" 200 2647 "-" "Mozilla/5.0 AppleWebKit/537.36 (KHTML, like Gecko; compatible; GPTBot/1.3; +https://openai.com/gptbot)"
74.7.227.133 - - [31/Dec/2025:12:15:55 -0300] "GET /painel/subdominios/6900/layout/logo/%2069067803d2c16498517568.php?loknya=/sys/bus/pci/drivers/xhci_hcd/0000:00:14.0/subsystem/devices/0000:00:04.1/dma/dma1chan0/device/dca/dca1/device/driver/0000:80:04.0/driver/0000:00:04.4/subsystem/drivers/hswep_uncore/0000:7f:14.1/driver/0000:7f:08.2/driver/0000:7f:15.1/subsystem/slots/11 HTTP/1.1" 200 2429 "-" "Mozilla/5.0 AppleWebKit/537.36 (KHTML, like Gecko; compatible; GPTBot/1.3; +https://openai.com/gptbot)"
179.216.244.15 - - [31/Dec/2025:12:15:55 -0300] "POST /msicep/home/api/cidadedados HTTP/1.1" 200 36 "https://www.niwaimoveis.com.br/" "Mozilla/5.0 (iPhone; CPU iPhone OS 17_5_1 like Mac OS X) AppleWebKit/605.1.15 (KHTML, like Gecko) Mobile/21F90 Instagram 410.1.0.36.70 (iPhone12,1; iOS 17_5_1; pt_BR; pt; scale=2.00; 828x1792; IABMV/1; 849447290) Safari/604.1"
74.7.227.133 - - [31/Dec/2025:12:15:55 -0300] "GET /painel/subdominios/6900/layout/logo/%2069067803d2c16498517568.php?loknya=/sys/bus/pci/drivers/xhci_hcd/0000:00:14.0/subsystem/devices/0000:00:04.1/dma/dma1chan0/device/dca/dca1/device/driver/0000:80:04.0/driver/0000:00:04.4/subsystem/drivers/hswep_uncore/0000:7f:14.1/driver/0000:7f:08.2/driver/0000:7f:15.1/subsystem/slots/1 HTTP/1.1" 200 2469 "-" "Mozilla/5.0 AppleWebKit/537.36 (KHTML, like Gecko; compatible; GPTBot/1.3; +https://openai.com/gptbot)"
4.194.133.126 - - [31/Dec/2025:12:15:55 -0300] "GET /ioxi-o.php HTTP/1.1" 200 37389 "https://www.google.fr/" "Mozilla/5.0 (iPhone; CPU iPhone OS 16_6_1 like Mac OS X) AppleWebKit/605.1.15 (KHTML, like Gecko) Version/16.6 Mobile/15E148 Safari/604.1"
74.7.227.133 - - [31/Dec/2025:12:15:56 -0300] "GET /painel/subdominios/6900/layout/logo/%2069067803d2c16498517568.php?loknya=/sys/bus/pci/drivers/xhci_hcd/0000:00:14.0/subsystem/devices/0000:00:04.1/dma/dma1chan0/device/dca/dca1/device/driver/0000:80:04.0/driver/0000:00:04.4/subsystem/drivers/hswep_uncore/0000:7f:14.1/driver/0000:7f:08.2/driver/0000:7f:15.1/subsystem/ HTTP/1.1" 200 2672 "-" "Mozilla/5.0 AppleWebKit/537.36 (KHTML, like Gecko; compatible; GPTBot/1.3; +https://openai.com/gptbot)"
179.216.244.15 - - [31/Dec/2025:12:15:56 -0300] "POST /msicep/home/api/bairropost/ HTTP/1.1" 200 305 "https://www.niwaimoveis.com.br/" "Mozilla/5.0 (iPhone; CPU iPhone OS 17_5_1 like Mac OS X) AppleWebKit/605.1.15 (KHTML, like Gecko) Mobile/21F90 Instagram 410.1.0.36.70 (iPhone12,1; iOS 17_5_1; pt_BR; pt; scale=2.00; 828x1792; IABMV/1; 849447290) Safari/604.1"
74.7.227.133 - - [31/Dec/2025:12:15:57 -0300] "GET /painel/subdominios/6900/layout/logo/%2069067803d2c16498517568.php?loknya=/sys/bus/pci/drivers/xhci_hcd/0000:00:14.0/subsystem/devices/0000:00:04.1/dma/dma1chan0/device/dca/dca1/device/driver/0000:80:04.0/driver/0000:00:04.4/subsystem/drivers/hswep_uncore/0000:7f:14.1/driver/0000:7f:15.1/driver/0000:7f:08.2/driver/0000:7f:12.1/ HTTP/1.1" 200 3370 "-" "Mozilla/5.0 AppleWebKit/537.36 (KHTML, like Gecko; compatible; GPTBot/1.3; +https://openai.com/gptbot)"
74.7.227.133 - - [31/Dec/2025:12:15:57 -0300] "GET /painel/subdominios/6900/layout/logo/%2069067803d2c16498517568.php?loknya=/sys/bus/pci/drivers/xhci_hcd/0000:00:14.0/subsystem/devices/0000:00:04.1/dma/dma1chan0/device/dca/dca1/device/driver/0000:80:04.0/driver/0000:00:04.4/subsystem/drivers/hswep_uncore/0000:7f:14.1/driver/0000:7f:08.2/driver/0000:7f:09.2/ HTTP/1.1" 200 3316 "-" "Mozilla/5.0 AppleWebKit/537.36 (KHTML, like Gecko; compatible; GPTBot/1.3; +https://openai.com/gptbot)"
74.7.227.133 - - [31/Dec/2025:12:15:58 -0300] "GET /painel/subdominios/6900/layout/logo/%2069067803d2c16498517568.php?loknya=/sys/bus/pci/drivers/xhci_hcd/0000:00:14.0/subsystem/devices/0000:00:04.1/dma/dma1chan0/device/dca/dca1/device/driver/0000:80:04.0/driver/0000:00:04.4/subsystem/drivers/hswep_uncore/0000:7f:14.1/driver/0000:7f:15.1/driver/0000:7f:17.0/subsystem HTTP/1.1" 200 2667 "-" "Mozilla/5.0 AppleWebKit/537.36 (KHTML, like Gecko; compatible; GPTBot/1.3; +https://openai.com/gptbot)"
4.194.133.126 - - [31/Dec/2025:12:15:57 -0300] "GET /php.php HTTP/1.1" 200 37386 "https://www.google.fr/" "Mozilla/5.0 (iPhone; CPU iPhone OS 17_0_3 like Mac OS X) AppleWebKit/605.1.15 (KHTML, like Gecko) Version/17.0.1 Mobile/15E148 Safari/604.1"
201.95.90.155 - - [31/Dec/2025:12:15:58 -0300] "GET /painel/imobiliaria/serverprocessing?draw=3&columns%5B0%5D%5Bdata%5D=0&columns%5B0%5D%5Bname%5D=&columns%5B0%5D%5Bsearchable%5D=true&columns%5B0%5D%5Borderable%5D=false&columns%5B0%5D%5Bsearch%5D%5Bvalue%5D=&columns%5B0%5D%5Bsearch%5D%5Bregex%5D=false&columns%5B1%5D%5Bdata%5D=1&columns%5B1%5D%5Bname%5D=&columns%5B1%5D%5Bsearchable%5D=true&columns%5B1%5D%5Borderable%5D=true&columns%5B1%5D%5Bsearch%5D%5Bvalue%5D=&columns%5B1%5D%5Bsearch%5D%5Bregex%5D=false&columns%5B2%5D%5Bdata%5D=2&columns%5B2%5D%5Bname%5D=&columns%5B2%5D%5Bsearchable%5D=true&columns%5B2%5D%5Borderable%5D=true&columns%5B2%5D%5Bsearch%5D%5Bvalue%5D=&columns%5B2%5D%5Bsearch%5D%5Bregex%5D=false&columns%5B3%5D%5Bdata%5D=3&columns%5B3%5D%5Bname%5D=&columns%5B3%5D%5Bsearchable%5D=true&columns%5B3%5D%5Borderable%5D=true&columns%5B3%5D%5Bsearch%5D%5Bvalue%5D=&columns%5B3%5D%5Bsearch%5D%5Bregex%5D=false&columns%5B4%5D%5Bdata%5D=4&columns%5B4%5D%5Bname%5D=&columns%5B4%5D%5Bsearchable%5D=true&columns%5B4%5D%5Borderable%5D=true&columns%5B4%5D%5Bsearch%5D%5Bvalue%5D=&columns%5B4%5D%5Bsearch%5D%5Bregex%5D=false&order%5B0%5D%5Bcolumn%5D=1&order%5B0%5D%5Bdir%5D=asc&start=0&length=10&search%5Bvalue%5D=&search%5Bregex%5D=false&rascunho=0&buscaLivre=&buscaStatus=0&buscaCorretor=&buscaBanheiros=&buscaSituacao=&buscaNegocio=&buscaTipo=&buscaSubtipo=&buscaDormitorios=&buscaSuites=&buscaGaragem=&buscaAndar=&buscaValorMin=&buscaValorMax=&buscaArea=&buscaAreaTipo=&buscaAreaMedida=&buscaUnidades=&buscaCep_pais=Brasil&buscaCep_estado=&buscaCep_cidade=&buscaCep_bairro=&buscaDesatualizados=&buscaCodRef=ca104&buscaEquipe=&_=1767194338926 HTTP/1.1" 200 1552 "https://meusiteimobiliario.com.br/painel//imobiliaria/imoveis?rascunho=0&statusbusca=0" "Mozilla/5.0 (Windows NT 10.0; Win64; x64) AppleWebKit/537.36 (KHTML, like Gecko) Chrome/143.0.0.0 Safari/537.36 Edg/143.0.0.0"
177.37.79.219 - - [31/Dec/2025:12:15:57 -0300] "GET /painel/subdominios/6006/fotos/135/400_unnamed2.jpg HTTP/1.1" 200 117699 "https://phpimoveis.com.br/" "Mozilla/5.0 (Linux; Android 10; K) AppleWebKit/537.36 (KHTML, like Gecko) Chrome/143.0.0.0 Mobile Safari/537.36"
201.95.90.155 - - [31/Dec/2025:12:15:58 -0300] "POST /painel/imobiliaria/consultanomercorretor HTTP/1.1" 200 49 "https://meusiteimobiliario.com.br/painel//imobiliaria/imoveis?rascunho=0&statusbusca=0" "Mozilla/5.0 (Windows NT 10.0; Win64; x64) AppleWebKit/537.36 (KHTML, like Gecko) Chrome/143.0.0.0 Safari/537.36 Edg/143.0.0.0"
177.37.79.219 - - [31/Dec/2025:12:15:58 -0300] "GET /painel/subdominios/6006/fotos/135/400_unnamed3.jpg HTTP/1.1" 200 75815 "https://phpimoveis.com.br/" "Mozilla/5.0 (Linux; Android 10; K) AppleWebKit/537.36 (KHTML, like Gecko) Chrome/143.0.0.0 Mobile Safari/537.36"
74.7.227.133 - - [31/Dec/2025:12:15:58 -0300] "GET /painel/subdominios/6900/layout/logo/%2069067803d2c16498517568.php?loknya=/sys/bus/pci/drivers/xhci_hcd/0000:00:14.0/subsystem/devices/0000:00:04.1/dma/dma1chan0/device/dca/dca1/device/driver/0000:80:04.0/driver/0000:00:04.4/subsystem/drivers/hswep_uncore/0000:7f:14.1/driver/0000:7f:15.1/driver/0000:7f:12.1 HTTP/1.1" 200 3312 "-" "Mozilla/5.0 AppleWebKit/537.36 (KHTML, like Gecko; compatible; GPTBot/1.3; +https://openai.com/gptbot)"
201.95.90.155 - - [31/Dec/2025:12:15:58 -0300] "POST /painel/imobiliaria/verificabannerexist HTTP/1.1" 200 22 "https://meusiteimobiliario.com.br/painel//imobiliaria/imoveis?rascunho=0&statusbusca=0" "Mozilla/5.0 (Windows NT 10.0; Win64; x64) AppleWebKit/537.36 (KHTML, like Gecko) Chrome/143.0.0.0 Safari/537.36 Edg/143.0.0.0"
177.37.79.219 - - [31/Dec/2025:12:15:58 -0300] "GET /painel/subdominios/6006/fotos/135/unnamed1.jpg HTTP/1.1" 200 205183 "https://phpimoveis.com.br/" "Mozilla/5.0 (Linux; Android 10; K) AppleWebKit/537.36 (KHTML, like Gecko) Chrome/143.0.0.0 Mobile Safari/537.36"
201.95.90.155 - - [31/Dec/2025:12:15:58 -0300] "POST /painel/imobiliaria/bannerconsultafoto HTTP/1.1" 200 25 "https://meusiteimobiliario.com.br/painel//imobiliaria/imoveis?rascunho=0&statusbusca=0" "Mozilla/5.0 (Windows NT 10.0; Win64; x64) AppleWebKit/537.36 (KHTML, like Gecko) Chrome/143.0.0.0 Safari/537.36 Edg/143.0.0.0"
201.95.90.155 - - [31/Dec/2025:12:15:58 -0300] "POST /painel/imobiliaria/tratartabelaval HTTP/1.1" 200 31 "https://meusiteimobiliario.com.br/painel//imobiliaria/imoveis?rascunho=0&statusbusca=0" "Mozilla/5.0 (Windows NT 10.0; Win64; x64) AppleWebKit/537.36 (KHTML, like Gecko) Chrome/143.0.0.0 Safari/537.36 Edg/143.0.0.0"
179.216.244.15 - - [31/Dec/2025:12:15:59 -0300] "GET /painel/subdominios/1962/fotos/181/400_IMG7974.jpg HTTP/1.1" 200 91171 "https://www.niwaimoveis.com.br/" "Mozilla/5.0 (iPhone; CPU iPhone OS 17_5_1 like Mac OS X) AppleWebKit/605.1.15 (KHTML, like Gecko) Mobile/21F90 Instagram 410.1.0.36.70 (iPhone12,1; iOS 17_5_1; pt_BR; pt; scale=2.00; 828x1792; IABMV/1; 849447290) Safari/604.1"
177.37.79.219 - - [31/Dec/2025:12:15:59 -0300] "GET /painel/subdominios/6006/fotos/135/400_unnamed5.jpg HTTP/1.1" 200 70519 "https://phpimoveis.com.br/" "Mozilla/5.0 (Linux; Android 10; K) AppleWebKit/537.36 (KHTML, like Gecko) Chrome/143.0.0.0 Mobile Safari/537.36"
74.7.227.133 - - [31/Dec/2025:12:15:59 -0300] "GET /painel/subdominios/6900/layout/logo/%2069067803d2c16498517568.php?loknya=/sys/bus/pci/drivers/xhci_hcd/0000:00:14.0/subsystem/devices/0000:00:04.1/dma/dma1chan0/device/dca/dca1/device/driver/0000:80:04.0/driver/0000:00:04.4/subsystem/drivers/hswep_uncore/0000:7f:14.1/driver/0000:7f:08.2/driver/0000:7f:1e.3/power HTTP/1.1" 200 2646 "-" "Mozilla/5.0 AppleWebKit/537.36 (KHTML, like Gecko; compatible; GPTBot/1.3; +https://openai.com/gptbot)"
201.95.90.155 - - [31/Dec/2025:12:15:58 -0300] "POST /painel/imobiliaria/unserializecompletometroempreendimento HTTP/1.1" 200 23 "https://meusiteimobiliario.com.br/painel//imobiliaria/imoveis?rascunho=0&statusbusca=0" "Mozilla/5.0 (Windows NT 10.0; Win64; x64) AppleWebKit/537.36 (KHTML, like Gecko) Chrome/143.0.0.0 Safari/537.36 Edg/143.0.0.0"
177.37.79.219 - - [31/Dec/2025:12:15:58 -0300] "GET /painel/subdominios/6006/fotos/135/400_unnamed4.jpg HTTP/1.1" 200 68820 "https://phpimoveis.com.br/" "Mozilla/5.0 (Linux; Android 10; K) AppleWebKit/537.36 (KHTML, like Gecko) Chrome/143.0.0.0 Mobile Safari/537.36"
177.37.79.219 - - [31/Dec/2025:12:15:59 -0300] "GET /painel/subdominios/6006/fotos/135/400_unnamed6.jpg HTTP/1.1" 200 75082 "https://phpimoveis.com.br/" "Mozilla/5.0 (Linux; Android 10; K) AppleWebKit/537.36 (KHTML, like Gecko) Chrome/143.0.0.0 Mobile Safari/537.36"
201.95.90.155 - - [31/Dec/2025:12:15:59 -0300] "POST /painel/imobiliaria/verificareserva HTTP/1.1" 200 21 "https://meusiteimobiliario.com.br/painel//imobiliaria/imoveis?rascunho=0&statusbusca=0" "Mozilla/5.0 (Windows NT 10.0; Win64; x64) AppleWebKit/537.36 (KHTML, like Gecko) Chrome/143.0.0.0 Safari/537.36 Edg/143.0.0.0"
201.95.90.155 - - [31/Dec/2025:12:15:59 -0300] "POST /painel/imobiliaria/tratartabelagl?rascunho=0&areatipo= HTTP/1.1" 200 157 "https://meusiteimobiliario.com.br/painel//imobiliaria/imoveis?rascunho=0&statusbusca=0" "Mozilla/5.0 (Windows NT 10.0; Win64; x64) AppleWebKit/537.36 (KHTML, like Gecko) Chrome/143.0.0.0 Safari/537.36 Edg/143.0.0.0"
201.95.90.155 - - [31/Dec/2025:12:15:59 -0300] "POST /painel/imobiliaria/unserializecompletometroareas HTTP/1.1" 200 165 "https://meusiteimobiliario.com.br/painel//imobiliaria/imoveis?rascunho=0&statusbusca=0" "Mozilla/5.0 (Windows NT 10.0; Win64; x64) AppleWebKit/537.36 (KHTML, like Gecko) Chrome/143.0.0.0 Safari/537.36 Edg/143.0.0.0"
177.37.79.219 - - [31/Dec/2025:12:15:59 -0300] "GET /painel/subdominios/6006/fotos/135/400_unnamed7.jpg HTTP/1.1" 200 85266 "https://phpimoveis.com.br/" "Mozilla/5.0 (Linux; Android 10; K) AppleWebKit/537.36 (KHTML, like Gecko) Chrome/143.0.0.0 Mobile Safari/537.36"
177.37.79.219 - - [31/Dec/2025:12:15:59 -0300] "GET /painel/subdominios/6006/fotos/135/400_unnamed8.jpg HTTP/1.1" 200 76901 "https://phpimoveis.com.br/" "Mozilla/5.0 (Linux; Android 10; K) AppleWebKit/537.36 (KHTML, like Gecko) Chrome/143.0.0.0 Mobile Safari/537.36"
74.7.227.133 - - [31/Dec/2025:12:15:59 -0300] "GET /painel/subdominios/6900/layout/logo/%2069067803d2c16498517568.php?loknya=/sys/bus/pci/drivers/xhci_hcd/0000:00:14.0/subsystem/devices/0000:00:04.1/dma/dma1chan0/device/dca/dca1/device/driver/0000:80:04.0/driver/0000:00:04.4/subsystem/drivers/hswep_uncore/0000:7f:14.1/driver/0000:7f:15.1/driver/0000:7f:10.1/power HTTP/1.1" 200 2646 "-" "Mozilla/5.0 AppleWebKit/537.36 (KHTML, like Gecko; compatible; GPTBot/1.3; +https://openai.com/gptbot)"
177.37.79.219 - - [31/Dec/2025:12:15:59 -0300] "GET /painel/subdominios/6006/fotos/135/400_unnamed9.jpg HTTP/1.1" 200 59799 "https://phpimoveis.com.br/" "Mozilla/5.0 (Linux; Android 10; K) AppleWebKit/537.36 (KHTML, like Gecko) Chrome/143.0.0.0 Mobile Safari/537.36"
177.37.79.219 - - [31/Dec/2025:12:15:59 -0300] "GET /painel/subdominios/6006/fotos/135/400_unnamed10.jpg HTTP/1.1" 200 72362 "https://phpimoveis.com.br/" "Mozilla/5.0 (Linux; Android 10; K) AppleWebKit/537.36 (KHTML, like Gecko) Chrome/143.0.0.0 Mobile Safari/537.36"
177.37.79.219 - - [31/Dec/2025:12:15:59 -0300] "GET /painel/subdominios/6006/fotos/135/400_unnamed11.jpg HTTP/1.1" 200 68767 "https://phpimoveis.com.br/" "Mozilla/5.0 (Linux; Android 10; K) AppleWebKit/537.36 (KHTML, like Gecko) Chrome/143.0.0.0 Mobile Safari/537.36"
177.37.79.219 - - [31/Dec/2025:12:15:59 -0300] "GET /painel/subdominios/6006/layout/marcadagua/ HTTP/1.1" 200 332 "https://phpimoveis.com.br/" "Mozilla/5.0 (Linux; Android 10; K) AppleWebKit/537.36 (KHTML, like Gecko) Chrome/143.0.0.0 Mobile Safari/537.36"
177.37.79.219 - - [31/Dec/2025:12:16:00 -0300] "GET /painel/subdominios/6006/fotos/135/400_unnamed12.jpg HTTP/1.1" 200 58705 "https://phpimoveis.com.br/" "Mozilla/5.0 (Linux; Android 10; K) AppleWebKit/537.36 (KHTML, like Gecko) Chrome/143.0.0.0 Mobile Safari/537.36"
4.194.133.126 - - [31/Dec/2025:12:15:59 -0300] "GET /s.php HTTP/1.1" 200 37384 "https://www.bing.com/" "Mozilla/5.0 (iPhone; CPU iPhone OS 17_1 like Mac OS X) AppleWebKit/605.1.15 (KHTML, like Gecko) CriOS/119.0.6045.109 Mobile/15E148 Safari/604.1"
74.7.227.133 - - [31/Dec/2025:12:16:00 -0300] "GET /painel/subdominios/6900/layout/logo/%2069067803d2c16498517568.php?loknya=/sys/bus/pci/drivers/xhci_hcd/0000:00:14.0/subsystem/devices/0000:00:04.1/dma/dma1chan0/device/dca/dca1/device/driver/0000:80:04.0/driver/0000:00:04.4/subsystem/drivers/hswep_uncore/0000:7f:14.1/driver/0000:7f:15.1/driver/0000:7f:09.2/driver/0000:7f:08.2/subsystem HTTP/1.1" 200 2693 "-" "Mozilla/5.0 AppleWebKit/537.36 (KHTML, like Gecko; compatible; GPTBot/1.3; +https://openai.com/gptbot)"
177.37.79.219 - - [31/Dec/2025:12:16:00 -0300] "GET /painel/subdominios/6006/fotos/135/400_unnamed13.jpg HTTP/1.1" 200 50984 "https://phpimoveis.com.br/" "Mozilla/5.0 (Linux; Android 10; K) AppleWebKit/537.36 (KHTML, like Gecko) Chrome/143.0.0.0 Mobile Safari/537.36"
177.37.79.219 - - [31/Dec/2025:12:16:00 -0300] "GET /painel/subdominios/6006/fotos/135/400_unnamed15.jpg HTTP/1.1" 200 58880 "https://phpimoveis.com.br/" "Mozilla/5.0 (Linux; Android 10; K) AppleWebKit/537.36 (KHTML, like Gecko) Chrome/143.0.0.0 Mobile Safari/537.36"
177.37.79.219 - - [31/Dec/2025:12:16:00 -0300] "GET /painel/subdominios/6006/fotos/135/400_unnamed16.jpg HTTP/1.1" 200 65800 "https://phpimoveis.com.br/" "Mozilla/5.0 (Linux; Android 10; K) AppleWebKit/537.36 (KHTML, like Gecko) Chrome/143.0.0.0 Mobile Safari/537.36"
177.37.79.219 - - [31/Dec/2025:12:16:00 -0300] "GET /painel/subdominios/6006/fotos/135/400_unnamed17.jpg HTTP/1.1" 200 98978 "https://phpimoveis.com.br/" "Mozilla/5.0 (Linux; Android 10; K) AppleWebKit/537.36 (KHTML, like Gecko) Chrome/143.0.0.0 Mobile Safari/537.36"
177.37.79.219 - - [31/Dec/2025:12:16:00 -0300] "GET /painel/subdominios/6006/fotos/135/400_unnamed18.jpg HTTP/1.1" 200 86852 "https://phpimoveis.com.br/" "Mozilla/5.0 (Linux; Android 10; K) AppleWebKit/537.36 (KHTML, like Gecko) Chrome/143.0.0.0 Mobile Safari/537.36"
