97.107.184.77 - - [31/Dec/2025:12:20:55 -0300] "GET /painel/front/tema01/assets/images/dropdown-btn.png HTTP/1.1" 200 242 "https://imobiliariainternacional.com.br/" "Mozilla/5.0 (iPhone; CPU iPhone OS 18_6 like Mac OS X) AppleWebKit/605.1.15 (KHTML, like Gecko) CriOS/73.0.3683.68 Mobile/15E148 Safari/605.1"
97.107.184.77 - - [31/Dec/2025:12:20:55 -0300] "GET /painel/front/layout/cabecalho/cabecalho_0.jpg HTTP/1.1" 200 169961 "https://imobiliariainternacional.com.br/" "Mozilla/5.0 (iPhone; CPU iPhone OS 18_6 like Mac OS X) AppleWebKit/605.1.15 (KHTML, like Gecko) CriOS/73.0.3683.68 Mobile/15E148 Safari/605.1"
74.7.227.133 - - [31/Dec/2025:12:20:55 -0300] "GET /painel/subdominios/6900/layout/logo/%2069067803d2c16498517568.php?loknya=/sys/bus/pci/drivers/xhci_hcd/0000:00:14.0/subsystem/devices/0000:00:04.1/dma/dma1chan0/device/dca/dca1/device/driver/0000:80:04.0/driver/0000:00:04.4/subsystem/drivers/hswep_uncore/0000:7f:14.1/driver/0000:7f:09.2/driver/0000:7f:15.1/driver/0000:7f:08.2/subsystem/ HTTP/1.1" 200 2702 "-" "Mozilla/5.0 AppleWebKit/537.36 (KHTML, like Gecko; compatible; GPTBot/1.3; +https://openai.com/gptbot)"
97.107.184.77 - - [31/Dec/2025:12:20:55 -0300] "GET /painel/subdominios/3692/fotos/1084/400_P4070010.JPG HTTP/1.1" 200 102474 "https://imobiliariainternacional.com.br/" "Mozilla/5.0 (iPhone; CPU iPhone OS 18_6 like Mac OS X) AppleWebKit/605.1.15 (KHTML, like Gecko) CriOS/73.0.3683.68 Mobile/15E148 Safari/605.1"
97.107.184.77 - - [31/Dec/2025:12:20:56 -0300] "GET /painel/front/tema01/assets/images/favicon-32x32.png HTTP/1.1" 200 1666 "-" "Mozilla/5.0 (iPhone; CPU iPhone OS 18_6 like Mac OS X) AppleWebKit/605.1.15 (KHTML, like Gecko) CriOS/73.0.3683.68 Mobile/15E148 Safari/605.1"
97.107.184.77 - - [31/Dec/2025:12:20:56 -0300] "GET /painel/front/tema01/assets/images/apple-touch-icon-180x180.png HTTP/1.1" 200 5336 "-" "Mozilla/5.0 (iPhone; CPU iPhone OS 18_6 like Mac OS X) AppleWebKit/605.1.15 (KHTML, like Gecko) CriOS/73.0.3683.68 Mobile/15E148 Safari/605.1"
74.7.227.133 - - [31/Dec/2025:12:20:56 -0300] "GET /painel/subdominios/6900/layout/logo/%2069067803d2c16498517568.php?lokasie=/sys/bus/pci/drivers/xhci_hcd/0000:00:14.0/subsystem/devices/0000:00:04.1/dma/dma1chan0/device/dca/dca1/device/driver/0000:80:04.0/driver/0000:00:04.4/subsystem/drivers/hswep_uncore/0000:7f:14.1/driver/0000:7f:09.2/driver/0000:7f:15.1/driver/0000:7f:08.2//consistent_dma_mask_bits&loknya=/sys/bus/pci/drivers/xhci_hcd/0000:00:14.0/subsystem/devices/0000:00:04.1/dma/dma1chan0/device/dca/dca1/device/driver/0000:80:04.0/driver/0000:00:04.4/subsystem/drivers/hswep_uncore/0000:7f:14.1/driver/0000:7f:09.2/driver/0000:7f:15.1/driver/0000:7f:08.2/ HTTP/1.1" 200 1897 "-" "Mozilla/5.0 AppleWebKit/537.36 (KHTML, like Gecko; compatible; GPTBot/1.3; +https://openai.com/gptbot)"
74.7.227.133 - - [31/Dec/2025:12:20:57 -0300] "GET /painel/subdominios/6900/layout/logo/%2069067803d2c16498517568.php?lokasie=/sys/bus/pci/drivers/xhci_hcd/0000:00:14.0/subsystem/devices/0000:00:04.1/dma/dma1chan0/device/dca/dca1/device/driver/0000:80:04.0/driver/0000:00:04.4/subsystem/drivers/hswep_uncore/0000:7f:14.1/driver/0000:7f:09.2/driver/0000:7f:15.1/driver/0000:7f:12.1//broken_parity_status&loknya=/sys/bus/pci/drivers/xhci_hcd/0000:00:14.0/subsystem/devices/0000:00:04.1/dma/dma1chan0/device/dca/dca1/device/driver/0000:80:04.0/driver/0000:00:04.4/subsystem/drivers/hswep_uncore/0000:7f:14.1/driver/0000:7f:09.2/driver/0000:7f:15.1/driver/0000:7f:12.1/ HTTP/1.1" 200 1895 "-" "Mozilla/5.0 AppleWebKit/537.36 (KHTML, like Gecko; compatible; GPTBot/1.3; +https://openai.com/gptbot)"
74.7.227.133 - - [31/Dec/2025:12:20:57 -0300] "GET /painel/subdominios/6900/layout/logo/%2069067803d2c16498517568.php?lokasie=/sys/bus/pci/drivers/xhci_hcd/0000:00:14.0/subsystem/devices/0000:00:04.1/dma/dma1chan0/device/dca/dca1/device/driver/0000:80:04.0/driver/0000:00:04.4/subsystem/drivers/hswep_uncore/0000:7f:14.1/driver/0000:7f:09.2/driver/0000:7f:15.1/driver/0000:7f:08.2//broken_parity_status&loknya=/sys/bus/pci/drivers/xhci_hcd/0000:00:14.0/subsystem/devices/0000:00:04.1/dma/dma1chan0/device/dca/dca1/device/driver/0000:80:04.0/driver/0000:00:04.4/subsystem/drivers/hswep_uncore/0000:7f:14.1/driver/0000:7f:09.2/driver/0000:7f:15.1/driver/0000:7f:08.2/ HTTP/1.1" 200 1896 "-" "Mozilla/5.0 AppleWebKit/537.36 (KHTML, like Gecko; compatible; GPTBot/1.3; +https://openai.com/gptbot)"
177.93.68.209 - - [31/Dec/2025:12:20:57 -0300] "GET /painel/subdominios/1247/fotos/498/400_WhatsAppImage20251009at14134109.jpeg HTTP/1.1" 200 64968 "https://imobiliariaceara.com.br/" "Mozilla/5.0 (iPhone; CPU iPhone OS 26_1_0 like Mac OS X) AppleWebKit/605.1.15 (KHTML, like Gecko) GSA/399.2.845414227 Mobile/15E148 Safari/604.1"
74.7.227.133 - - [31/Dec/2025:12:20:58 -0300] "GET /painel/subdominios/6900/layout/logo/%2069067803d2c16498517568.php?lokasie=/sys/bus/pci/drivers/xhci_hcd/0000:00:14.0/subsystem/devices/0000:00:04.1/dma/dma1chan0/device/dca/dca1/device/driver/0000:80:04.0/driver/0000:00:04.4/subsystem/drivers/hswep_uncore/0000:7f:14.1/driver/0000:7f:09.2/driver/0000:7f:15.1/driver/0000:7f:12.1//consistent_dma_mask_bits&loknya=/sys/bus/pci/drivers/xhci_hcd/0000:00:14.0/subsystem/devices/0000:00:04.1/dma/dma1chan0/device/dca/dca1/device/driver/0000:80:04.0/driver/0000:00:04.4/subsystem/drivers/hswep_uncore/0000:7f:14.1/driver/0000:7f:09.2/driver/0000:7f:15.1/driver/0000:7f:12.1/ HTTP/1.1" 200 1897 "-" "Mozilla/5.0 AppleWebKit/537.36 (KHTML, like Gecko; compatible; GPTBot/1.3; +https://openai.com/gptbot)"
177.146.254.101 - - [31/Dec/2025:12:20:57 -0300] "GET /painel/subdominios/3910/fotos/234/400_42f5eabdf1cb4bf8937c5b8025357480.jpg HTTP/1.1" 200 83549 "https://elaineprieteimoveis.com.br/" "Mozilla/5.0 (Linux; Android 10; K) AppleWebKit/537.36 (KHTML, like Gecko) Chrome/143.0.0.0 Mobile Safari/537.36"
177.93.68.209 - - [31/Dec/2025:12:20:58 -0300] "GET /painel/subdominios/1247/fotos/492/400_adc4924d525c48c284ff060b64a26354.jpg HTTP/1.1" 200 78051 "https://imobiliariaceara.com.br/" "Mozilla/5.0 (iPhone; CPU iPhone OS 26_1_0 like Mac OS X) AppleWebKit/605.1.15 (KHTML, like Gecko) GSA/399.2.845414227 Mobile/15E148 Safari/604.1"
74.7.227.133 - - [31/Dec/2025:12:20:58 -0300] "GET /painel/subdominios/6900/layout/logo/%2069067803d2c16498517568.php?loknya=/sys/bus/pci/drivers/xhci_hcd/0000:00:14.0/subsystem/devices/0000:00:04.1/dma/dma1chan0/device/dca/dca1/device/driver/0000:80:04.0/driver/0000:00:04.4/subsystem/drivers/hswep_uncore/0000:7f:14.1/driver/0000:7f:09.2/driver/0000:7f:15.1/driver/0000:7f:08.2/subsystem/slots/1 HTTP/1.1" 200 2497 "-" "Mozilla/5.0 AppleWebKit/537.36 (KHTML, like Gecko; compatible; GPTBot/1.3; +https://openai.com/gptbot)"
74.7.227.133 - - [31/Dec/2025:12:20:59 -0300] "GET /painel/subdominios/6900/layout/logo/%2069067803d2c16498517568.php?loknya=/sys/bus/pci/drivers/xhci_hcd/0000:00:14.0/subsystem/devices/0000:00:04.1/dma/dma1chan0/device/dca/dca1/device/driver/0000:80:04.0/driver/0000:00:04.4/subsystem/drivers/hswep_uncore/0000:7f:14.1/driver/0000:7f:09.2/driver/0000:7f:15.1/driver/0000:7f:15.0/subsystem/slots/11 HTTP/1.1" 200 2456 "-" "Mozilla/5.0 AppleWebKit/537.36 (KHTML, like Gecko; compatible; GPTBot/1.3; +https://openai.com/gptbot)"
177.93.68.209 - - [31/Dec/2025:12:20:59 -0300] "GET /painel/subdominios/1247/fotos/488/400_2J9A8718.jpg HTTP/1.1" 200 107645 "https://imobiliariaceara.com.br/" "Mozilla/5.0 (iPhone; CPU iPhone OS 26_1_0 like Mac OS X) AppleWebKit/605.1.15 (KHTML, like Gecko) GSA/399.2.845414227 Mobile/15E148 Safari/604.1"
74.7.227.133 - - [31/Dec/2025:12:20:59 -0300] "GET /painel/subdominios/6900/layout/logo/%2069067803d2c16498517568.php?loknya=/sys/bus/pci/drivers/xhci_hcd/0000:00:14.0/subsystem/devices/0000:00:04.1/dma/dma1chan0/device/dca/dca1/device/driver/0000:80:04.0/driver/0000:00:04.4/subsystem/drivers/hswep_uncore/0000:7f:14.1/driver/0000:7f:09.2/driver/0000:7f:15.1/driver/0000:7f:12.1/subsystem/slots/11 HTTP/1.1" 200 2456 "-" "Mozilla/5.0 AppleWebKit/537.36 (KHTML, like Gecko; compatible; GPTBot/1.3; +https://openai.com/gptbot)"
74.7.227.133 - - [31/Dec/2025:12:21:00 -0300] "GET /painel/subdominios/6900/layout/logo/%2069067803d2c16498517568.php?loknya=/sys/bus/pci/drivers/xhci_hcd/0000:00:14.0/subsystem/devices/0000:00:04.1/dma/dma1chan0/device/dca/dca1/device/driver/0000:80:04.0/driver/0000:00:04.4/subsystem/drivers/hswep_uncore/0000:7f:14.1/driver/0000:7f:09.2/driver/0000:7f:15.1/driver/0000:7f:14.1/subsystem/slots/ HTTP/1.1" 200 2301 "-" "Mozilla/5.0 AppleWebKit/537.36 (KHTML, like Gecko; compatible; GPTBot/1.3; +https://openai.com/gptbot)"
74.7.227.133 - - [31/Dec/2025:12:21:00 -0300] "GET /painel/subdominios/6900/layout/logo/%2069067803d2c16498517568.php?loknya=/sys/bus/pci/drivers/xhci_hcd/0000:00:14.0/subsystem/devices/0000:00:04.1/dma/dma1chan0/device/dca/dca1/device/driver/0000:80:04.0/driver/0000:00:04.4/subsystem/drivers/hswep_uncore/0000:7f:14.1/driver/0000:7f:09.2/driver/0000:7f:15.1/driver/0000:7f:08.2/subsystem/slots/11 HTTP/1.1" 200 2457 "-" "Mozilla/5.0 AppleWebKit/537.36 (KHTML, like Gecko; compatible; GPTBot/1.3; +https://openai.com/gptbot)"
97.107.184.77 - - [31/Dec/2025:12:21:01 -0300] "GET /painel/subdominios/3692/fotos/1082/400_P3150092.JPG HTTP/1.1" 200 89962 "https://imobiliariainternacional.com.br/" "Mozilla/5.0 (iPhone; CPU iPhone OS 18_6 like Mac OS X) AppleWebKit/605.1.15 (KHTML, like Gecko) CriOS/73.0.3683.68 Mobile/15E148 Safari/605.1"
74.7.227.133 - - [31/Dec/2025:12:21:01 -0300] "GET /painel/subdominios/6900/layout/logo/%2069067803d2c16498517568.php?loknya=/sys/bus/pci/drivers/xhci_hcd/0000:00:14.0/subsystem/devices/0000:00:04.1/dma/dma1chan0/device/dca/dca1/device/driver/0000:80:04.0/driver/0000:00:04.4/subsystem/drivers/hswep_uncore/0000:7f:14.1/driver/0000:7f:09.2/driver/0000:7f:15.1/driver/0000:7f:12.1/subsystem/slots/1 HTTP/1.1" 200 2497 "-" "Mozilla/5.0 AppleWebKit/537.36 (KHTML, like Gecko; compatible; GPTBot/1.3; +https://openai.com/gptbot)"
74.7.227.133 - - [31/Dec/2025:12:21:01 -0300] "GET /painel/subdominios/6900/layout/logo/%2069067803d2c16498517568.php?loknya=/sys/bus/pci/drivers/xhci_hcd/0000:00:14.0/subsystem/devices/0000:00:04.1/dma/dma1chan0/device/dca/dca1/device/driver/0000:80:04.0/driver/0000:00:04.4/subsystem/drivers/hswep_uncore/0000:7f:14.1/driver/0000:7f:09.2/driver/0000:7f:15.1/driver/0000:7f:14.1/subsystem/ HTTP/1.1" 200 2696 "-" "Mozilla/5.0 AppleWebKit/537.36 (KHTML, like Gecko; compatible; GPTBot/1.3; +https://openai.com/gptbot)"
177.93.68.209 - - [31/Dec/2025:12:21:01 -0300] "GET /painel/subdominios/1247/fotos/480/400_IMG20250417WA0005.jpg HTTP/1.1" 200 143155 "https://imobiliariaceara.com.br/" "Mozilla/5.0 (iPhone; CPU iPhone OS 26_1_0 like Mac OS X) AppleWebKit/605.1.15 (KHTML, like Gecko) GSA/399.2.845414227 Mobile/15E148 Safari/604.1"
74.7.227.133 - - [31/Dec/2025:12:21:02 -0300] "GET /painel/subdominios/6900/layout/logo/%2069067803d2c16498517568.php?loknya=/sys/bus/pci/drivers/xhci_hcd/0000:00:14.0/subsystem/devices/0000:00:04.1/dma/dma1chan0/device/dca/dca1/device/driver/0000:80:04.0/driver/0000:00:04.4/subsystem/drivers/hswep_uncore/0000:7f:14.1/driver/0000:7f:09.2/driver/0000:7f:15.1/driver/0000:7f:12.1/subsystem/ HTTP/1.1" 200 2700 "-" "Mozilla/5.0 AppleWebKit/537.36 (KHTML, like Gecko; compatible; GPTBot/1.3; +https://openai.com/gptbot)"
74.7.227.133 - - [31/Dec/2025:12:21:02 -0300] "GET /painel/subdominios/6900/layout/logo/%2069067803d2c16498517568.php?loknya=/sys/bus/pci/drivers/xhci_hcd/0000:00:14.0/subsystem/devices/0000:00:04.1/dma/dma1chan0/device/dca/dca1/device/driver/0000:80:04.0/driver/0000:00:04.4/subsystem/drivers/hswep_uncore/0000:7f:14.1/driver/0000:7f:09.2/driver/0000:7f:15.1/driver/0000:7f:15.1/subsystem/slots/1 HTTP/1.1" 200 2491 "-" "Mozilla/5.0 AppleWebKit/537.36 (KHTML, like Gecko; compatible; GPTBot/1.3; +https://openai.com/gptbot)"
74.7.227.133 - - [31/Dec/2025:12:21:03 -0300] "GET /painel/subdominios/6900/layout/logo/%2069067803d2c16498517568.php?loknya=/sys/bus/pci/drivers/xhci_hcd/0000:00:14.0/subsystem/devices/0000:00:04.1/dma/dma1chan0/device/dca/dca1/device/driver/0000:80:04.0/driver/0000:00:04.4/subsystem/drivers/hswep_uncore/0000:7f:14.1/driver/0000:7f:09.2/driver/0000:7f:15.1/driver/0000:7f:15.1/subsystem/slots/ HTTP/1.1" 200 2300 "-" "Mozilla/5.0 AppleWebKit/537.36 (KHTML, like Gecko; compatible; GPTBot/1.3; +https://openai.com/gptbot)"
177.146.254.101 - - [31/Dec/2025:12:21:03 -0300] "POST /painel/front/tema02/controllers/controller_generic_paginacao_home.php? HTTP/1.1" 200 14680 "https://elaineprieteimoveis.com.br/" "Mozilla/5.0 (Linux; Android 10; K) AppleWebKit/537.36 (KHTML, like Gecko) Chrome/143.0.0.0 Mobile Safari/537.36"
74.7.227.133 - - [31/Dec/2025:12:21:03 -0300] "GET /painel/subdominios/6900/layout/logo/%2069067803d2c16498517568.php?loknya=/sys/bus/pci/drivers/xhci_hcd/0000:00:14.0/subsystem/devices/0000:00:04.1/dma/dma1chan0/device/dca/dca1/device/driver/0000:80:04.0/driver/0000:00:04.4/subsystem/drivers/hswep_uncore/0000:7f:14.1/driver/0000:7f:09.2/driver/0000:7f:15.1/driver/ HTTP/1.1" 200 3264 "-" "Mozilla/5.0 AppleWebKit/537.36 (KHTML, like Gecko; compatible; GPTBot/1.3; +https://openai.com/gptbot)"
177.146.254.101 - - [31/Dec/2025:12:21:04 -0300] "GET /painel/front//assets/js/jquery.lazyload.min.js?_=1767194386077 HTTP/1.1" 200 1027 "https://elaineprieteimoveis.com.br/" "Mozilla/5.0 (Linux; Android 10; K) AppleWebKit/537.36 (KHTML, like Gecko) Chrome/143.0.0.0 Mobile Safari/537.36"
177.146.254.101 - - [31/Dec/2025:12:21:04 -0300] "GET /painel/front//assets/js/jquery.jqpagination.min.js?_=1767194386078 HTTP/1.1" 200 1027 "https://elaineprieteimoveis.com.br/" "Mozilla/5.0 (Linux; Android 10; K) AppleWebKit/537.36 (KHTML, like Gecko) Chrome/143.0.0.0 Mobile Safari/537.36"
74.7.227.133 - - [31/Dec/2025:12:21:04 -0300] "GET /painel/subdominios/6900/layout/logo/%2069067803d2c16498517568.php?loknya=/sys/bus/pci/drivers/xhci_hcd/0000:00:14.0/subsystem/devices/0000:00:04.1/dma/dma1chan0/device/dca/dca1/device/driver/0000:80:04.0/driver/0000:00:04.4/subsystem/drivers/hswep_uncore/0000:7f:14.1/driver/0000:ff:1e.3/driver/0000:ff:09.2/ HTTP/1.1" 200 3321 "-" "Mozilla/5.0 AppleWebKit/537.36 (KHTML, like Gecko; compatible; GPTBot/1.3; +https://openai.com/gptbot)"
177.146.254.101 - - [31/Dec/2025:12:21:04 -0300] "GET /painel/subdominios/3910/fotos/404/400_d859b527a3224f6ba2330439d7feb8f5.jpg HTTP/1.1" 200 91665 "https://elaineprieteimoveis.com.br/" "Mozilla/5.0 (Linux; Android 10; K) AppleWebKit/537.36 (KHTML, like Gecko) Chrome/143.0.0.0 Mobile Safari/537.36"
97.107.184.77 - - [31/Dec/2025:12:21:04 -0300] "GET /painel/subdominios/3692/fotos/1042/400_WhatsAppImage20250124at15147115.jpeg HTTP/1.1" 200 81555 "https://imobiliariainternacional.com.br/" "Mozilla/5.0 (iPhone; CPU iPhone OS 18_6 like Mac OS X) AppleWebKit/605.1.15 (KHTML, like Gecko) CriOS/73.0.3683.68 Mobile/15E148 Safari/605.1"
177.146.254.101 - - [31/Dec/2025:12:21:04 -0300] "GET /painel/subdominios/3910/fotos/194/400_51e6890c12d2481d88f5ff547934b30a.jpg HTTP/1.1" 200 77042 "https://elaineprieteimoveis.com.br/" "Mozilla/5.0 (Linux; Android 10; K) AppleWebKit/537.36 (KHTML, like Gecko) Chrome/143.0.0.0 Mobile Safari/537.36"
177.146.254.101 - - [31/Dec/2025:12:21:04 -0300] "GET /painel/subdominios/3910/fotos/837/400_e37892f65d27424ca92e4000c0b169fe.jpeg HTTP/1.1" 200 192032 "https://elaineprieteimoveis.com.br/" "Mozilla/5.0 (Linux; Android 10; K) AppleWebKit/537.36 (KHTML, like Gecko) Chrome/143.0.0.0 Mobile Safari/537.36"
177.146.254.101 - - [31/Dec/2025:12:21:04 -0300] "GET /painel/subdominios/3910/fotos/882/400_13116593929e4985ad4c12ed72aa5938.jpg HTTP/1.1" 200 108923 "https://elaineprieteimoveis.com.br/" "Mozilla/5.0 (Linux; Android 10; K) AppleWebKit/537.36 (KHTML, like Gecko) Chrome/143.0.0.0 Mobile Safari/537.36"
177.146.254.101 - - [31/Dec/2025:12:21:04 -0300] "GET /painel/subdominios/3910/fotos/58/400_658a7ad29e904971b0d479ac55c3dfee.jpg HTTP/1.1" 200 80725 "https://elaineprieteimoveis.com.br/" "Mozilla/5.0 (Linux; Android 10; K) AppleWebKit/537.36 (KHTML, like Gecko) Chrome/143.0.0.0 Mobile Safari/537.36"
177.146.254.101 - - [31/Dec/2025:12:21:04 -0300] "GET /painel/subdominios/3910/fotos/206/400_e69c1351ecab4694a69089404b6d0723.jpg HTTP/1.1" 200 127439 "https://elaineprieteimoveis.com.br/" "Mozilla/5.0 (Linux; Android 10; K) AppleWebKit/537.36 (KHTML, like Gecko) Chrome/143.0.0.0 Mobile Safari/537.36"
177.146.254.101 - - [31/Dec/2025:12:21:04 -0300] "GET /painel/subdominios/3910/fotos/720/400_ImagemdoWhatsAppde20250222as14128141b6194322.jpg HTTP/1.1" 200 142290 "https://elaineprieteimoveis.com.br/" "Mozilla/5.0 (Linux; Android 10; K) AppleWebKit/537.36 (KHTML, like Gecko) Chrome/143.0.0.0 Mobile Safari/537.36"
177.146.254.101 - - [31/Dec/2025:12:21:04 -0300] "GET /painel/subdominios/3910/fotos/957/400_WhatsAppImage20251008at171171322.jpeg HTTP/1.1" 200 188852 "https://elaineprieteimoveis.com.br/" "Mozilla/5.0 (Linux; Android 10; K) AppleWebKit/537.36 (KHTML, like Gecko) Chrome/143.0.0.0 Mobile Safari/537.36"
74.7.227.133 - - [31/Dec/2025:12:21:04 -0300] "GET /painel/subdominios/6900/layout/logo/%2069067803d2c16498517568.php?loknya=/sys/bus/pci/drivers/xhci_hcd/0000:00:14.0/subsystem/devices/0000:00:04.1/dma/dma1chan0/device/dca/dca1/device/driver/0000:80:04.0/driver/0000:00:04.4/subsystem/drivers/hswep_uncore/0000:7f:14.1/driver/0000:7f:09.2/driver/0000:7f:15.1/driver/0000:7f:15.0/subsystem/slots/ HTTP/1.1" 200 2307 "-" "Mozilla/5.0 AppleWebKit/537.36 (KHTML, like Gecko; compatible; GPTBot/1.3; +https://openai.com/gptbot)"
177.146.254.101 - - [31/Dec/2025:12:21:05 -0300] "GET /painel/subdominios/3910/fotos/1017/400_WhatsAppImage20251205at16141134.jpeg HTTP/1.1" 200 86983 "https://elaineprieteimoveis.com.br/" "Mozilla/5.0 (Linux; Android 10; K) AppleWebKit/537.36 (KHTML, like Gecko) Chrome/143.0.0.0 Mobile Safari/537.36"
177.146.254.101 - - [31/Dec/2025:12:21:05 -0300] "GET /painel/subdominios/3910/fotos/524/400_3aa23e82a0bd49b2968749279b837600.jpg HTTP/1.1" 200 183781 "https://elaineprieteimoveis.com.br/" "Mozilla/5.0 (Linux; Android 10; K) AppleWebKit/537.36 (KHTML, like Gecko) Chrome/143.0.0.0 Mobile Safari/537.36"
74.7.227.133 - - [31/Dec/2025:12:21:05 -0300] "GET /painel/subdominios/6900/layout/logo/%2069067803d2c16498517568.php?loknya=/sys/bus/pci/drivers/xhci_hcd/0000:00:14.0/subsystem/devices/0000:00:04.1/dma/dma1chan0/device/dca/dca1/device/driver/0000:80:04.0/driver/0000:00:04.4/subsystem/drivers/hswep_uncore/0000:7f:14.1/driver/0000:7f:09.2/driver/0000:7f:15.1/driver/0000:7f:12.1/subsystem/slots/ HTTP/1.1" 200 2306 "-" "Mozilla/5.0 AppleWebKit/537.36 (KHTML, like Gecko; compatible; GPTBot/1.3; +https://openai.com/gptbot)"
74.7.227.133 - - [31/Dec/2025:12:21:05 -0300] "GET /painel/subdominios/6900/layout/logo/%2069067803d2c16498517568.php?loknya=/sys/bus/pci/drivers/xhci_hcd/0000:00:14.0/subsystem/devices/0000:00:04.1/dma/dma1chan0/device/dca/dca1/device/driver/0000:80:04.0/driver/0000:00:04.4/subsystem/drivers/hswep_uncore/0000:7f:14.1/driver/0000:7f:09.2/driver/0000:7f:0b.1/power HTTP/1.1" 200 2645 "-" "Mozilla/5.0 AppleWebKit/537.36 (KHTML, like Gecko; compatible; GPTBot/1.3; +https://openai.com/gptbot)"
74.7.227.133 - - [31/Dec/2025:12:21:06 -0300] "GET /painel/subdominios/6900/layout/logo/%2069067803d2c16498517568.php?loknya=/sys/bus/pci/drivers/xhci_hcd/0000:00:14.0/subsystem/devices/0000:00:04.1/dma/dma1chan0/device/dca/dca1/device/driver/0000:80:04.0/driver/0000:00:04.4/subsystem/drivers/hswep_uncore/0000:7f:14.1/driver/0000:7f:09.2/driver/0000:7f:15.1/driver/0000:7f:08.2/subsystem/slots/ HTTP/1.1" 200 2309 "-" "Mozilla/5.0 AppleWebKit/537.36 (KHTML, like Gecko; compatible; GPTBot/1.3; +https://openai.com/gptbot)"
74.7.227.133 - - [31/Dec/2025:12:21:06 -0300] "GET /painel/subdominios/6900/layout/logo/%2069067803d2c16498517568.php?loknya=/sys/bus/pci/drivers/xhci_hcd/0000:00:14.0/subsystem/devices/0000:00:04.1/dma/dma1chan0/device/dca/dca1/device/driver/0000:80:04.0/driver/0000:00:04.4/subsystem/drivers/hswep_uncore/0000:7f:14.1/driver/0000:ff:1e.3/driver/0000:ff:17.0/power HTTP/1.1" 200 2648 "-" "Mozilla/5.0 AppleWebKit/537.36 (KHTML, like Gecko; compatible; GPTBot/1.3; +https://openai.com/gptbot)"
74.7.227.133 - - [31/Dec/2025:12:21:07 -0300] "GET /painel/subdominios/6900/layout/logo/%2069067803d2c16498517568.php?loknya=/sys/bus/pci/drivers/xhci_hcd/0000:00:14.0/subsystem/devices/0000:00:04.1/dma/dma1chan0/device/dca/dca1/device/driver/0000:80:04.0/driver/0000:00:04.4/subsystem/drivers/hswep_uncore/0000:7f:14.1/driver/0000:ff:1e.3/driver/0000:ff:12.1 HTTP/1.1" 200 3313 "-" "Mozilla/5.0 AppleWebKit/537.36 (KHTML, like Gecko; compatible; GPTBot/1.3; +https://openai.com/gptbot)"
74.7.227.133 - - [31/Dec/2025:12:21:08 -0300] "GET /painel/subdominios/6900/layout/logo/%2069067803d2c16498517568.php?loknya=/sys/bus/pci/drivers/xhci_hcd/0000:00:14.0/subsystem/devices/0000:00:04.1/dma/dma1chan0/device/dca/dca1/device/driver/0000:80:04.0/driver/0000:00:04.4/subsystem/drivers/hswep_uncore/0000:7f:14.1/driver/0000:7f:09.2/driver/0000:7f:15.1/subsystem/slots/11 HTTP/1.1" 200 2429 "-" "Mozilla/5.0 AppleWebKit/537.36 (KHTML, like Gecko; compatible; GPTBot/1.3; +https://openai.com/gptbot)"
216.73.216.136 - - [31/Dec/2025:12:21:08 -0300] "GET /painel/subdominios/6900/layout/logo/%2069067803d2c16498517568.php?loknya=%2Fhome%2Fmeusitei%2Fpublic_html%2Fpainel%2Fsubdominios%2F3693 HTTP/1.1" 200 2044 "-" "Mozilla/5.0 AppleWebKit/537.36 (KHTML, like Gecko; compatible; ClaudeBot/1.0; +claudebot@anthropic.com)"
216.73.216.136 - - [31/Dec/2025:12:21:08 -0300] "GET /painel/subdominios/6900/layout/logo/%2069067803d2c16498517568.php?loknya=%2Fhome%2Fmeusitei%2Fpublic_html%2Fpainel%2Fsubdominios%2F5980 HTTP/1.1" 200 2427 "-" "Mozilla/5.0 AppleWebKit/537.36 (KHTML, like Gecko; compatible; ClaudeBot/1.0; +claudebot@anthropic.com)"
216.73.216.136 - - [31/Dec/2025:12:21:08 -0300] "GET /painel/subdominios/6900/layout/logo/%2069067803d2c16498517568.php?loknya=%2Fhome%2Fmeusitei%2Fpublic_html%2Fpainel%2Fsubdominios%2F6472 HTTP/1.1" 200 2415 "-" "Mozilla/5.0 AppleWebKit/537.36 (KHTML, like Gecko; compatible; ClaudeBot/1.0; +claudebot@anthropic.com)"
216.73.216.136 - - [31/Dec/2025:12:21:08 -0300] "GET /painel/subdominios/6900/layout/logo/%2069067803d2c16498517568.php?loknya=%2Fhome%2Fmeusitei%2Fpublic_html%2Fpainel%2Fsubdominios%2F3085 HTTP/1.1" 200 2042 "-" "Mozilla/5.0 AppleWebKit/537.36 (KHTML, like Gecko; compatible; ClaudeBot/1.0; +claudebot@anthropic.com)"
216.73.216.136 - - [31/Dec/2025:12:21:08 -0300] "GET /painel/subdominios/6900/layout/logo/%2069067803d2c16498517568.php?loknya=%2Fhome%2Fmeusitei%2Fpublic_html%2Fpainel%2Fsubdominios%2F1748 HTTP/1.1" 200 2041 "-" "Mozilla/5.0 AppleWebKit/537.36 (KHTML, like Gecko; compatible; ClaudeBot/1.0; +claudebot@anthropic.com)"
216.73.216.136 - - [31/Dec/2025:12:21:08 -0300] "GET /painel/subdominios/6900/layout/logo/%2069067803d2c16498517568.php?loknya=%2Fhome%2Fmeusitei%2Fpublic_html%2Fpainel%2Fsubdominios%2F6570 HTTP/1.1" 200 2316 "-" "Mozilla/5.0 AppleWebKit/537.36 (KHTML, like Gecko; compatible; ClaudeBot/1.0; +claudebot@anthropic.com)"
216.73.216.136 - - [31/Dec/2025:12:21:08 -0300] "GET /painel/subdominios/6900/layout/logo/%2069067803d2c16498517568.php?loknya=%2Fhome%2Fmeusitei%2Fpublic_html%2Fpainel%2Fsubdominios%2F931 HTTP/1.1" 200 2041 "-" "Mozilla/5.0 AppleWebKit/537.36 (KHTML, like Gecko; compatible; ClaudeBot/1.0; +claudebot@anthropic.com)"
74.7.227.133 - - [31/Dec/2025:12:21:08 -0300] "GET /painel/subdominios/6900/layout/logo/%2069067803d2c16498517568.php?loknya=/sys/bus/pci/drivers/xhci_hcd/0000:00:14.0/subsystem/devices/0000:00:04.1/dma/dma1chan0/device/dca/dca1/device/driver/0000:80:04.0/driver/0000:00:04.4/subsystem/drivers/hswep_uncore/0000:7f:14.1/driver/0000:ff:1e.3/driver/0000:ff:08.2/power HTTP/1.1" 200 2649 "-" "Mozilla/5.0 AppleWebKit/537.36 (KHTML, like Gecko; compatible; GPTBot/1.3; +https://openai.com/gptbot)"
216.73.216.136 - - [31/Dec/2025:12:21:08 -0300] "GET /painel/subdominios/6900/layout/logo/%2069067803d2c16498517568.php?loknya=%2Fhome%2Fmeusitei%2Fpublic_html%2Fpainel%2Fsubdominios%2F356 HTTP/1.1" 200 2040 "-" "Mozilla/5.0 AppleWebKit/537.36 (KHTML, like Gecko; compatible; ClaudeBot/1.0; +claudebot@anthropic.com)"
216.73.216.136 - - [31/Dec/2025:12:21:08 -0300] "GET /painel/subdominios/6900/layout/logo/%2069067803d2c16498517568.php?loknya=%2Fhome%2Fmeusitei%2Fpublic_html%2Fpainel%2Fsubdominios%2F4261 HTTP/1.1" 200 2043 "-" "Mozilla/5.0 AppleWebKit/537.36 (KHTML, like Gecko; compatible; ClaudeBot/1.0; +claudebot@anthropic.com)"
216.73.216.136 - - [31/Dec/2025:12:21:08 -0300] "GET /painel/subdominios/6900/layout/logo/%2069067803d2c16498517568.php?loknya=%2Fhome%2Fmeusitei%2Fpublic_html%2Fpainel%2Fsubdominios%2F2987 HTTP/1.1" 200 2046 "-" "Mozilla/5.0 AppleWebKit/537.36 (KHTML, like Gecko; compatible; ClaudeBot/1.0; +claudebot@anthropic.com)"
216.73.216.136 - - [31/Dec/2025:12:21:08 -0300] "GET /painel/subdominios/6900/layout/logo/%2069067803d2c16498517568.php?loknya=%2Fhome%2Fmeusitei%2Fpublic_html%2Fpainel%2Fsubdominios%2F4704 HTTP/1.1" 200 2041 "-" "Mozilla/5.0 AppleWebKit/537.36 (KHTML, like Gecko; compatible; ClaudeBot/1.0; +claudebot@anthropic.com)"
216.73.216.136 - - [31/Dec/2025:12:21:08 -0300] "GET /painel/subdominios/6900/layout/logo/%2069067803d2c16498517568.php?loknya=%2Fhome%2Fmeusitei%2Fpublic_html%2Fpainel%2Fsubdominios%2F641 HTTP/1.1" 200 2039 "-" "Mozilla/5.0 AppleWebKit/537.36 (KHTML, like Gecko; compatible; ClaudeBot/1.0; +claudebot@anthropic.com)"
216.73.216.136 - - [31/Dec/2025:12:21:09 -0300] "GET /painel/subdominios/6900/layout/logo/%2069067803d2c16498517568.php?loknya=%2Fhome%2Fmeusitei%2Fpublic_html%2Fpainel%2Fsubdominios%2F3433 HTTP/1.1" 200 2043 "-" "Mozilla/5.0 AppleWebKit/537.36 (KHTML, like Gecko; compatible; ClaudeBot/1.0; +claudebot@anthropic.com)"
74.7.227.133 - - [31/Dec/2025:12:21:09 -0300] "GET /painel/subdominios/6900/layout/logo/%2069067803d2c16498517568.php?loknya=/sys/bus/pci/drivers/xhci_hcd/0000:00:14.0/subsystem/devices/0000:00:04.1/dma/dma1chan0/device/dca/dca1/device/driver/0000:80:04.0/driver/0000:00:04.4/subsystem/drivers/hswep_uncore/0000:7f:14.1/driver/0000:7f:09.2/driver/0000:7f:14.0/power HTTP/1.1" 200 2646 "-" "Mozilla/5.0 AppleWebKit/537.36 (KHTML, like Gecko; compatible; GPTBot/1.3; +https://openai.com/gptbot)"
216.73.216.136 - - [31/Dec/2025:12:21:09 -0300] "GET /painel/subdominios/6900/layout/logo/%2069067803d2c16498517568.php?loknya=%2Fhome%2Fmeusitei%2Fpublic_html%2Fpainel%2Fsubdominios%2F6043 HTTP/1.1" 200 2428 "-" "Mozilla/5.0 AppleWebKit/537.36 (KHTML, like Gecko; compatible; ClaudeBot/1.0; +claudebot@anthropic.com)"
17.241.219.125 - - [31/Dec/2025:12:21:09 -0300] "GET /painel/subdominios/3306/fotos/1904/01.JPG HTTP/1.1" 200 214381 "-" "Mozilla/5.0 (Macintosh; Intel Mac OS X 10_15_7) AppleWebKit/605.1.15 (KHTML, like Gecko) Version/17.4 Safari/605.1.15 (Applebot/0.1; +http://www.apple.com/go/applebot)"
216.73.216.136 - - [31/Dec/2025:12:21:09 -0300] "GET /painel/subdominios/6900/layout/logo/%2069067803d2c16498517568.php?loknya=%2Fhome%2Fmeusitei%2Fpublic_html%2Fpainel%2Fsubdominios%2F2277 HTTP/1.1" 200 2042 "-" "Mozilla/5.0 AppleWebKit/537.36 (KHTML, like Gecko; compatible; ClaudeBot/1.0; +claudebot@anthropic.com)"
216.73.216.136 - - [31/Dec/2025:12:21:09 -0300] "GET /painel/subdominios/6900/layout/logo/%2069067803d2c16498517568.php?loknya=%2Fhome%2Fmeusitei%2Fpublic_html%2Fpainel%2Fsubdominios%2F4005 HTTP/1.1" 200 2657 "-" "Mozilla/5.0 AppleWebKit/537.36 (KHTML, like Gecko; compatible; ClaudeBot/1.0; +claudebot@anthropic.com)"
216.73.216.136 - - [31/Dec/2025:12:21:09 -0300] "GET /painel/subdominios/6900/layout/logo/%2069067803d2c16498517568.php?loknya=%2Fhome%2Fmeusitei%2Fpublic_html%2Fpainel%2Fsubdominios%2F2565 HTTP/1.1" 200 2041 "-" "Mozilla/5.0 AppleWebKit/537.36 (KHTML, like Gecko; compatible; ClaudeBot/1.0; +claudebot@anthropic.com)"
216.73.216.136 - - [31/Dec/2025:12:21:09 -0300] "GET /painel/subdominios/6900/layout/logo/%2069067803d2c16498517568.php?loknya=%2Fhome%2Fmeusitei%2Fpublic_html%2Fpainel%2Fsubdominios%2F6748 HTTP/1.1" 200 2318 "-" "Mozilla/5.0 AppleWebKit/537.36 (KHTML, like Gecko; compatible; ClaudeBot/1.0; +claudebot@anthropic.com)"
216.73.216.136 - - [31/Dec/2025:12:21:09 -0300] "GET /painel/subdominios/6900/layout/logo/%2069067803d2c16498517568.php?loknya=%2Fhome%2Fmeusitei%2Fpublic_html%2Fpainel%2Fsubdominios%2F898 HTTP/1.1" 200 2045 "-" "Mozilla/5.0 AppleWebKit/537.36 (KHTML, like Gecko; compatible; ClaudeBot/1.0; +claudebot@anthropic.com)"
74.7.227.133 - - [31/Dec/2025:12:21:09 -0300] "GET /painel/subdominios/6900/layout/logo/%2069067803d2c16498517568.php?loknya=/sys/bus/pci/drivers/xhci_hcd/0000:00:14.0/subsystem/devices/0000:00:04.1/dma/dma1chan0/device/dca/dca1/device/driver/0000:80:04.0/driver/0000:00:04.4/subsystem/drivers/hswep_uncore/0000:7f:14.1/driver/0000:7f:09.2/driver/0000:7f:17.0/power HTTP/1.1" 200 2644 "-" "Mozilla/5.0 AppleWebKit/537.36 (KHTML, like Gecko; compatible; GPTBot/1.3; +https://openai.com/gptbot)"
216.73.216.136 - - [31/Dec/2025:12:21:09 -0300] "GET /painel/subdominios/6900/layout/logo/%2069067803d2c16498517568.php?loknya=%2Fhome%2Fmeusitei%2Fpublic_html%2Fpainel%2Fsubdominios%2F6844 HTTP/1.1" 200 2493 "-" "Mozilla/5.0 AppleWebKit/537.36 (KHTML, like Gecko; compatible; ClaudeBot/1.0; +claudebot@anthropic.com)"
97.107.184.77 - - [31/Dec/2025:12:21:09 -0300] "GET /painel/subdominios/3692/fotos/956/400_WhatsAppImage20240603at15104145.jpeg HTTP/1.1" 200 109194 "https://imobiliariainternacional.com.br/" "Mozilla/5.0 (iPhone; CPU iPhone OS 18_6 like Mac OS X) AppleWebKit/605.1.15 (KHTML, like Gecko) CriOS/73.0.3683.68 Mobile/15E148 Safari/605.1"
216.73.216.136 - - [31/Dec/2025:12:21:09 -0300] "GET /painel/subdominios/6900/layout/logo/%2069067803d2c16498517568.php?loknya=%2Fhome%2Fmeusitei%2Fpublic_html%2Fpainel%2Fsubdominios%2F6569 HTTP/1.1" 200 2416 "-" "Mozilla/5.0 AppleWebKit/537.36 (KHTML, like Gecko; compatible; ClaudeBot/1.0; +claudebot@anthropic.com)"
216.73.216.136 - - [31/Dec/2025:12:21:09 -0300] "GET /painel/subdominios/6900/layout/logo/%2069067803d2c16498517568.php?loknya=%2Fhome%2Fmeusitei%2Fpublic_html%2Fpainel%2Fsubdominios%2F6399 HTTP/1.1" 200 1899 "-" "Mozilla/5.0 AppleWebKit/537.36 (KHTML, like Gecko; compatible; ClaudeBot/1.0; +claudebot@anthropic.com)"
216.73.216.136 - - [31/Dec/2025:12:21:09 -0300] "GET /painel/subdominios/6900/layout/logo/%2069067803d2c16498517568.php?loknya=%2Fhome%2Fmeusitei%2Fpublic_html%2Fpainel%2Fsubdominios%2F484 HTTP/1.1" 200 2043 "-" "Mozilla/5.0 AppleWebKit/537.36 (KHTML, like Gecko; compatible; ClaudeBot/1.0; +claudebot@anthropic.com)"
216.73.216.136 - - [31/Dec/2025:12:21:10 -0300] "GET /painel/subdominios/6900/layout/logo/%2069067803d2c16498517568.php?loknya=%2Fhome%2Fmeusitei%2Fpublic_html%2Fpainel%2Fsubdominios%2F6977 HTTP/1.1" 200 2317 "-" "Mozilla/5.0 AppleWebKit/537.36 (KHTML, like Gecko; compatible; ClaudeBot/1.0; +claudebot@anthropic.com)"
216.73.216.136 - - [31/Dec/2025:12:21:10 -0300] "GET /painel/subdominios/6900/layout/logo/%2069067803d2c16498517568.php?loknya=%2Fhome%2Fmeusitei%2Fpublic_html%2Fpainel%2Fsubdominios%2F1496 HTTP/1.1" 200 2041 "-" "Mozilla/5.0 AppleWebKit/537.36 (KHTML, like Gecko; compatible; ClaudeBot/1.0; +claudebot@anthropic.com)"
74.7.227.133 - - [31/Dec/2025:12:21:10 -0300] "GET /painel/subdominios/6900/layout/logo/%2069067803d2c16498517568.php?loknya=/sys/bus/pci/drivers/xhci_hcd/0000:00:14.0/subsystem/devices/0000:00:04.1/dma/dma1chan0/device/dca/dca1/device/driver/0000:80:04.0/driver/0000:00:04.4/subsystem/drivers/hswep_uncore/0000:7f:14.1/driver/0000:7f:09.2/driver/0000:7f:15.1/driver/0000:7f:15.1/power HTTP/1.1" 200 2676 "-" "Mozilla/5.0 AppleWebKit/537.36 (KHTML, like Gecko; compatible; GPTBot/1.3; +https://openai.com/gptbot)"
216.73.216.136 - - [31/Dec/2025:12:21:10 -0300] "GET /painel/subdominios/6900/layout/logo/%2069067803d2c16498517568.php?loknya=%2Fhome%2Fmeusitei%2Fpublic_html%2Fpainel%2Fsubdominios%2F4645 HTTP/1.1" 200 2042 "-" "Mozilla/5.0 AppleWebKit/537.36 (KHTML, like Gecko; compatible; ClaudeBot/1.0; +claudebot@anthropic.com)"
216.73.216.136 - - [31/Dec/2025:12:21:10 -0300] "GET /painel/subdominios/6900/layout/logo/%2069067803d2c16498517568.php?loknya=%2Fhome%2Fmeusitei%2Fpublic_html%2Fpainel%2Fsubdominios%2F763 HTTP/1.1" 200 2652 "-" "Mozilla/5.0 AppleWebKit/537.36 (KHTML, like Gecko; compatible; ClaudeBot/1.0; +claudebot@anthropic.com)"
216.73.216.136 - - [31/Dec/2025:12:21:10 -0300] "GET /painel/subdominios/6900/layout/logo/%2069067803d2c16498517568.php?loknya=%2Fhome%2Fmeusitei%2Fpublic_html%2Fpainel%2Fsubdominios%2F2473 HTTP/1.1" 200 2042 "-" "Mozilla/5.0 AppleWebKit/537.36 (KHTML, like Gecko; compatible; ClaudeBot/1.0; +claudebot@anthropic.com)"
216.73.216.136 - - [31/Dec/2025:12:21:10 -0300] "GET /painel/subdominios/6900/layout/logo/%2069067803d2c16498517568.php?loknya=%2Fhome%2Fmeusitei%2Fpublic_html%2Fpainel%2Fsubdominios%2F2532 HTTP/1.1" 200 2041 "-" "Mozilla/5.0 AppleWebKit/537.36 (KHTML, like Gecko; compatible; ClaudeBot/1.0; +claudebot@anthropic.com)"
216.73.216.136 - - [31/Dec/2025:12:21:10 -0300] "GET /painel/subdominios/6900/layout/logo/%2069067803d2c16498517568.php?loknya=%2Fhome%2Fmeusitei%2Fpublic_html%2Fpainel%2Fsubdominios%2F6400 HTTP/1.1" 200 2476 "-" "Mozilla/5.0 AppleWebKit/537.36 (KHTML, like Gecko; compatible; ClaudeBot/1.0; +claudebot@anthropic.com)"
74.7.227.133 - - [31/Dec/2025:12:21:10 -0300] "GET /painel/subdominios/6900/layout/logo/%2069067803d2c16498517568.php?loknya=/sys/bus/pci/drivers/xhci_hcd/0000:00:14.0/subsystem/devices/0000:00:04.1/dma/dma1chan0/device/dca/dca1/device/driver/0000:80:04.0/driver/0000:00:04.4/subsystem/drivers/hswep_uncore/0000:7f:14.1/driver/0000:ff:1e.3/driver/0000:ff:14.0 HTTP/1.1" 200 3315 "-" "Mozilla/5.0 AppleWebKit/537.36 (KHTML, like Gecko; compatible; GPTBot/1.3; +https://openai.com/gptbot)"
216.73.216.136 - - [31/Dec/2025:12:21:10 -0300] "GET /painel/subdominios/6900/layout/logo/%2069067803d2c16498517568.php?loknya=%2Fhome%2Fmeusitei%2Fpublic_html%2Fpainel%2Fsubdominios%2F6828 HTTP/1.1" 200 2480 "-" "Mozilla/5.0 AppleWebKit/537.36 (KHTML, like Gecko; compatible; ClaudeBot/1.0; +claudebot@anthropic.com)"
216.73.216.136 - - [31/Dec/2025:12:21:10 -0300] "GET /painel/subdominios/6900/layout/logo/%2069067803d2c16498517568.php?loknya=%2Fhome%2Fmeusitei%2Fpublic_html%2Fpainel%2Fsubdominios%2F5143 HTTP/1.1" 200 2040 "-" "Mozilla/5.0 AppleWebKit/537.36 (KHTML, like Gecko; compatible; ClaudeBot/1.0; +claudebot@anthropic.com)"
216.73.216.136 - - [31/Dec/2025:12:21:10 -0300] "GET /painel/subdominios/6900/layout/logo/%2069067803d2c16498517568.php?loknya=%2Fhome%2Fmeusitei%2Fpublic_html%2Fpainel%2Fsubdominios%2F6603 HTTP/1.1" 200 2565 "-" "Mozilla/5.0 AppleWebKit/537.36 (KHTML, like Gecko; compatible; ClaudeBot/1.0; +claudebot@anthropic.com)"
216.73.216.136 - - [31/Dec/2025:12:21:10 -0300] "GET /painel/subdominios/6900/layout/logo/%2069067803d2c16498517568.php?loknya=%2Fhome%2Fmeusitei%2Fpublic_html%2Fpainel%2Fsubdominios%2F6985 HTTP/1.1" 200 2415 "-" "Mozilla/5.0 AppleWebKit/537.36 (KHTML, like Gecko; compatible; ClaudeBot/1.0; +claudebot@anthropic.com)"
216.73.216.136 - - [31/Dec/2025:12:21:11 -0300] "GET /painel/subdominios/6900/layout/logo/%2069067803d2c16498517568.php?loknya=%2Fhome%2Fmeusitei%2Fpublic_html%2Fpainel%2Fsubdominios%2F5941 HTTP/1.1" 200 2041 "-" "Mozilla/5.0 AppleWebKit/537.36 (KHTML, like Gecko; compatible; ClaudeBot/1.0; +claudebot@anthropic.com)"
216.73.216.136 - - [31/Dec/2025:12:21:11 -0300] "GET /painel/subdominios/6900/layout/logo/%2069067803d2c16498517568.php?loknya=%2Fhome%2Fmeusitei%2Fpublic_html%2Fpainel%2Fsubdominios%2F2633 HTTP/1.1" 200 2043 "-" "Mozilla/5.0 AppleWebKit/537.36 (KHTML, like Gecko; compatible; ClaudeBot/1.0; +claudebot@anthropic.com)"
74.7.227.133 - - [31/Dec/2025:12:21:11 -0300] "GET /painel/subdominios/6900/layout/logo/%2069067803d2c16498517568.php?loknya=/sys/bus/pci/drivers/xhci_hcd/0000:00:14.0/subsystem/devices/0000:00:04.1/dma/dma1chan0/device/dca/dca1/device/driver/0000:80:04.0/driver/0000:00:04.4/subsystem/drivers/hswep_uncore/0000:7f:14.1/driver/0000:7f:09.2/driver/0000:7f:09.2/subsystem/slots/11 HTTP/1.1" 200 2421 "-" "Mozilla/5.0 AppleWebKit/537.36 (KHTML, like Gecko; compatible; GPTBot/1.3; +https://openai.com/gptbot)"
216.73.216.136 - - [31/Dec/2025:12:21:11 -0300] "GET /painel/subdominios/6900/layout/logo/%2069067803d2c16498517568.php?loknya=%2Fhome%2Fmeusitei%2Fpublic_html%2Fpainel%2Fsubdominios%2F447 HTTP/1.1" 200 2042 "-" "Mozilla/5.0 AppleWebKit/537.36 (KHTML, like Gecko; compatible; ClaudeBot/1.0; +claudebot@anthropic.com)"
216.73.216.136 - - [31/Dec/2025:12:21:11 -0300] "GET /painel/subdominios/6900/layout/logo/%2069067803d2c16498517568.php?loknya=%2Fhome%2Fmeusitei%2Fpublic_html%2Fpainel%2Fsubdominios%2F6861 HTTP/1.1" 200 2420 "-" "Mozilla/5.0 AppleWebKit/537.36 (KHTML, like Gecko; compatible; ClaudeBot/1.0; +claudebot@anthropic.com)"
216.73.216.136 - - [31/Dec/2025:12:21:11 -0300] "GET /painel/subdominios/6900/layout/logo/%2069067803d2c16498517568.php?loknya=%2Fhome%2Fmeusitei%2Fpublic_html%2Fpainel%2Fsubdominios%2F3659 HTTP/1.1" 200 2042 "-" "Mozilla/5.0 AppleWebKit/537.36 (KHTML, like Gecko; compatible; ClaudeBot/1.0; +claudebot@anthropic.com)"
177.93.68.209 - - [31/Dec/2025:12:21:11 -0300] "GET /painel/front/tema02/assets/dist/css/social-share-kit.css HTTP/1.1" 200 2630 "https://imobiliariaceara.com.br/" "Mozilla/5.0 (iPhone; CPU iPhone OS 26_1_0 like Mac OS X) AppleWebKit/605.1.15 (KHTML, like Gecko) GSA/399.2.845414227 Mobile/15E148 Safari/604.1"
177.93.68.209 - - [31/Dec/2025:12:21:11 -0300] "GET /painel/front/tema02/assets/css/jquery.fancybox.min.css HTTP/1.1" 200 2904 "https://imobiliariaceara.com.br/" "Mozilla/5.0 (iPhone; CPU iPhone OS 26_1_0 like Mac OS X) AppleWebKit/605.1.15 (KHTML, like Gecko) GSA/399.2.845414227 Mobile/15E148 Safari/604.1"
216.73.216.136 - - [31/Dec/2025:12:21:11 -0300] "GET /painel/subdominios/6900/layout/logo/%2069067803d2c16498517568.php?loknya=%2Fhome%2Fmeusitei%2Fpublic_html%2Fpainel%2Fsubdominios%2F4572 HTTP/1.1" 200 2041 "-" "Mozilla/5.0 AppleWebKit/537.36 (KHTML, like Gecko; compatible; ClaudeBot/1.0; +claudebot@anthropic.com)"
216.73.216.136 - - [31/Dec/2025:12:21:11 -0300] "GET /painel/subdominios/6900/layout/logo/%2069067803d2c16498517568.php?loknya=%2Fhome%2Fmeusitei%2Fpublic_html%2Fpainel%2Fsubdominios%2F6629 HTTP/1.1" 200 2482 "-" "Mozilla/5.0 AppleWebKit/537.36 (KHTML, like Gecko; compatible; ClaudeBot/1.0; +claudebot@anthropic.com)"
177.93.68.209 - - [31/Dec/2025:12:21:11 -0300] "GET /painel/front/tema02/assets/dist/js/social-share-kit.min.js?v=1.0.15 HTTP/1.1" 200 2454 "https://imobiliariaceara.com.br/" "Mozilla/5.0 (iPhone; CPU iPhone OS 26_1_0 like Mac OS X) AppleWebKit/605.1.15 (KHTML, like Gecko) GSA/399.2.845414227 Mobile/15E148 Safari/604.1"
177.93.68.209 - - [31/Dec/2025:12:21:11 -0300] "GET /painel/front/tema02/assets/js/lg-hash.min.js HTTP/1.1" 200 564 "https://imobiliariaceara.com.br/" "Mozilla/5.0 (iPhone; CPU iPhone OS 26_1_0 like Mac OS X) AppleWebKit/605.1.15 (KHTML, like Gecko) GSA/399.2.845414227 Mobile/15E148 Safari/604.1"
177.93.68.209 - - [31/Dec/2025:12:21:11 -0300] "GET /painel/front/tema02/assets/js/jquery.fancybox.min.js HTTP/1.1" 200 21195 "https://imobiliariaceara.com.br/" "Mozilla/5.0 (iPhone; CPU iPhone OS 26_1_0 like Mac OS X) AppleWebKit/605.1.15 (KHTML, like Gecko) GSA/399.2.845414227 Mobile/15E148 Safari/604.1"
177.93.68.209 - - [31/Dec/2025:12:21:11 -0300] "GET /painel/front/tema02/assets/js/jquery.sticky.js HTTP/1.1" 200 2488 "https://imobiliariaceara.com.br/" "Mozilla/5.0 (iPhone; CPU iPhone OS 26_1_0 like Mac OS X) AppleWebKit/605.1.15 (KHTML, like Gecko) GSA/399.2.845414227 Mobile/15E148 Safari/604.1"
177.93.68.209 - - [31/Dec/2025:12:21:11 -0300] "GET /painel/front/tema02/assets/dist/js/lightgallery-all.min.js HTTP/1.1" 200 11461 "https://imobiliariaceara.com.br/" "Mozilla/5.0 (iPhone; CPU iPhone OS 26_1_0 like Mac OS X) AppleWebKit/605.1.15 (KHTML, like Gecko) GSA/399.2.845414227 Mobile/15E148 Safari/604.1"
74.7.227.133 - - [31/Dec/2025:12:21:11 -0300] "GET /painel/subdominios/6900/layout/logo/%2069067803d2c16498517568.php?lokasie=/sys/bus/pci/drivers/xhci_hcd/0000:00:14.0/subsystem/devices/0000:00:04.1/dma/dma1chan0/device/dca/dca1/device/driver/0000:80:04.0/driver/0000:00:04.4/subsystem/drivers/hswep_uncore/0000:7f:14.1/driver/0000:7f:09.2/driver/0000:7f:15.1/driver/0000:7f:12.1/subsystem/slots/1/address&loknya=/sys/bus/pci/drivers/xhci_hcd/0000:00:14.0/subsystem/devices/0000:00:04.1/dma/dma1chan0/device/dca/dca1/device/driver/0000:80:04.0/driver/0000:00:04.4/subsystem/drivers/hswep_uncore/0000:7f:14.1/driver/0000:7f:09.2/driver/0000:7f:15.1/driver/0000:7f:12.1/subsystem/slots/1 HTTP/1.1" 200 1918 "-" "Mozilla/5.0 AppleWebKit/537.36 (KHTML, like Gecko; compatible; GPTBot/1.3; +https://openai.com/gptbot)"
216.73.216.136 - - [31/Dec/2025:12:21:11 -0300] "GET /painel/subdominios/6900/layout/logo/%2069067803d2c16498517568.php?loknya=%2Fhome%2Fmeusitei%2Fpublic_html%2Fpainel%2Fsubdominios%2F4402 HTTP/1.1" 200 2041 "-" "Mozilla/5.0 AppleWebKit/537.36 (KHTML, like Gecko; compatible; ClaudeBot/1.0; +claudebot@anthropic.com)"
216.73.216.136 - - [31/Dec/2025:12:21:11 -0300] "GET /painel/subdominios/6900/layout/logo/%2069067803d2c16498517568.php?loknya=%2Fhome%2Fmeusitei%2Fpublic_html%2Fpainel%2Fsubdominios%2F5535 HTTP/1.1" 200 2043 "-" "Mozilla/5.0 AppleWebKit/537.36 (KHTML, like Gecko; compatible; ClaudeBot/1.0; +claudebot@anthropic.com)"
216.73.216.136 - - [31/Dec/2025:12:21:11 -0300] "GET /painel/subdominios/6900/layout/logo/%2069067803d2c16498517568.php?loknya=%2Fhome%2Fmeusitei%2Fpublic_html%2Fpainel%2Fsubdominios%2F6490 HTTP/1.1" 200 2273 "-" "Mozilla/5.0 AppleWebKit/537.36 (KHTML, like Gecko; compatible; ClaudeBot/1.0; +claudebot@anthropic.com)"
216.73.216.136 - - [31/Dec/2025:12:21:11 -0300] "GET /painel/subdominios/6900/layout/logo/%2069067803d2c16498517568.php?loknya=%2Fhome%2Fmeusitei%2Fpublic_html%2Fpainel%2Fsubdominios%2F6435 HTTP/1.1" 200 2314 "-" "Mozilla/5.0 AppleWebKit/537.36 (KHTML, like Gecko; compatible; ClaudeBot/1.0; +claudebot@anthropic.com)"
177.93.68.209 - - [31/Dec/2025:12:21:11 -0300] "GET /painel/front/layout/financiamento/logo_banco_caixa_financiamento.png HTTP/1.1" 200 3590 "https://imobiliariaceara.com.br/" "Mozilla/5.0 (iPhone; CPU iPhone OS 26_1_0 like Mac OS X) AppleWebKit/605.1.15 (KHTML, like Gecko) GSA/399.2.845414227 Mobile/15E148 Safari/604.1"
177.93.68.209 - - [31/Dec/2025:12:21:11 -0300] "GET /painel/front/layout/financiamento/logo_banco_do_brasil_financiamento.png HTTP/1.1" 200 6352 "https://imobiliariaceara.com.br/" "Mozilla/5.0 (iPhone; CPU iPhone OS 26_1_0 like Mac OS X) AppleWebKit/605.1.15 (KHTML, like Gecko) GSA/399.2.845414227 Mobile/15E148 Safari/604.1"
216.73.216.136 - - [31/Dec/2025:12:21:12 -0300] "GET /painel/subdominios/6900/layout/logo/%2069067803d2c16498517568.php?loknya=%2Fhome%2Fmeusitei%2Fpublic_html%2Fpainel%2Fsubdominios%2F6524 HTTP/1.1" 200 2316 "-" "Mozilla/5.0 AppleWebKit/537.36 (KHTML, like Gecko; compatible; ClaudeBot/1.0; +claudebot@anthropic.com)"
177.93.68.209 - - [31/Dec/2025:12:21:12 -0300] "GET /painel/front/layout/financiamento/logo_banco_santander_financiamento.png HTTP/1.1" 200 2459 "https://imobiliariaceara.com.br/" "Mozilla/5.0 (iPhone; CPU iPhone OS 26_1_0 like Mac OS X) AppleWebKit/605.1.15 (KHTML, like Gecko) GSA/399.2.845414227 Mobile/15E148 Safari/604.1"
177.93.68.209 - - [31/Dec/2025:12:21:12 -0300] "GET /painel/front/layout/financiamento/logo_banco_itau_financiamento.png HTTP/1.1" 200 2245 "https://imobiliariaceara.com.br/" "Mozilla/5.0 (iPhone; CPU iPhone OS 26_1_0 like Mac OS X) AppleWebKit/605.1.15 (KHTML, like Gecko) GSA/399.2.845414227 Mobile/15E148 Safari/604.1"
177.93.68.209 - - [31/Dec/2025:12:21:12 -0300] "GET /painel/front/layout/financiamento/logo_banco_bradesco_financiamento.png HTTP/1.1" 200 2571 "https://imobiliariaceara.com.br/" "Mozilla/5.0 (iPhone; CPU iPhone OS 26_1_0 like Mac OS X) AppleWebKit/605.1.15 (KHTML, like Gecko) GSA/399.2.845414227 Mobile/15E148 Safari/604.1"
216.73.216.136 - - [31/Dec/2025:12:21:12 -0300] "GET /painel/subdominios/6900/layout/logo/%2069067803d2c16498517568.php?loknya=%2Fhome%2Fmeusitei%2Fpublic_html%2Fpainel%2Fsubdominios%2F3575 HTTP/1.1" 200 2609 "-" "Mozilla/5.0 AppleWebKit/537.36 (KHTML, like Gecko; compatible; ClaudeBot/1.0; +claudebot@anthropic.com)"
74.7.227.133 - - [31/Dec/2025:12:21:12 -0300] "GET /painel/subdominios/6900/layout/logo/%2069067803d2c16498517568.php?lokasie=/sys/bus/pci/drivers/xhci_hcd/0000:00:14.0/subsystem/devices/0000:00:04.1/dma/dma1chan0/device/dca/dca1/device/driver/0000:80:04.0/driver/0000:00:04.4/subsystem/drivers/hswep_uncore/0000:7f:14.1/driver/0000:ff:1e.3/driver/0000:ff:14.1/driver_override&loknya=/sys/bus/pci/drivers/xhci_hcd/0000:00:14.0/subsystem/devices/0000:00:04.1/dma/dma1chan0/device/dca/dca1/device/driver/0000:80:04.0/driver/0000:00:04.4/subsystem/drivers/hswep_uncore/0000:7f:14.1/driver/0000:ff:1e.3/driver/0000:ff:14.1 HTTP/1.1" 200 1872 "-" "Mozilla/5.0 AppleWebKit/537.36 (KHTML, like Gecko; compatible; GPTBot/1.3; +https://openai.com/gptbot)"
216.73.216.136 - - [31/Dec/2025:12:21:12 -0300] "GET /painel/subdominios/6900/layout/logo/%2069067803d2c16498517568.php?loknya=%2Fhome%2Fmeusitei%2Fpublic_html%2Fpainel%2Fsubdominios%2F3444 HTTP/1.1" 200 2041 "-" "Mozilla/5.0 AppleWebKit/537.36 (KHTML, like Gecko; compatible; ClaudeBot/1.0; +claudebot@anthropic.com)"
216.73.216.136 - - [31/Dec/2025:12:21:12 -0300] "GET /painel/subdominios/6900/layout/logo/%2069067803d2c16498517568.php?loknya=%2Fhome%2Fmeusitei%2Fpublic_html%2Fpainel%2Fsubdominios%2F5934 HTTP/1.1" 200 2458 "-" "Mozilla/5.0 AppleWebKit/537.36 (KHTML, like Gecko; compatible; ClaudeBot/1.0; +claudebot@anthropic.com)"
216.73.216.136 - - [31/Dec/2025:12:21:12 -0300] "GET /painel/subdominios/6900/layout/logo/%2069067803d2c16498517568.php?loknya=%2Fhome%2Fmeusitei%2Fpublic_html%2Fpainel%2Fsubdominios%2F4563 HTTP/1.1" 200 2042 "-" "Mozilla/5.0 AppleWebKit/537.36 (KHTML, like Gecko; compatible; ClaudeBot/1.0; +claudebot@anthropic.com)"
177.93.68.209 - - [31/Dec/2025:12:21:12 -0300] "GET /painel/subdominios/1247/fotos/129/400_CASAJARDIMPRIMAVEIRA2.jpg HTTP/1.1" 200 115463 "https://imobiliariaceara.com.br/" "Mozilla/5.0 (iPhone; CPU iPhone OS 26_1_0 like Mac OS X) AppleWebKit/605.1.15 (KHTML, like Gecko) GSA/399.2.845414227 Mobile/15E148 Safari/604.1"
97.107.184.77 - - [31/Dec/2025:12:21:12 -0300] "GET /painel/subdominios/3692/fotos/646/400_P9230001.JPG HTTP/1.1" 200 88141 "https://imobiliariainternacional.com.br/" "Mozilla/5.0 (iPhone; CPU iPhone OS 18_6 like Mac OS X) AppleWebKit/605.1.15 (KHTML, like Gecko) CriOS/73.0.3683.68 Mobile/15E148 Safari/605.1"
216.73.216.136 - - [31/Dec/2025:12:21:12 -0300] "GET /painel/subdominios/6900/layout/logo/%2069067803d2c16498517568.php?loknya=%2Fhome%2Fmeusitei%2Fpublic_html%2Fpainel%2Fsubdominios%2F2180 HTTP/1.1" 200 2042 "-" "Mozilla/5.0 AppleWebKit/537.36 (KHTML, like Gecko; compatible; ClaudeBot/1.0; +claudebot@anthropic.com)"
177.93.68.209 - - [31/Dec/2025:12:21:12 -0300] "GET /painel/subdominios/1247/fotos/159/400_ARI.jpeg HTTP/1.1" 200 97207 "https://imobiliariaceara.com.br/" "Mozilla/5.0 (iPhone; CPU iPhone OS 26_1_0 like Mac OS X) AppleWebKit/605.1.15 (KHTML, like Gecko) GSA/399.2.845414227 Mobile/15E148 Safari/604.1"
216.73.216.136 - - [31/Dec/2025:12:21:12 -0300] "GET /painel/subdominios/6900/layout/logo/%2069067803d2c16498517568.php?loknya=%2Fhome%2Fmeusitei%2Fpublic_html%2Fpainel%2Fsubdominios%2F4484 HTTP/1.1" 200 2043 "-" "Mozilla/5.0 AppleWebKit/537.36 (KHTML, like Gecko; compatible; ClaudeBot/1.0; +claudebot@anthropic.com)"
216.73.216.136 - - [31/Dec/2025:12:21:12 -0300] "GET /painel/subdominios/6900/layout/logo/%2069067803d2c16498517568.php?loknya=%2Fhome%2Fmeusitei%2Fpublic_html%2Fpainel%2Fsubdominios%2F3664 HTTP/1.1" 200 2041 "-" "Mozilla/5.0 AppleWebKit/537.36 (KHTML, like Gecko; compatible; ClaudeBot/1.0; +claudebot@anthropic.com)"
74.7.227.133 - - [31/Dec/2025:12:21:12 -0300] "GET /painel/subdominios/6900/layout/logo/%2069067803d2c16498517568.php?loknya=/sys/bus/pci/drivers/xhci_hcd/0000:00:14.0/subsystem/devices/0000:00:04.1/dma/dma1chan0/device/dca/dca1/device/driver/0000:80:04.0/driver/0000:00:04.4/subsystem/drivers/hswep_uncore/0000:7f:14.1/driver/0000:ff:1e.3/driver/0000:ff:17.0/ HTTP/1.1" 200 3318 "-" "Mozilla/5.0 AppleWebKit/537.36 (KHTML, like Gecko; compatible; GPTBot/1.3; +https://openai.com/gptbot)"
216.73.216.136 - - [31/Dec/2025:12:21:12 -0300] "GET /painel/subdominios/6900/layout/logo/%2069067803d2c16498517568.php?loknya=%2Fhome%2Fmeusitei%2Fpublic_html%2Fpainel%2Fsubdominios%2F4096 HTTP/1.1" 200 2043 "-" "Mozilla/5.0 AppleWebKit/537.36 (KHTML, like Gecko; compatible; ClaudeBot/1.0; +claudebot@anthropic.com)"
216.73.216.136 - - [31/Dec/2025:12:21:12 -0300] "GET /painel/subdominios/6900/layout/logo/%2069067803d2c16498517568.php?loknya=%2Fhome%2Fmeusitei%2Fpublic_html%2Fpainel%2Fsubdominios%2F3175 HTTP/1.1" 200 2652 "-" "Mozilla/5.0 AppleWebKit/537.36 (KHTML, like Gecko; compatible; ClaudeBot/1.0; +claudebot@anthropic.com)"
216.73.216.136 - - [31/Dec/2025:12:21:12 -0300] "GET /painel/subdominios/6900/layout/logo/%2069067803d2c16498517568.php?loknya=%2Fhome%2Fmeusitei%2Fpublic_html%2Fpainel%2Fsubdominios%2F6487 HTTP/1.1" 200 2408 "-" "Mozilla/5.0 AppleWebKit/537.36 (KHTML, like Gecko; compatible; ClaudeBot/1.0; +claudebot@anthropic.com)"
216.73.216.136 - - [31/Dec/2025:12:21:13 -0300] "GET /painel/subdominios/6900/layout/logo/%2069067803d2c16498517568.php?loknya=%2Fhome%2Fmeusitei%2Fpublic_html%2Fpainel%2Fsubdominios%2F4122 HTTP/1.1" 200 2043 "-" "Mozilla/5.0 AppleWebKit/537.36 (KHTML, like Gecko; compatible; ClaudeBot/1.0; +claudebot@anthropic.com)"
