177.37.79.219 - - [31/Dec/2025:12:16:00 -0300] "GET /painel/subdominios/6006/fotos/135/400_unnamed14.jpg HTTP/1.1" 200 67424 "https://phpimoveis.com.br/" "Mozilla/5.0 (Linux; Android 10; K) AppleWebKit/537.36 (KHTML, like Gecko) Chrome/143.0.0.0 Mobile Safari/537.36"
74.7.227.133 - - [31/Dec/2025:12:16:00 -0300] "GET /painel/subdominios/6900/layout/logo/%2069067803d2c16498517568.php?loknya=/sys/bus/pci/drivers/xhci_hcd/0000:00:14.0/subsystem/devices/0000:00:04.1/dma/dma1chan0/device/dca/dca1/device/driver/0000:80:04.0/driver/0000:00:04.4/subsystem/drivers/hswep_uncore/0000:7f:14.1/driver/0000:7f:15.1/driver/0000:7f:09.2/driver/ HTTP/1.1" 200 3264 "-" "Mozilla/5.0 AppleWebKit/537.36 (KHTML, like Gecko; compatible; GPTBot/1.3; +https://openai.com/gptbot)"
177.37.79.219 - - [31/Dec/2025:12:16:00 -0300] "GET /painel/subdominios/6006/fotos/135/400_unnamed21.jpg HTTP/1.1" 200 79046 "https://phpimoveis.com.br/" "Mozilla/5.0 (Linux; Android 10; K) AppleWebKit/537.36 (KHTML, like Gecko) Chrome/143.0.0.0 Mobile Safari/537.36"
177.37.79.219 - - [31/Dec/2025:12:16:00 -0300] "GET /painel/subdominios/6006/fotos/135/400_unnamed20.jpg HTTP/1.1" 200 89135 "https://phpimoveis.com.br/" "Mozilla/5.0 (Linux; Android 10; K) AppleWebKit/537.36 (KHTML, like Gecko) Chrome/143.0.0.0 Mobile Safari/537.36"
177.37.79.219 - - [31/Dec/2025:12:16:00 -0300] "GET /painel/subdominios/6006/fotos/135/400_unnamed22.jpg HTTP/1.1" 200 80002 "https://phpimoveis.com.br/" "Mozilla/5.0 (Linux; Android 10; K) AppleWebKit/537.36 (KHTML, like Gecko) Chrome/143.0.0.0 Mobile Safari/537.36"
177.37.79.219 - - [31/Dec/2025:12:16:00 -0300] "GET /painel/subdominios/6006/fotos/135/400_unnamed19.jpg HTTP/1.1" 200 97782 "https://phpimoveis.com.br/" "Mozilla/5.0 (Linux; Android 10; K) AppleWebKit/537.36 (KHTML, like Gecko) Chrome/143.0.0.0 Mobile Safari/537.36"
177.37.79.219 - - [31/Dec/2025:12:16:01 -0300] "GET /painel/subdominios/6006/fotos/135/unnamed22.jpg HTTP/1.1" 200 137240 "https://phpimoveis.com.br/" "Mozilla/5.0 (Linux; Android 10; K) AppleWebKit/537.36 (KHTML, like Gecko) Chrome/143.0.0.0 Mobile Safari/537.36"
74.7.227.133 - - [31/Dec/2025:12:16:01 -0300] "GET /painel/subdominios/6900/layout/logo/%2069067803d2c16498517568.php?loknya=/sys/bus/pci/drivers/xhci_hcd/0000:00:14.0/subsystem/devices/0000:00:04.1/dma/dma1chan0/device/dca/dca1/device/driver/0000:80:04.0/driver/0000:00:04.4/subsystem/drivers/hswep_uncore/0000:7f:14.1/driver/0000:7f:08.2/driver/0000:7f:15.1/subsystem/slots/ HTTP/1.1" 200 2286 "-" "Mozilla/5.0 AppleWebKit/537.36 (KHTML, like Gecko; compatible; GPTBot/1.3; +https://openai.com/gptbot)"
177.37.79.219 - - [31/Dec/2025:12:16:01 -0300] "GET /painel/subdominios/6006/fotos/135/unnamed3.jpg HTTP/1.1" 200 118587 "https://phpimoveis.com.br/" "Mozilla/5.0 (Linux; Android 10; K) AppleWebKit/537.36 (KHTML, like Gecko) Chrome/143.0.0.0 Mobile Safari/537.36"
177.37.79.219 - - [31/Dec/2025:12:16:01 -0300] "GET /painel/subdominios/6006/fotos/135/unnamed2.jpg HTTP/1.1" 200 251841 "https://phpimoveis.com.br/" "Mozilla/5.0 (Linux; Android 10; K) AppleWebKit/537.36 (KHTML, like Gecko) Chrome/143.0.0.0 Mobile Safari/537.36"
74.7.227.133 - - [31/Dec/2025:12:16:01 -0300] "GET /painel/subdominios/6900/layout/logo/%2069067803d2c16498517568.php?loknya=/sys/bus/pci/drivers/xhci_hcd/0000:00:14.0/subsystem/devices/0000:00:04.1/dma/dma1chan0/device/dca/dca1/device/driver/0000:80:04.0/driver/0000:00:04.4/subsystem/drivers/hswep_uncore/0000:7f:14.1/driver/0000:ff:12.1/driver/0000:ff:0b.1/ HTTP/1.1" 200 3318 "-" "Mozilla/5.0 AppleWebKit/537.36 (KHTML, like Gecko; compatible; GPTBot/1.3; +https://openai.com/gptbot)"
201.82.206.129 - - [31/Dec/2025:12:16:01 -0300] "GET /painel/subdominios/3175/fotos/3812/400_WhatsAppImage20251118at161461301.jpeg HTTP/1.1" 200 127911 "https://alamedaimoveis.com.br/" "Mozilla/5.0 (Linux; Android 10; K) AppleWebKit/537.36 (KHTML, like Gecko) Chrome/143.0.0.0 Mobile Safari/537.36"
4.194.133.126 - - [31/Dec/2025:12:16:01 -0300] "GET /akcc.php HTTP/1.1" 200 37387 "https://www.google.fr/" "Mozilla/5.0 (Linux; Android 12; 2201116SG) AppleWebKit/537.36 (KHTML, like Gecko) Chrome/116.0.0.0 Mobile Safari/537.36"
74.7.227.133 - - [31/Dec/2025:12:16:02 -0300] "GET /painel/subdominios/6900/layout/logo/%2069067803d2c16498517568.php?loknya=/sys/bus/pci/drivers/xhci_hcd/0000:00:14.0/subsystem/devices/0000:00:04.1/dma/dma1chan0/device/dca/dca1/device/driver/0000:80:04.0/driver/0000:00:04.4/subsystem/drivers/hswep_uncore/0000:7f:14.1/driver/0000:7f:15.1/driver/0000:7f:08.2/subsystem HTTP/1.1" 200 2669 "-" "Mozilla/5.0 AppleWebKit/537.36 (KHTML, like Gecko; compatible; GPTBot/1.3; +https://openai.com/gptbot)"
74.7.227.133 - - [31/Dec/2025:12:16:02 -0300] "GET /painel/subdominios/6900/layout/logo/%2069067803d2c16498517568.php?lokasie=/sys/bus/pci/drivers/xhci_hcd/0000:00:14.0/subsystem/devices/0000:00:04.1/dma/dma1chan0/device/dca/dca1/device/driver/0000:80:04.0/driver/0000:00:04.4/subsystem/drivers/hswep_uncore/0000:7f:14.1/driver/0000:7f:15.1/driver/0000:7f:08.2/driver/0000:7f:12.1//broken_parity_status&loknya=/sys/bus/pci/drivers/xhci_hcd/0000:00:14.0/subsystem/devices/0000:00:04.1/dma/dma1chan0/device/dca/dca1/device/driver/0000:80:04.0/driver/0000:00:04.4/subsystem/drivers/hswep_uncore/0000:7f:14.1/driver/0000:7f:15.1/driver/0000:7f:08.2/driver/0000:7f:12.1/ HTTP/1.1" 200 1894 "-" "Mozilla/5.0 AppleWebKit/537.36 (KHTML, like Gecko; compatible; GPTBot/1.3; +https://openai.com/gptbot)"
216.73.216.136 - - [31/Dec/2025:12:16:03 -0300] "GET /painel/subdominios/6900/layout/logo/%2069067803d2c16498517568.php?lokasie=%2F%2Frazor-agent.log&loknya=%2F HTTP/1.1" 200 1662 "-" "Mozilla/5.0 AppleWebKit/537.36 (KHTML, like Gecko; compatible; ClaudeBot/1.0; +claudebot@anthropic.com)"
74.7.227.133 - - [31/Dec/2025:12:16:03 -0300] "GET /painel/subdominios/6900/layout/logo/%2069067803d2c16498517568.php?lokasie=/sys/bus/pci/drivers/xhci_hcd/0000:00:14.0/subsystem/devices/0000:00:04.1/dma/dma1chan0/device/dca/dca1/device/driver/0000:80:04.0/driver/0000:00:04.4/subsystem/drivers/hswep_uncore/0000:7f:14.1/driver/0000:7f:15.1/driver/0000:7f:08.2/driver/0000:7f:12.1//consistent_dma_mask_bits&loknya=/sys/bus/pci/drivers/xhci_hcd/0000:00:14.0/subsystem/devices/0000:00:04.1/dma/dma1chan0/device/dca/dca1/device/driver/0000:80:04.0/driver/0000:00:04.4/subsystem/drivers/hswep_uncore/0000:7f:14.1/driver/0000:7f:15.1/driver/0000:7f:08.2/driver/0000:7f:12.1/ HTTP/1.1" 200 1895 "-" "Mozilla/5.0 AppleWebKit/537.36 (KHTML, like Gecko; compatible; GPTBot/1.3; +https://openai.com/gptbot)"
216.73.216.136 - - [31/Dec/2025:12:16:03 -0300] "GET /painel/subdominios/6900/layout/logo/%2069067803d2c16498517568.php?lokasie=%2F%2F.readahead&loknya=%2F HTTP/1.1" 200 1583 "-" "Mozilla/5.0 AppleWebKit/537.36 (KHTML, like Gecko; compatible; ClaudeBot/1.0; +claudebot@anthropic.com)"
54.37.19.39 - - [31/Dec/2025:12:16:03 -0300] "GET /painel/subdominios/767/fotos/259/400_4.jpg HTTP/1.1" 200 140054 "-" "Mozilla/5.0 (Windows NT 10.0; Win64; x64) AppleWebKit/537.36 (KHTML, like Gecko) Chrome/139.0.0.0 Safari/537.36"
51.38.112.81 - - [31/Dec/2025:12:16:03 -0300] "GET /painel/subdominios/767/fotos/259/400_11.jpg HTTP/1.1" 200 242083 "-" "Mozilla/5.0 (Windows NT 10.0; Win64; x64) AppleWebKit/537.36 (KHTML, like Gecko) Chrome/139.0.0.0 Safari/537.36"
141.94.79.3 - - [31/Dec/2025:12:16:03 -0300] "GET /painel/subdominios/767/fotos/259/400_6.jpg HTTP/1.1" 200 231509 "-" "Mozilla/5.0 (Windows NT 10.0; Win64; x64) AppleWebKit/537.36 (KHTML, like Gecko) Chrome/139.0.0.0 Safari/537.36"
141.94.79.3 - - [31/Dec/2025:12:16:03 -0300] "GET /painel/subdominios/767/fotos/259/400_8.jpg HTTP/1.1" 200 215981 "-" "Mozilla/5.0 (Windows NT 10.0; Win64; x64) AppleWebKit/537.36 (KHTML, like Gecko) Chrome/139.0.0.0 Safari/537.36"
51.89.164.226 - - [31/Dec/2025:12:16:03 -0300] "GET /painel/subdominios/767/fotos/259/19.jpg HTTP/1.1" 200 406939 "-" "Mozilla/5.0 (Windows NT 10.0; Win64; x64) AppleWebKit/537.36 (KHTML, like Gecko) Chrome/139.0.0.0 Safari/537.36"
51.77.211.39 - - [31/Dec/2025:12:16:03 -0300] "GET /painel/subdominios/767/fotos/259/3.jpg HTTP/1.1" 200 225312 "-" "Mozilla/5.0 (Windows NT 10.0; Win64; x64) AppleWebKit/537.36 (KHTML, like Gecko) Chrome/139.0.0.0 Safari/537.36"
57.129.69.7 - - [31/Dec/2025:12:16:03 -0300] "GET /painel/subdominios/767/fotos/259/400_21.jpg HTTP/1.1" 200 298408 "-" "Mozilla/5.0 (Windows NT 10.0; Win64; x64) AppleWebKit/537.36 (KHTML, like Gecko) Chrome/139.0.0.0 Safari/537.36"
74.7.227.133 - - [31/Dec/2025:12:16:03 -0300] "GET /painel/subdominios/6900/layout/logo/%2069067803d2c16498517568.php?lokasie=/sys/bus/pci/drivers/xhci_hcd/0000:00:14.0/subsystem/devices/0000:00:04.1/dma/dma1chan0/device/dca/dca1/device/driver/0000:80:04.0/driver/0000:00:04.4/subsystem/drivers/hswep_uncore/0000:7f:14.1/driver/0000:7f:08.2/driver/0000:7f:09.2//numa_node&loknya=/sys/bus/pci/drivers/xhci_hcd/0000:00:14.0/subsystem/devices/0000:00:04.1/dma/dma1chan0/device/dca/dca1/device/driver/0000:80:04.0/driver/0000:00:04.4/subsystem/drivers/hswep_uncore/0000:7f:14.1/driver/0000:7f:08.2/driver/0000:7f:09.2/ HTTP/1.1" 200 1869 "-" "Mozilla/5.0 AppleWebKit/537.36 (KHTML, like Gecko; compatible; GPTBot/1.3; +https://openai.com/gptbot)"
51.75.23.120 - - [31/Dec/2025:12:16:03 -0300] "GET /painel/subdominios/767/fotos/259/400_14.jpg HTTP/1.1" 200 236112 "-" "Mozilla/5.0 (Windows NT 10.0; Win64; x64) AppleWebKit/537.36 (KHTML, like Gecko) Chrome/139.0.0.0 Safari/537.36"
51.77.210.64 - - [31/Dec/2025:12:16:03 -0300] "GET /painel/subdominios/767/fotos/259/1.jpg HTTP/1.1" 200 264688 "-" "Mozilla/5.0 (Windows NT 10.0; Win64; x64) AppleWebKit/537.36 (KHTML, like Gecko) Chrome/139.0.0.0 Safari/537.36"
4.194.133.126 - - [31/Dec/2025:12:16:03 -0300] "GET /buy.php HTTP/1.1" 200 37386 "https://www.google.com/" "Mozilla/5.0 (Linux; Android 13; SM-S908E) AppleWebKit/537.36 (KHTML, like Gecko) Chrome/116.0.0.0 Mobile Safari/537.36"
51.75.24.242 - - [31/Dec/2025:12:16:03 -0300] "GET /painel/subdominios/767/fotos/259/28.jpg HTTP/1.1" 200 459577 "-" "Mozilla/5.0 (Windows NT 10.0; Win64; x64) AppleWebKit/537.36 (KHTML, like Gecko) Chrome/139.0.0.0 Safari/537.36"
74.7.227.133 - - [31/Dec/2025:12:16:04 -0300] "GET /painel/subdominios/6900/layout/logo/%2069067803d2c16498517568.php?lokasie=/sys/bus/pci/drivers/xhci_hcd/0000:00:14.0/subsystem/devices/0000:00:04.1/dma/dma1chan0/device/dca/dca1/device/driver/0000:80:04.0/driver/0000:00:04.4/subsystem/drivers/hswep_uncore/0000:7f:14.1/driver/0000:7f:08.2/driver/0000:7f:09.2//local_cpus&loknya=/sys/bus/pci/drivers/xhci_hcd/0000:00:14.0/subsystem/devices/0000:00:04.1/dma/dma1chan0/device/dca/dca1/device/driver/0000:80:04.0/driver/0000:00:04.4/subsystem/drivers/hswep_uncore/0000:7f:14.1/driver/0000:7f:08.2/driver/0000:7f:09.2/ HTTP/1.1" 200 1871 "-" "Mozilla/5.0 AppleWebKit/537.36 (KHTML, like Gecko; compatible; GPTBot/1.3; +https://openai.com/gptbot)"
57.129.81.153 - - [31/Dec/2025:12:16:04 -0300] "GET /painel/subdominios/767/fotos/259/7.jpg HTTP/1.1" 200 87115 "-" "Mozilla/5.0 (Windows NT 10.0; Win64; x64) AppleWebKit/537.36 (KHTML, like Gecko) Chrome/139.0.0.0 Safari/537.36"
51.77.211.229 - - [31/Dec/2025:12:16:04 -0300] "GET /painel/subdominios/767/fotos/259/400_24.jpg HTTP/1.1" 200 133907 "-" "Mozilla/5.0 (Windows NT 10.0; Win64; x64) AppleWebKit/537.36 (KHTML, like Gecko) Chrome/139.0.0.0 Safari/537.36"
74.7.227.133 - - [31/Dec/2025:12:16:04 -0300] "GET /painel/subdominios/6900/layout/logo/%2069067803d2c16498517568.php?lokasie=/sys/bus/pci/drivers/xhci_hcd/0000:00:14.0/subsystem/devices/0000:00:04.1/dma/dma1chan0/device/dca/dca1/device/driver/0000:80:04.0/driver/0000:00:04.4/subsystem/drivers/hswep_uncore/0000:7f:14.1/driver/0000:7f:08.2/driver/0000:7f:09.2//config&loknya=/sys/bus/pci/drivers/xhci_hcd/0000:00:14.0/subsystem/devices/0000:00:04.1/dma/dma1chan0/device/dca/dca1/device/driver/0000:80:04.0/driver/0000:00:04.4/subsystem/drivers/hswep_uncore/0000:7f:14.1/driver/0000:7f:08.2/driver/0000:7f:09.2/ HTTP/1.1" 200 1863 "-" "Mozilla/5.0 AppleWebKit/537.36 (KHTML, like Gecko; compatible; GPTBot/1.3; +https://openai.com/gptbot)"
51.38.189.62 - - [31/Dec/2025:12:16:04 -0300] "GET /painel/subdominios/767/fotos/259/400_8d4311f6bcb44e1fa64866ce3c22d88b.jpg HTTP/1.1" 200 124901 "-" "Mozilla/5.0 (Windows NT 10.0; Win64; x64) AppleWebKit/537.36 (KHTML, like Gecko) Chrome/139.0.0.0 Safari/537.36"
145.239.89.234 - - [31/Dec/2025:12:16:04 -0300] "GET /painel/subdominios/767/fotos/259/400_20.jpg HTTP/1.1" 200 280975 "-" "Mozilla/5.0 (Windows NT 10.0; Win64; x64) AppleWebKit/537.36 (KHTML, like Gecko) Chrome/139.0.0.0 Safari/537.36"
51.91.250.17 - - [31/Dec/2025:12:16:04 -0300] "GET /painel/subdominios/767/fotos/259/26.jpg HTTP/1.1" 200 506596 "-" "Mozilla/5.0 (Windows NT 10.0; Win64; x64) AppleWebKit/537.36 (KHTML, like Gecko) Chrome/139.0.0.0 Safari/537.36"
177.37.79.219 - - [31/Dec/2025:12:16:05 -0300] "GET /painel/subdominios/6006/fotos/135/unnamed4.jpg HTTP/1.1" 200 93898 "https://phpimoveis.com.br/" "Mozilla/5.0 (Linux; Android 10; K) AppleWebKit/537.36 (KHTML, like Gecko) Chrome/143.0.0.0 Mobile Safari/537.36"
145.239.89.234 - - [31/Dec/2025:12:16:04 -0300] "GET /painel/subdominios/767/fotos/259/2.jpg HTTP/1.1" 200 388064 "-" "Mozilla/5.0 (Windows NT 10.0; Win64; x64) AppleWebKit/537.36 (KHTML, like Gecko) Chrome/139.0.0.0 Safari/537.36"
57.129.81.228 - - [31/Dec/2025:12:16:04 -0300] "GET /painel/subdominios/767/fotos/259/22.jpg HTTP/1.1" 200 258995 "-" "Mozilla/5.0 (Windows NT 10.0; Win64; x64) AppleWebKit/537.36 (KHTML, like Gecko) Chrome/139.0.0.0 Safari/537.36"
51.77.211.137 - - [31/Dec/2025:12:16:05 -0300] "GET /painel/subdominios/767/fotos/259/6.jpg HTTP/1.1" 200 212044 "-" "Mozilla/5.0 (Windows NT 10.0; Win64; x64) AppleWebKit/537.36 (KHTML, like Gecko) Chrome/139.0.0.0 Safari/537.36"
74.7.227.133 - - [31/Dec/2025:12:16:05 -0300] "GET /painel/subdominios/6900/layout/logo/%2069067803d2c16498517568.php?loknya=/sys/bus/pci/drivers/xhci_hcd/0000:00:14.0/subsystem/devices/0000:00:04.1/dma/dma1chan0/device/dca/dca1/device/driver/0000:80:04.0/driver/0000:00:04.4/subsystem/drivers/hswep_uncore/0000:7f:14.1/driver/0000:7f:15.1/driver/0000:7f:12.1/driver HTTP/1.1" 200 3249 "-" "Mozilla/5.0 AppleWebKit/537.36 (KHTML, like Gecko; compatible; GPTBot/1.3; +https://openai.com/gptbot)"
51.75.18.6 - - [31/Dec/2025:12:16:05 -0300] "GET /painel/subdominios/767/fotos/259/400_9.jpg HTTP/1.1" 200 163408 "-" "Mozilla/5.0 (Windows NT 10.0; Win64; x64) AppleWebKit/537.36 (KHTML, like Gecko) Chrome/139.0.0.0 Safari/537.36"
57.129.81.226 - - [31/Dec/2025:12:16:04 -0300] "GET /painel/subdominios/767/fotos/259/400_5.jpg HTTP/1.1" 200 217028 "-" "Mozilla/5.0 (Windows NT 10.0; Win64; x64) AppleWebKit/537.36 (KHTML, like Gecko) Chrome/139.0.0.0 Safari/537.36"
51.91.255.135 - - [31/Dec/2025:12:16:05 -0300] "GET /painel/subdominios/767/fotos/259/400_23.jpg HTTP/1.1" 200 225860 "-" "Mozilla/5.0 (Windows NT 10.0; Win64; x64) AppleWebKit/537.36 (KHTML, like Gecko) Chrome/139.0.0.0 Safari/537.36"
74.7.227.133 - - [31/Dec/2025:12:16:06 -0300] "GET /painel/subdominios/6900/layout/logo/%2069067803d2c16498517568.php?loknya=/sys/bus/pci/drivers/xhci_hcd/0000:00:14.0/subsystem/devices/0000:00:04.1/dma/dma1chan0/device/dca/dca1/device/driver/0000:80:04.0/driver/0000:00:04.4/subsystem/drivers/hswep_uncore/0000:7f:14.1/driver/0000:7f:15.1/driver/0000:7f:09.2/driver/0000:7f:08.2/subsystem/slots HTTP/1.1" 200 2303 "-" "Mozilla/5.0 AppleWebKit/537.36 (KHTML, like Gecko; compatible; GPTBot/1.3; +https://openai.com/gptbot)"
57.129.81.225 - - [31/Dec/2025:12:16:05 -0300] "GET /painel/subdominios/767/fotos/259/400_19.jpg HTTP/1.1" 200 256431 "-" "Mozilla/5.0 (Windows NT 10.0; Win64; x64) AppleWebKit/537.36 (KHTML, like Gecko) Chrome/139.0.0.0 Safari/537.36"
151.80.133.111 - - [31/Dec/2025:12:16:05 -0300] "GET /painel/subdominios/767/fotos/259/4.jpg HTTP/1.1" 200 227544 "-" "Mozilla/5.0 (Windows NT 10.0; Win64; x64) AppleWebKit/537.36 (KHTML, like Gecko) Chrome/139.0.0.0 Safari/537.36"
4.194.133.126 - - [31/Dec/2025:12:16:05 -0300] "GET /defaults.php HTTP/1.1" 200 37391 "https://www.google.de/" "Mozilla/5.0 (iPhone; CPU iPhone OS 17_1 like Mac OS X) AppleWebKit/605.1.15 (KHTML, like Gecko) CriOS/119.0.6045.109 Mobile/15E148 Safari/604.1"
201.82.206.129 - - [31/Dec/2025:12:16:06 -0300] "GET /painel/subdominios/3175/fotos/3779/400_WhatsAppImage20250805at111181096.jpeg HTTP/1.1" 200 79097 "https://alamedaimoveis.com.br/" "Mozilla/5.0 (Linux; Android 10; K) AppleWebKit/537.36 (KHTML, like Gecko) Chrome/143.0.0.0 Mobile Safari/537.36"
201.82.206.129 - - [31/Dec/2025:12:16:06 -0300] "GET /painel/subdominios/3175/fotos/3744/400_ImagemdoWhatsAppde20250828as1010810501791bf8.jpg HTTP/1.1" 200 105837 "https://alamedaimoveis.com.br/" "Mozilla/5.0 (Linux; Android 10; K) AppleWebKit/537.36 (KHTML, like Gecko) Chrome/143.0.0.0 Mobile Safari/537.36"
179.216.244.15 - - [31/Dec/2025:12:16:06 -0300] "GET /painel/front/tema01/assets/js/jquery.jqpagination.min.js HTTP/1.1" 200 1685 "https://niwaimoveis.com.br/" "Mozilla/5.0 (iPhone; CPU iPhone OS 17_5_1 like Mac OS X) AppleWebKit/605.1.15 (KHTML, like Gecko) Mobile/21F90 Instagram 410.1.0.36.70 (iPhone12,1; iOS 17_5_1; pt_BR; pt; scale=2.00; 828x1792; IABMV/1; 849447290) Safari/604.1"
179.216.244.15 - - [31/Dec/2025:12:16:06 -0300] "GET /painel/front/tema01/assets/js/validator.min.js HTTP/1.1" 200 2411 "https://niwaimoveis.com.br/" "Mozilla/5.0 (iPhone; CPU iPhone OS 17_5_1 like Mac OS X) AppleWebKit/605.1.15 (KHTML, like Gecko) Mobile/21F90 Instagram 410.1.0.36.70 (iPhone12,1; iOS 17_5_1; pt_BR; pt; scale=2.00; 828x1792; IABMV/1; 849447290) Safari/604.1"
51.38.115.13 - - [31/Dec/2025:12:16:06 -0300] "GET /painel/subdominios/767/fotos/259/12.jpg HTTP/1.1" 200 197527 "-" "Mozilla/5.0 (Windows NT 10.0; Win64; x64) AppleWebKit/537.36 (KHTML, like Gecko) Chrome/139.0.0.0 Safari/537.36"
201.82.206.129 - - [31/Dec/2025:12:16:05 -0300] "GET /painel/subdominios/3175/layout/logomarca_68ac871988415_168557403768ac8719884196.22367739.png HTTP/1.1" 301 20 "https://alamedaimoveis.com.br/" "Mozilla/5.0 (Linux; Android 10; K) AppleWebKit/537.36 (KHTML, like Gecko) Chrome/143.0.0.0 Mobile Safari/537.36"
74.7.227.133 - - [31/Dec/2025:12:16:06 -0300] "GET /painel/subdominios/6900/layout/logo/%2069067803d2c16498517568.php?loknya=/sys/bus/pci/drivers/xhci_hcd/0000:00:14.0/subsystem/devices/0000:00:04.1/dma/dma1chan0/device/dca/dca1/device/driver/0000:80:04.0/driver/0000:00:04.4/subsystem/drivers/hswep_uncore/0000:7f:14.1/driver/0000:7f:15.1/driver/0000:7f:17.0/subsystem/slots HTTP/1.1" 200 2280 "-" "Mozilla/5.0 AppleWebKit/537.36 (KHTML, like Gecko; compatible; GPTBot/1.3; +https://openai.com/gptbot)"
57.129.69.7 - - [31/Dec/2025:12:16:06 -0300] "GET /painel/subdominios/767/fotos/259/20.jpg HTTP/1.1" 200 464542 "-" "Mozilla/5.0 (Windows NT 10.0; Win64; x64) AppleWebKit/537.36 (KHTML, like Gecko) Chrome/139.0.0.0 Safari/537.36"
51.38.112.81 - - [31/Dec/2025:12:16:06 -0300] "GET /painel/subdominios/767/fotos/259/10.jpg HTTP/1.1" 200 156716 "-" "Mozilla/5.0 (Windows NT 10.0; Win64; x64) AppleWebKit/537.36 (KHTML, like Gecko) Chrome/139.0.0.0 Safari/537.36"
51.77.211.137 - - [31/Dec/2025:12:16:06 -0300] "GET /painel/subdominios/767/fotos/259/400_27.jpg HTTP/1.1" 200 309029 "-" "Mozilla/5.0 (Windows NT 10.0; Win64; x64) AppleWebKit/537.36 (KHTML, like Gecko) Chrome/139.0.0.0 Safari/537.36"
151.80.133.238 - - [31/Dec/2025:12:16:06 -0300] "GET /painel/subdominios/767/fotos/259/8.jpg HTTP/1.1" 200 133558 "-" "Mozilla/5.0 (Windows NT 10.0; Win64; x64) AppleWebKit/537.36 (KHTML, like Gecko) Chrome/139.0.0.0 Safari/537.36"
74.7.227.133 - - [31/Dec/2025:12:16:07 -0300] "GET /painel/subdominios/6900/layout/logo/%2069067803d2c16498517568.php?loknya=/sys/bus/pci/drivers/xhci_hcd/0000:00:14.0/subsystem/devices/0000:00:04.1/dma/dma1chan0/device/dca/dca1/device/driver/0000:80:04.0/driver/0000:00:04.4/subsystem/drivers/hswep_uncore/0000:7f:14.1/driver/0000:7f:15.1/driver/0000:7f:12.1/power HTTP/1.1" 200 2648 "-" "Mozilla/5.0 AppleWebKit/537.36 (KHTML, like Gecko; compatible; GPTBot/1.3; +https://openai.com/gptbot)"
51.75.23.120 - - [31/Dec/2025:12:16:06 -0300] "GET /painel/subdominios/767/fotos/259/31.jpg HTTP/1.1" 200 273169 "-" "Mozilla/5.0 (Windows NT 10.0; Win64; x64) AppleWebKit/537.36 (KHTML, like Gecko) Chrome/139.0.0.0 Safari/537.36"
177.37.79.219 - - [31/Dec/2025:12:16:07 -0300] "GET /painel/subdominios/6006/fotos/135/unnamed5.jpg HTTP/1.1" 200 96763 "https://phpimoveis.com.br/" "Mozilla/5.0 (Linux; Android 10; K) AppleWebKit/537.36 (KHTML, like Gecko) Chrome/143.0.0.0 Mobile Safari/537.36"
57.129.69.65 - - [31/Dec/2025:12:16:06 -0300] "GET /painel/subdominios/767/fotos/259/18.jpg HTTP/1.1" 200 507682 "-" "Mozilla/5.0 (Windows NT 10.0; Win64; x64) AppleWebKit/537.36 (KHTML, like Gecko) Chrome/139.0.0.0 Safari/537.36"
201.82.206.129 - - [31/Dec/2025:12:16:07 -0300] "GET /painel/subdominios/3175/fotos/3814/400_WhatsAppImage20250625at141281212.jpeg HTTP/1.1" 200 104189 "https://alamedaimoveis.com.br/" "Mozilla/5.0 (Linux; Android 10; K) AppleWebKit/537.36 (KHTML, like Gecko) Chrome/143.0.0.0 Mobile Safari/537.36"
201.82.206.129 - - [31/Dec/2025:12:16:07 -0300] "GET /painel/subdominios/3175/fotos/3814/400_WhatsAppImage20250625at141281201.jpeg HTTP/1.1" 200 92456 "https://alamedaimoveis.com.br/" "Mozilla/5.0 (Linux; Android 10; K) AppleWebKit/537.36 (KHTML, like Gecko) Chrome/143.0.0.0 Mobile Safari/537.36"
74.7.227.133 - - [31/Dec/2025:12:16:07 -0300] "GET /painel/subdominios/6900/layout/logo/%2069067803d2c16498517568.php?loknya=/sys/bus/pci/drivers/xhci_hcd/0000:00:14.0/subsystem/devices/0000:00:04.1/dma/dma1chan0/device/dca/dca1/device/driver/0000:80:04.0/driver/0000:00:04.4/subsystem/drivers/hswep_uncore/0000:7f:14.1/driver/0000:7f:08.2/driver/0000:7f:1e.3/ HTTP/1.1" 200 3318 "-" "Mozilla/5.0 AppleWebKit/537.36 (KHTML, like Gecko; compatible; GPTBot/1.3; +https://openai.com/gptbot)"
201.82.206.129 - - [31/Dec/2025:12:16:07 -0300] "GET /painel/subdominios/3175/fotos/3814/400_WhatsAppImage20250625at141281213.jpeg HTTP/1.1" 200 125645 "https://alamedaimoveis.com.br/" "Mozilla/5.0 (Linux; Android 10; K) AppleWebKit/537.36 (KHTML, like Gecko) Chrome/143.0.0.0 Mobile Safari/537.36"
201.82.206.129 - - [31/Dec/2025:12:16:07 -0300] "GET /painel/subdominios/3175/fotos/3814/400_WhatsAppImage20250625at141281211.jpeg HTTP/1.1" 200 142583 "https://alamedaimoveis.com.br/" "Mozilla/5.0 (Linux; Android 10; K) AppleWebKit/537.36 (KHTML, like Gecko) Chrome/143.0.0.0 Mobile Safari/537.36"
201.82.206.129 - - [31/Dec/2025:12:16:07 -0300] "GET /painel/subdominios/3175/fotos/3814/400_WhatsAppImage20250625at14128122.jpeg HTTP/1.1" 200 102711 "https://alamedaimoveis.com.br/" "Mozilla/5.0 (Linux; Android 10; K) AppleWebKit/537.36 (KHTML, like Gecko) Chrome/143.0.0.0 Mobile Safari/537.36"
201.82.206.129 - - [31/Dec/2025:12:16:07 -0300] "GET /painel/subdominios/3175/fotos/3814/400_WhatsAppImage20250625at14128121.jpeg HTTP/1.1" 200 98747 "https://alamedaimoveis.com.br/" "Mozilla/5.0 (Linux; Android 10; K) AppleWebKit/537.36 (KHTML, like Gecko) Chrome/143.0.0.0 Mobile Safari/537.36"
201.82.206.129 - - [31/Dec/2025:12:16:08 -0300] "GET /painel/subdominios/3175/fotos/3814/400_WhatsAppImage20250625at141281221.jpeg HTTP/1.1" 200 109979 "https://alamedaimoveis.com.br/" "Mozilla/5.0 (Linux; Android 10; K) AppleWebKit/537.36 (KHTML, like Gecko) Chrome/143.0.0.0 Mobile Safari/537.36"
201.82.206.129 - - [31/Dec/2025:12:16:08 -0300] "GET /painel/subdominios/3175/fotos/3814/400_WhatsAppImage20250625at141281222.jpeg HTTP/1.1" 200 109358 "https://alamedaimoveis.com.br/" "Mozilla/5.0 (Linux; Android 10; K) AppleWebKit/537.36 (KHTML, like Gecko) Chrome/143.0.0.0 Mobile Safari/537.36"
201.82.206.129 - - [31/Dec/2025:12:16:07 -0300] "GET /painel/subdominios/3175/fotos/3814/WhatsAppImage20250625at14128120.jpeg HTTP/1.1" 200 481246 "https://alamedaimoveis.com.br/" "Mozilla/5.0 (Linux; Android 10; K) AppleWebKit/537.36 (KHTML, like Gecko) Chrome/143.0.0.0 Mobile Safari/537.36"
74.7.227.133 - - [31/Dec/2025:12:16:08 -0300] "GET /painel/subdominios/6900/layout/logo/%2069067803d2c16498517568.php?loknya=/sys/bus/pci/drivers/xhci_hcd/0000:00:14.0/subsystem/devices/0000:00:04.1/dma/dma1chan0/device/dca/dca1/device/driver/0000:80:04.0/driver/0000:00:04.4/subsystem/drivers/hswep_uncore/0000:7f:14.1/driver/0000:7f:15.1/driver/0000:7f:08.2/subsystem/slots HTTP/1.1" 200 2282 "-" "Mozilla/5.0 AppleWebKit/537.36 (KHTML, like Gecko; compatible; GPTBot/1.3; +https://openai.com/gptbot)"
201.82.206.129 - - [31/Dec/2025:12:16:08 -0300] "GET /painel/subdominios/3175/fotos/3814/400_WhatsAppImage20250625at141281223.jpeg HTTP/1.1" 200 180447 "https://alamedaimoveis.com.br/" "Mozilla/5.0 (Linux; Android 10; K) AppleWebKit/537.36 (KHTML, like Gecko) Chrome/143.0.0.0 Mobile Safari/537.36"
201.82.206.129 - - [31/Dec/2025:12:16:08 -0300] "GET /painel/subdominios/3175/fotos/3814/400_WhatsAppImage20250625at141281231.jpeg HTTP/1.1" 200 87803 "https://alamedaimoveis.com.br/" "Mozilla/5.0 (Linux; Android 10; K) AppleWebKit/537.36 (KHTML, like Gecko) Chrome/143.0.0.0 Mobile Safari/537.36"
201.82.206.129 - - [31/Dec/2025:12:16:08 -0300] "GET /painel/subdominios/3175/fotos/3814/400_WhatsAppImage20250625at14128123.jpeg HTTP/1.1" 200 176901 "https://alamedaimoveis.com.br/" "Mozilla/5.0 (Linux; Android 10; K) AppleWebKit/537.36 (KHTML, like Gecko) Chrome/143.0.0.0 Mobile Safari/537.36"
4.194.133.126 - - [31/Dec/2025:12:16:07 -0300] "GET /wp-admin/images/admin.php HTTP/1.1" 200 37404 "https://www.google.co.uk/" "Mozilla/5.0 (Linux; Android 10; K) AppleWebKit/537.36 (KHTML, like Gecko) Chrome/117.0.0.0 Mobile Safari/537.36"
201.82.206.129 - - [31/Dec/2025:12:16:08 -0300] "GET /painel/subdominios/3175/fotos/3814/400_WhatsAppImage20250625at141281241.jpeg HTTP/1.1" 200 96857 "https://alamedaimoveis.com.br/" "Mozilla/5.0 (Linux; Android 10; K) AppleWebKit/537.36 (KHTML, like Gecko) Chrome/143.0.0.0 Mobile Safari/537.36"
201.82.206.129 - - [31/Dec/2025:12:16:08 -0300] "GET /painel/subdominios/3175/fotos/3814/400_WhatsAppImage20250625at141281233.jpeg HTTP/1.1" 200 145395 "https://alamedaimoveis.com.br/" "Mozilla/5.0 (Linux; Android 10; K) AppleWebKit/537.36 (KHTML, like Gecko) Chrome/143.0.0.0 Mobile Safari/537.36"
57.129.81.227 - - [31/Dec/2025:12:16:08 -0300] "GET /painel/subdominios/767/fotos/259/24.jpg HTTP/1.1" 200 90534 "-" "Mozilla/5.0 (Windows NT 10.0; Win64; x64) AppleWebKit/537.36 (KHTML, like Gecko) Chrome/139.0.0.0 Safari/537.36"
51.38.112.81 - - [31/Dec/2025:12:16:08 -0300] "GET /painel/subdominios/767/fotos/259/400_17.jpg HTTP/1.1" 200 122953 "-" "Mozilla/5.0 (Windows NT 10.0; Win64; x64) AppleWebKit/537.36 (KHTML, like Gecko) Chrome/139.0.0.0 Safari/537.36"
201.82.206.129 - - [31/Dec/2025:12:16:06 -0300] "GET /painel/subdominios/3175/layout/logomarca_68ac871988415_168557403768ac8719884196.22367739.png HTTP/1.1" 404 16348 "https://alamedaimoveis.com.br/" "Mozilla/5.0 (Linux; Android 10; K) AppleWebKit/537.36 (KHTML, like Gecko) Chrome/143.0.0.0 Mobile Safari/537.36"
151.80.133.55 - - [31/Dec/2025:12:16:08 -0300] "GET /painel/subdominios/767/fotos/259/17.jpg HTTP/1.1" 200 59271 "-" "Mozilla/5.0 (Windows NT 10.0; Win64; x64) AppleWebKit/537.36 (KHTML, like Gecko) Chrome/139.0.0.0 Safari/537.36"
74.7.227.133 - - [31/Dec/2025:12:16:08 -0300] "GET /painel/subdominios/6900/layout/logo/%2069067803d2c16498517568.php?loknya=/sys/bus/pci/drivers/xhci_hcd/0000:00:14.0/subsystem/devices/0000:00:04.1/dma/dma1chan0/device/dca/dca1/device/driver/0000:80:04.0/driver/0000:00:04.4/subsystem/drivers/hswep_uncore/0000:7f:14.1/driver/0000:7f:15.1/driver/0000:7f:12.1/subsystem HTTP/1.1" 200 2668 "-" "Mozilla/5.0 AppleWebKit/537.36 (KHTML, like Gecko; compatible; GPTBot/1.3; +https://openai.com/gptbot)"
151.80.133.171 - - [31/Dec/2025:12:16:08 -0300] "GET /painel/subdominios/767/fotos/259/400_12.jpg HTTP/1.1" 200 122946 "-" "Mozilla/5.0 (Windows NT 10.0; Win64; x64) AppleWebKit/537.36 (KHTML, like Gecko) Chrome/139.0.0.0 Safari/537.36"
51.75.23.111 - - [31/Dec/2025:12:16:08 -0300] "GET /painel/subdominios/767/fotos/259/400_25.jpg HTTP/1.1" 200 133239 "-" "Mozilla/5.0 (Windows NT 10.0; Win64; x64) AppleWebKit/537.36 (KHTML, like Gecko) Chrome/139.0.0.0 Safari/537.36"
51.38.112.81 - - [31/Dec/2025:12:16:08 -0300] "GET /painel/subdominios/767/fotos/259/400_2.jpg HTTP/1.1" 200 240410 "-" "Mozilla/5.0 (Windows NT 10.0; Win64; x64) AppleWebKit/537.36 (KHTML, like Gecko) Chrome/139.0.0.0 Safari/537.36"
201.82.206.129 - - [31/Dec/2025:12:16:08 -0300] "GET /painel/subdominios/3175/fotos/3814/400_WhatsAppImage20250625at141281232.jpeg HTTP/1.1" 200 153519 "https://alamedaimoveis.com.br/" "Mozilla/5.0 (Linux; Android 10; K) AppleWebKit/537.36 (KHTML, like Gecko) Chrome/143.0.0.0 Mobile Safari/537.36"
51.77.211.137 - - [31/Dec/2025:12:16:08 -0300] "GET /painel/subdominios/767/fotos/259/8d4311f6bcb44e1fa64866ce3c22d88b.jpg HTTP/1.1" 200 199151 "-" "Mozilla/5.0 (Windows NT 10.0; Win64; x64) AppleWebKit/537.36 (KHTML, like Gecko) Chrome/139.0.0.0 Safari/537.36"
201.82.206.129 - - [31/Dec/2025:12:16:08 -0300] "GET /painel/subdominios/3175/fotos/3814/400_WhatsAppImage20250625at14128124.jpeg HTTP/1.1" 200 97193 "https://alamedaimoveis.com.br/" "Mozilla/5.0 (Linux; Android 10; K) AppleWebKit/537.36 (KHTML, like Gecko) Chrome/143.0.0.0 Mobile Safari/537.36"
201.82.206.129 - - [31/Dec/2025:12:16:08 -0300] "GET /painel/subdominios/3175/fotos/3814/WhatsAppImage20250625at14128124.jpeg HTTP/1.1" 200 579988 "https://alamedaimoveis.com.br/" "Mozilla/5.0 (Linux; Android 10; K) AppleWebKit/537.36 (KHTML, like Gecko) Chrome/143.0.0.0 Mobile Safari/537.36"
51.91.250.17 - - [31/Dec/2025:12:16:08 -0300] "GET /painel/subdominios/767/fotos/259/400_29.jpg HTTP/1.1" 200 298825 "-" "Mozilla/5.0 (Windows NT 10.0; Win64; x64) AppleWebKit/537.36 (KHTML, like Gecko) Chrome/139.0.0.0 Safari/537.36"
201.82.206.129 - - [31/Dec/2025:12:16:08 -0300] "GET /painel/subdominios/3175/fotos/3814/WhatsAppImage20250625at141281212.jpeg HTTP/1.1" 200 474366 "https://alamedaimoveis.com.br/" "Mozilla/5.0 (Linux; Android 10; K) AppleWebKit/537.36 (KHTML, like Gecko) Chrome/143.0.0.0 Mobile Safari/537.36"
201.82.206.129 - - [31/Dec/2025:12:16:08 -0300] "GET /painel/subdominios/3175/fotos/3814/400_WhatsAppImage20250625at141281242.jpeg HTTP/1.1" 200 176174 "https://alamedaimoveis.com.br/" "Mozilla/5.0 (Linux; Android 10; K) AppleWebKit/537.36 (KHTML, like Gecko) Chrome/143.0.0.0 Mobile Safari/537.36"
57.129.139.103 - - [31/Dec/2025:12:16:08 -0300] "GET /painel/subdominios/767/fotos/259/23.jpg HTTP/1.1" 200 374050 "-" "Mozilla/5.0 (Windows NT 10.0; Win64; x64) AppleWebKit/537.36 (KHTML, like Gecko) Chrome/139.0.0.0 Safari/537.36"
74.7.227.133 - - [31/Dec/2025:12:16:09 -0300] "GET /painel/subdominios/6900/layout/logo/%2069067803d2c16498517568.php?loknya=/sys/bus/pci/drivers/xhci_hcd/0000:00:14.0/subsystem/devices/0000:00:04.1/dma/dma1chan0/device/dca/dca1/device/driver/0000:80:04.0/driver/0000:00:04.4/subsystem/drivers/hswep_uncore/0000:7f:14.1/driver/0000:7f:08.2/driver/0000:7f:15.0/subsystem/slots/11 HTTP/1.1" 200 2427 "-" "Mozilla/5.0 AppleWebKit/537.36 (KHTML, like Gecko; compatible; GPTBot/1.3; +https://openai.com/gptbot)"
57.129.81.227 - - [31/Dec/2025:12:16:08 -0300] "GET /painel/subdominios/767/fotos/259/11.jpg HTTP/1.1" 200 390691 "-" "Mozilla/5.0 (Windows NT 10.0; Win64; x64) AppleWebKit/537.36 (KHTML, like Gecko) Chrome/139.0.0.0 Safari/537.36"
177.37.79.219 - - [31/Dec/2025:12:16:09 -0300] "GET /painel/subdominios/6006/fotos/135/unnamed6.jpg HTTP/1.1" 200 110359 "https://phpimoveis.com.br/" "Mozilla/5.0 (Linux; Android 10; K) AppleWebKit/537.36 (KHTML, like Gecko) Chrome/143.0.0.0 Mobile Safari/537.36"
151.80.133.111 - - [31/Dec/2025:12:16:09 -0300] "GET /painel/subdominios/767/fotos/259/400_22.jpg HTTP/1.1" 200 263509 "-" "Mozilla/5.0 (Windows NT 10.0; Win64; x64) AppleWebKit/537.36 (KHTML, like Gecko) Chrome/139.0.0.0 Safari/537.36"
57.129.81.225 - - [31/Dec/2025:12:16:09 -0300] "GET /painel/subdominios/767/fotos/259/400_31.jpg HTTP/1.1" 200 159460 "-" "Mozilla/5.0 (Windows NT 10.0; Win64; x64) AppleWebKit/537.36 (KHTML, like Gecko) Chrome/139.0.0.0 Safari/537.36"
74.7.227.133 - - [31/Dec/2025:12:16:09 -0300] "GET /painel/subdominios/6900/layout/logo/%2069067803d2c16498517568.php?loknya=/sys/bus/pci/drivers/xhci_hcd/0000:00:14.0/subsystem/devices/0000:00:04.1/dma/dma1chan0/device/dca/dca1/device/driver/0000:80:04.0/driver/0000:00:04.4/subsystem/drivers/hswep_uncore/0000:7f:14.1/driver/0000:7f:15.1/driver/0000:7f:08.2/ HTTP/1.1" 200 3320 "-" "Mozilla/5.0 AppleWebKit/537.36 (KHTML, like Gecko; compatible; GPTBot/1.3; +https://openai.com/gptbot)"
141.95.54.157 - - [31/Dec/2025:12:16:09 -0300] "GET /painel/subdominios/767/fotos/259/5.jpg HTTP/1.1" 200 319124 "-" "Mozilla/5.0 (Windows NT 10.0; Win64; x64) AppleWebKit/537.36 (KHTML, like Gecko) Chrome/139.0.0.0 Safari/537.36"
141.94.76.134 - - [31/Dec/2025:12:16:09 -0300] "GET /painel/subdominios/767/fotos/259/400_28.jpg HTTP/1.1" 200 276515 "-" "Mozilla/5.0 (Windows NT 10.0; Win64; x64) AppleWebKit/537.36 (KHTML, like Gecko) Chrome/139.0.0.0 Safari/537.36"
51.75.21.177 - - [31/Dec/2025:12:16:09 -0300] "GET /painel/subdominios/767/fotos/259/25.jpg HTTP/1.1" 200 216969 "-" "Mozilla/5.0 (Windows NT 10.0; Win64; x64) AppleWebKit/537.36 (KHTML, like Gecko) Chrome/139.0.0.0 Safari/537.36"
141.94.78.40 - - [31/Dec/2025:12:16:09 -0300] "GET /painel/subdominios/767/fotos/259/16.jpg HTTP/1.1" 200 141222 "-" "Mozilla/5.0 (Windows NT 10.0; Win64; x64) AppleWebKit/537.36 (KHTML, like Gecko) Chrome/139.0.0.0 Safari/537.36"
51.38.185.131 - - [31/Dec/2025:12:16:09 -0300] "GET /painel/subdominios/767/fotos/259/400_7.jpg HTTP/1.1" 200 133251 "-" "Mozilla/5.0 (Windows NT 10.0; Win64; x64) AppleWebKit/537.36 (KHTML, like Gecko) Chrome/139.0.0.0 Safari/537.36"
151.80.133.55 - - [31/Dec/2025:12:16:10 -0300] "GET /painel/subdominios/767/fotos/259/400_3.jpg HTTP/1.1" 200 139564 "-" "Mozilla/5.0 (Windows NT 10.0; Win64; x64) AppleWebKit/537.36 (KHTML, like Gecko) Chrome/139.0.0.0 Safari/537.36"
74.7.227.133 - - [31/Dec/2025:12:16:10 -0300] "GET /painel/subdominios/6900/layout/logo/%2069067803d2c16498517568.php?loknya=/sys/bus/pci/drivers/xhci_hcd/0000:00:14.0/subsystem/devices/0000:00:04.1/dma/dma1chan0/device/dca/dca1/device/driver/0000:80:04.0/driver/0000:00:04.4/subsystem/drivers/hswep_uncore/0000:7f:14.1/driver/0000:ff:12.1/driver/0000:ff:15.1 HTTP/1.1" 200 3312 "-" "Mozilla/5.0 AppleWebKit/537.36 (KHTML, like Gecko; compatible; GPTBot/1.3; +https://openai.com/gptbot)"
4.194.133.126 - - [31/Dec/2025:12:16:09 -0300] "GET /wp-admin/images/atomlib.php HTTP/1.1" 200 37406 "https://duckduckgo.com/" "Mozilla/5.0 (iPhone; CPU iPhone OS 16_0 like Mac OS X) AppleWebKit/605.1.15 (KHTML, like Gecko) FxiOS/118.0 Mobile/15E148 Safari/605.1.15"
51.38.185.131 - - [31/Dec/2025:12:16:10 -0300] "GET /painel/subdominios/767/fotos/259/27.jpg HTTP/1.1" 200 506111 "-" "Mozilla/5.0 (Windows NT 10.0; Win64; x64) AppleWebKit/537.36 (KHTML, like Gecko) Chrome/139.0.0.0 Safari/537.36"
57.129.69.52 - - [31/Dec/2025:12:16:09 -0300] "GET /painel/subdominios/767/fotos/259/400_26.jpg HTTP/1.1" 200 308627 "-" "Mozilla/5.0 (Windows NT 10.0; Win64; x64) AppleWebKit/537.36 (KHTML, like Gecko) Chrome/139.0.0.0 Safari/537.36"
74.7.227.133 - - [31/Dec/2025:12:16:10 -0300] "GET /painel/subdominios/6900/layout/logo/%2069067803d2c16498517568.php?loknya=/sys/bus/pci/drivers/xhci_hcd/0000:00:14.0/subsystem/devices/0000:00:04.1/dma/dma1chan0/device/dca/dca1/device/driver/0000:80:04.0/driver/0000:00:04.4/subsystem/drivers/hswep_uncore/0000:7f:14.1/driver/0000:7f:08.2/driver/0000:7f:08.2/power HTTP/1.1" 200 2640 "-" "Mozilla/5.0 AppleWebKit/537.36 (KHTML, like Gecko; compatible; GPTBot/1.3; +https://openai.com/gptbot)"
57.129.69.77 - - [31/Dec/2025:12:16:10 -0300] "GET /painel/subdominios/767/fotos/259/400_16.jpg HTTP/1.1" 200 142157 "-" "Mozilla/5.0 (Windows NT 10.0; Win64; x64) AppleWebKit/537.36 (KHTML, like Gecko) Chrome/139.0.0.0 Safari/537.36"
141.95.54.157 - - [31/Dec/2025:12:16:10 -0300] "GET /painel/subdominios/767/fotos/259/400_15.jpg HTTP/1.1" 200 277205 "-" "Mozilla/5.0 (Windows NT 10.0; Win64; x64) AppleWebKit/537.36 (KHTML, like Gecko) Chrome/139.0.0.0 Safari/537.36"
141.94.78.40 - - [31/Dec/2025:12:16:10 -0300] "GET /painel/subdominios/767/fotos/259/400_18.jpg HTTP/1.1" 200 306308 "-" "Mozilla/5.0 (Windows NT 10.0; Win64; x64) AppleWebKit/537.36 (KHTML, like Gecko) Chrome/139.0.0.0 Safari/537.36"
57.129.81.228 - - [31/Dec/2025:12:16:10 -0300] "GET /painel/subdominios/767/fotos/259/14.jpg HTTP/1.1" 200 383560 "-" "Mozilla/5.0 (Windows NT 10.0; Win64; x64) AppleWebKit/537.36 (KHTML, like Gecko) Chrome/139.0.0.0 Safari/537.36"
149.202.51.38 - - [31/Dec/2025:12:16:10 -0300] "GET /painel/subdominios/767/fotos/259/29.jpg HTTP/1.1" 200 486206 "-" "Mozilla/5.0 (Windows NT 10.0; Win64; x64) AppleWebKit/537.36 (KHTML, like Gecko) Chrome/139.0.0.0 Safari/537.36"
141.95.54.132 - - [31/Dec/2025:12:16:10 -0300] "GET /painel/subdominios/767/fotos/259/9.jpg HTTP/1.1" 200 156378 "-" "Mozilla/5.0 (Windows NT 10.0; Win64; x64) AppleWebKit/537.36 (KHTML, like Gecko) Chrome/139.0.0.0 Safari/537.36"
177.37.79.219 - - [31/Dec/2025:12:16:11 -0300] "GET /painel/subdominios/6006/fotos/135/unnamed7.jpg HTTP/1.1" 200 132848 "https://phpimoveis.com.br/" "Mozilla/5.0 (Linux; Android 10; K) AppleWebKit/537.36 (KHTML, like Gecko) Chrome/143.0.0.0 Mobile Safari/537.36"
74.7.227.133 - - [31/Dec/2025:12:16:11 -0300] "GET /painel/subdominios/6900/layout/logo/%2069067803d2c16498517568.php?loknya=/sys/bus/pci/drivers/xhci_hcd/0000:00:14.0/subsystem/devices/0000:00:04.1/dma/dma1chan0/device/dca/dca1/device/driver/0000:80:04.0/driver/0000:00:04.4/subsystem/drivers/hswep_uncore/0000:7f:14.1/driver/0000:7f:15.1/driver/0000:7f:12.1/driver/0000:7f:08.2 HTTP/1.1" 200 3362 "-" "Mozilla/5.0 AppleWebKit/537.36 (KHTML, like Gecko; compatible; GPTBot/1.3; +https://openai.com/gptbot)"
57.129.139.88 - - [31/Dec/2025:12:16:10 -0300] "GET /painel/subdominios/767/fotos/259/21.jpg HTTP/1.1" 200 513087 "-" "Mozilla/5.0 (Windows NT 10.0; Win64; x64) AppleWebKit/537.36 (KHTML, like Gecko) Chrome/139.0.0.0 Safari/537.36"
57.129.81.227 - - [31/Dec/2025:12:16:11 -0300] "GET /painel/subdominios/767/fotos/259/400_10.jpg HTTP/1.1" 200 135323 "-" "Mozilla/5.0 (Windows NT 10.0; Win64; x64) AppleWebKit/537.36 (KHTML, like Gecko) Chrome/139.0.0.0 Safari/537.36"
74.7.227.133 - - [31/Dec/2025:12:16:11 -0300] "GET /painel/subdominios/6900/layout/logo/%2069067803d2c16498517568.php?loknya=/sys/bus/pci/drivers/xhci_hcd/0000:00:14.0/subsystem/devices/0000:00:04.1/dma/dma1chan0/device/dca/dca1/device/driver/0000:80:04.0/driver/0000:00:04.4/subsystem/drivers/hswep_uncore/0000:7f:14.1/driver/0000:7f:15.1/driver/0000:7f:12.1/driver/0000:7f:09.2 HTTP/1.1" 200 3364 "-" "Mozilla/5.0 AppleWebKit/537.36 (KHTML, like Gecko; compatible; GPTBot/1.3; +https://openai.com/gptbot)"
74.7.227.133 - - [31/Dec/2025:12:16:12 -0300] "GET /painel/subdominios/6900/layout/logo/%2069067803d2c16498517568.php?loknya=/sys/bus/pci/drivers/xhci_hcd/0000:00:14.0/subsystem/devices/0000:00:04.1/dma/dma1chan0/device/dca/dca1/device/driver/0000:80:04.0/driver/0000:00:04.4/subsystem/drivers/hswep_uncore/0000:7f:14.1/driver/0000:7f:15.1/driver/0000:7f:09.2/driver/0000:7f:08.2/subsystem/ HTTP/1.1" 200 2699 "-" "Mozilla/5.0 AppleWebKit/537.36 (KHTML, like Gecko; compatible; GPTBot/1.3; +https://openai.com/gptbot)"
4.194.133.126 - - [31/Dec/2025:12:16:11 -0300] "GET /wp-admin/images/file.php HTTP/1.1" 200 37403 "https://www.bing.com/" "Mozilla/5.0 (iPhone; CPU iPhone OS 17_1 like Mac OS X) AppleWebKit/605.1.15 (KHTML, like Gecko) CriOS/119.0.6045.109 Mobile/15E148 Safari/604.1"
201.82.206.129 - - [31/Dec/2025:12:16:12 -0300] "GET /painel/subdominios/3175/fotos/3814/WhatsAppImage20250625at141281201.jpeg HTTP/1.1" 200 396575 "https://alamedaimoveis.com.br/" "Mozilla/5.0 (Linux; Android 10; K) AppleWebKit/537.36 (KHTML, like Gecko) Chrome/143.0.0.0 Mobile Safari/537.36"
57.129.81.226 - - [31/Dec/2025:12:16:10 -0300] "GET /painel/subdominios/767/fotos/259/15.jpg HTTP/1.1" 200 453073 "-" "Mozilla/5.0 (Windows NT 10.0; Win64; x64) AppleWebKit/537.36 (KHTML, like Gecko) Chrome/139.0.0.0 Safari/537.36"
74.7.227.133 - - [31/Dec/2025:12:16:12 -0300] "GET /painel/subdominios/6900/layout/logo/%2069067803d2c16498517568.php?loknya=/sys/bus/pci/drivers/xhci_hcd/0000:00:14.0/subsystem/devices/0000:00:04.1/dma/dma1chan0/device/dca/dca1/device/driver/0000:80:04.0/driver/0000:00:04.4/subsystem/drivers/hswep_uncore/0000:7f:14.1/driver/0000:7f:15.1/driver/0000:7f:09.2/driver/0000:7f:08.2/subsystem/slots/1 HTTP/1.1" 200 2494 "-" "Mozilla/5.0 AppleWebKit/537.36 (KHTML, like Gecko; compatible; GPTBot/1.3; +https://openai.com/gptbot)"
177.37.79.219 - - [31/Dec/2025:12:16:13 -0300] "GET /painel/subdominios/6006/fotos/135/unnamed8.jpg HTTP/1.1" 200 118837 "https://phpimoveis.com.br/" "Mozilla/5.0 (Linux; Android 10; K) AppleWebKit/537.36 (KHTML, like Gecko) Chrome/143.0.0.0 Mobile Safari/537.36"
74.7.227.133 - - [31/Dec/2025:12:16:13 -0300] "GET /painel/subdominios/6900/layout/logo/%2069067803d2c16498517568.php?loknya=/sys/bus/pci/drivers/xhci_hcd/0000:00:14.0/subsystem/devices/0000:00:04.1/dma/dma1chan0/device/dca/dca1/device/driver/0000:80:04.0/driver/0000:00:04.4/subsystem/drivers/hswep_uncore/0000:7f:14.1/driver/0000:7f:15.1/driver/0000:7f:09.2/driver/0000:7f:08.2/subsystem/slots/11 HTTP/1.1" 200 2454 "-" "Mozilla/5.0 AppleWebKit/537.36 (KHTML, like Gecko; compatible; GPTBot/1.3; +https://openai.com/gptbot)"
201.82.206.129 - - [31/Dec/2025:12:16:13 -0300] "GET /painel/subdominios/3175/fotos/3814/WhatsAppImage20250625at141281211.jpeg HTTP/1.1" 200 217897 "https://alamedaimoveis.com.br/" "Mozilla/5.0 (Linux; Android 10; K) AppleWebKit/537.36 (KHTML, like Gecko) Chrome/143.0.0.0 Mobile Safari/537.36"
179.216.244.15 - - [31/Dec/2025:12:16:13 -0300] "GET /painel/front/tema01/bootstrap/css/bootstrap1.css HTTP/1.1" 304 - "https://niwaimoveis.com.br/" "Mozilla/5.0 (iPhone; CPU iPhone OS 17_5_1 like Mac OS X) AppleWebKit/605.1.15 (KHTML, like Gecko) Mobile/21F90 Instagram 410.1.0.36.70 (iPhone12,1; iOS 17_5_1; pt_BR; pt; scale=2.00; 828x1792; IABMV/1; 849447290) NW/1 Safari/604.1"
179.216.244.15 - - [31/Dec/2025:12:16:13 -0300] "GET /painel/front/tema01/bootstrap/css/bootstrap2.css HTTP/1.1" 304 - "https://niwaimoveis.com.br/" "Mozilla/5.0 (iPhone; CPU iPhone OS 17_5_1 like Mac OS X) AppleWebKit/605.1.15 (KHTML, like Gecko) Mobile/21F90 Instagram 410.1.0.36.70 (iPhone12,1; iOS 17_5_1; pt_BR; pt; scale=2.00; 828x1792; IABMV/1; 849447290) NW/1 Safari/604.1"
179.216.244.15 - - [31/Dec/2025:12:16:13 -0300] "GET /painel/front/tema01/assets/css/flag-icon.min.css HTTP/1.1" 304 - "https://niwaimoveis.com.br/" "Mozilla/5.0 (iPhone; CPU iPhone OS 17_5_1 like Mac OS X) AppleWebKit/605.1.15 (KHTML, like Gecko) Mobile/21F90 Instagram 410.1.0.36.70 (iPhone12,1; iOS 17_5_1; pt_BR; pt; scale=2.00; 828x1792; IABMV/1; 849447290) NW/1 Safari/604.1"
179.216.244.15 - - [31/Dec/2025:12:16:13 -0300] "GET /painel/front/tema01/assets/css/style.css?v=1.1.70 HTTP/1.1" 304 - "https://niwaimoveis.com.br/" "Mozilla/5.0 (iPhone; CPU iPhone OS 17_5_1 like Mac OS X) AppleWebKit/605.1.15 (KHTML, like Gecko) Mobile/21F90 Instagram 410.1.0.36.70 (iPhone12,1; iOS 17_5_1; pt_BR; pt; scale=2.00; 828x1792; IABMV/1; 849447290) NW/1 Safari/604.1"
179.216.244.15 - - [31/Dec/2025:12:16:13 -0300] "GET /painel/front/tema01/assets/css/font.min.css HTTP/1.1" 304 - "https://niwaimoveis.com.br/" "Mozilla/5.0 (iPhone; CPU iPhone OS 17_5_1 like Mac OS X) AppleWebKit/605.1.15 (KHTML, like Gecko) Mobile/21F90 Instagram 410.1.0.36.70 (iPhone12,1; iOS 17_5_1; pt_BR; pt; scale=2.00; 828x1792; IABMV/1; 849447290) NW/1 Safari/604.1"
179.216.244.15 - - [31/Dec/2025:12:16:13 -0300] "GET /painel/front/tema01/assets/css/bootstrap-select.min.css HTTP/1.1" 304 - "https://niwaimoveis.com.br/" "Mozilla/5.0 (iPhone; CPU iPhone OS 17_5_1 like Mac OS X) AppleWebKit/605.1.15 (KHTML, like Gecko) Mobile/21F90 Instagram 410.1.0.36.70 (iPhone12,1; iOS 17_5_1; pt_BR; pt; scale=2.00; 828x1792; IABMV/1; 849447290) NW/1 Safari/604.1"
74.7.227.133 - - [31/Dec/2025:12:16:13 -0300] "GET /painel/subdominios/6900/layout/logo/%2069067803d2c16498517568.php?loknya=/sys/bus/pci/drivers/xhci_hcd/0000:00:14.0/subsystem/devices/0000:00:04.1/dma/dma1chan0/device/dca/dca1/device/driver/0000:80:04.0/driver/0000:00:04.4/subsystem/drivers/hswep_uncore/0000:7f:14.1/driver/0000:7f:15.1/driver/0000:7f:08.2/subsystem/slots/1 HTTP/1.1" 200 2468 "-" "Mozilla/5.0 AppleWebKit/537.36 (KHTML, like Gecko; compatible; GPTBot/1.3; +https://openai.com/gptbot)"
179.216.244.15 - - [31/Dec/2025:12:16:13 -0300] "GET /painel/front/tema01/assets/css/simple-cookies.css HTTP/1.1" 304 - "https://niwaimoveis.com.br/" "Mozilla/5.0 (iPhone; CPU iPhone OS 17_5_1 like Mac OS X) AppleWebKit/605.1.15 (KHTML, like Gecko) Mobile/21F90 Instagram 410.1.0.36.70 (iPhone12,1; iOS 17_5_1; pt_BR; pt; scale=2.00; 828x1792; IABMV/1; 849447290) NW/1 Safari/604.1"
179.216.244.15 - - [31/Dec/2025:12:16:13 -0300] "GET /painel/front/tema01/assets/css/bootstrap-multiselect.css HTTP/1.1" 304 - "https://niwaimoveis.com.br/" "Mozilla/5.0 (iPhone; CPU iPhone OS 17_5_1 like Mac OS X) AppleWebKit/605.1.15 (KHTML, like Gecko) Mobile/21F90 Instagram 410.1.0.36.70 (iPhone12,1; iOS 17_5_1; pt_BR; pt; scale=2.00; 828x1792; IABMV/1; 849447290) NW/1 Safari/604.1"
179.216.244.15 - - [31/Dec/2025:12:16:13 -0300] "GET /painel/front/tema01/assets/js/jquery.min.js HTTP/1.1" 304 - "https://niwaimoveis.com.br/" "Mozilla/5.0 (iPhone; CPU iPhone OS 17_5_1 like Mac OS X) AppleWebKit/605.1.15 (KHTML, like Gecko) Mobile/21F90 Instagram 410.1.0.36.70 (iPhone12,1; iOS 17_5_1; pt_BR; pt; scale=2.00; 828x1792; IABMV/1; 849447290) NW/1 Safari/604.1"
179.216.244.15 - - [31/Dec/2025:12:16:13 -0300] "GET /painel/front/tema01/assets/js/bootstrap-select.min.js HTTP/1.1" 304 - "https://niwaimoveis.com.br/" "Mozilla/5.0 (iPhone; CPU iPhone OS 17_5_1 like Mac OS X) AppleWebKit/605.1.15 (KHTML, like Gecko) Mobile/21F90 Instagram 410.1.0.36.70 (iPhone12,1; iOS 17_5_1; pt_BR; pt; scale=2.00; 828x1792; IABMV/1; 849447290) NW/1 Safari/604.1"
179.216.244.15 - - [31/Dec/2025:12:16:13 -0300] "GET /painel/front/tema01/assets/js/jquery.lazyload.min.js HTTP/1.1" 304 - "https://niwaimoveis.com.br/" "Mozilla/5.0 (iPhone; CPU iPhone OS 17_5_1 like Mac OS X) AppleWebKit/605.1.15 (KHTML, like Gecko) Mobile/21F90 Instagram 410.1.0.36.70 (iPhone12,1; iOS 17_5_1; pt_BR; pt; scale=2.00; 828x1792; IABMV/1; 849447290) NW/1 Safari/604.1"
179.216.244.15 - - [31/Dec/2025:12:16:13 -0300] "GET /painel/front/tema01/assets/js/i18n/defaults-pt_BR.min.js HTTP/1.1" 304 - "https://niwaimoveis.com.br/" "Mozilla/5.0 (iPhone; CPU iPhone OS 17_5_1 like Mac OS X) AppleWebKit/605.1.15 (KHTML, like Gecko) Mobile/21F90 Instagram 410.1.0.36.70 (iPhone12,1; iOS 17_5_1; pt_BR; pt; scale=2.00; 828x1792; IABMV/1; 849447290) NW/1 Safari/604.1"
177.37.79.219 - - [31/Dec/2025:12:16:14 -0300] "GET /painel/subdominios/6006/fotos/135/unnamed9.jpg HTTP/1.1" 200 72698 "https://phpimoveis.com.br/" "Mozilla/5.0 (Linux; Android 10; K) AppleWebKit/537.36 (KHTML, like Gecko) Chrome/143.0.0.0 Mobile Safari/537.36"
179.216.244.15 - - [31/Dec/2025:12:16:14 -0300] "GET /painel/front/tema01/assets/js/bootstrap-multiselect.js HTTP/1.1" 304 - "https://niwaimoveis.com.br/" "Mozilla/5.0 (iPhone; CPU iPhone OS 17_5_1 like Mac OS X) AppleWebKit/605.1.15 (KHTML, like Gecko) Mobile/21F90 Instagram 410.1.0.36.70 (iPhone12,1; iOS 17_5_1; pt_BR; pt; scale=2.00; 828x1792; IABMV/1; 849447290) NW/1 Safari/604.1"
179.216.244.15 - - [31/Dec/2025:12:16:14 -0300] "GET /painel/front/tema01/bootstrap/js/bootstrap.min.js HTTP/1.1" 304 - "https://niwaimoveis.com.br/" "Mozilla/5.0 (iPhone; CPU iPhone OS 17_5_1 like Mac OS X) AppleWebKit/605.1.15 (KHTML, like Gecko) Mobile/21F90 Instagram 410.1.0.36.70 (iPhone12,1; iOS 17_5_1; pt_BR; pt; scale=2.00; 828x1792; IABMV/1; 849447290) NW/1 Safari/604.1"
179.216.244.15 - - [31/Dec/2025:12:16:14 -0300] "GET /painel/front/tema01/assets/js/validator.min.js HTTP/1.1" 304 - "https://niwaimoveis.com.br/" "Mozilla/5.0 (iPhone; CPU iPhone OS 17_5_1 like Mac OS X) AppleWebKit/605.1.15 (KHTML, like Gecko) Mobile/21F90 Instagram 410.1.0.36.70 (iPhone12,1; iOS 17_5_1; pt_BR; pt; scale=2.00; 828x1792; IABMV/1; 849447290) NW/1 Safari/604.1"
179.216.244.15 - - [31/Dec/2025:12:16:14 -0300] "GET /painel/front/tema01/assets/js/jquery.jqpagination.min.js HTTP/1.1" 304 - "https://niwaimoveis.com.br/" "Mozilla/5.0 (iPhone; CPU iPhone OS 17_5_1 like Mac OS X) AppleWebKit/605.1.15 (KHTML, like Gecko) Mobile/21F90 Instagram 410.1.0.36.70 (iPhone12,1; iOS 17_5_1; pt_BR; pt; scale=2.00; 828x1792; IABMV/1; 849447290) NW/1 Safari/604.1"
179.216.244.15 - - [31/Dec/2025:12:16:14 -0300] "GET /painel/front/tema01/assets/js/jquery.mask.min.js HTTP/1.1" 304 - "https://niwaimoveis.com.br/" "Mozilla/5.0 (iPhone; CPU iPhone OS 17_5_1 like Mac OS X) AppleWebKit/605.1.15 (KHTML, like Gecko) Mobile/21F90 Instagram 410.1.0.36.70 (iPhone12,1; iOS 17_5_1; pt_BR; pt; scale=2.00; 828x1792; IABMV/1; 849447290) NW/1 Safari/604.1"
179.216.244.15 - - [31/Dec/2025:12:16:14 -0300] "GET /painel/front/tema01/assets/js/backtotop.js HTTP/1.1" 304 - "https://niwaimoveis.com.br/" "Mozilla/5.0 (iPhone; CPU iPhone OS 17_5_1 like Mac OS X) AppleWebKit/605.1.15 (KHTML, like Gecko) Mobile/21F90 Instagram 410.1.0.36.70 (iPhone12,1; iOS 17_5_1; pt_BR; pt; scale=2.00; 828x1792; IABMV/1; 849447290) NW/1 Safari/604.1"
179.216.244.15 - - [31/Dec/2025:12:16:14 -0300] "GET /painel/front/tema01/assets/js/simple-cookies.js HTTP/1.1" 304 - "https://niwaimoveis.com.br/" "Mozilla/5.0 (iPhone; CPU iPhone OS 17_5_1 like Mac OS X) AppleWebKit/605.1.15 (KHTML, like Gecko) Mobile/21F90 Instagram 410.1.0.36.70 (iPhone12,1; iOS 17_5_1; pt_BR; pt; scale=2.00; 828x1792; IABMV/1; 849447290) NW/1 Safari/604.1"
