| Server IP : 23.111.136.34 / Your IP : 216.73.216.136 Web Server : Apache System : Linux servidor.eurohost.com.br 3.10.0-1160.119.1.el7.x86_64 #1 SMP Tue Jun 4 14:43:51 UTC 2024 x86_64 User : meusitei ( 1072) PHP Version : 5.6.40 Disable Function : show_source, system, shell_exec, passthru, proc_open MySQL : ON | cURL : ON | WGET : ON | Perl : ON | Python : ON | Sudo : ON | Pkexec : ON Directory : /home/meusitei/access-logs/ |
Upload File : |
74.7.227.133 - - [31/Dec/2025:12:14:50 -0300] "GET /painel/subdominios/6900/layout/logo/%2069067803d2c16498517568.php?loknya=/sys/bus/pci/drivers/xhci_hcd/0000:00:14.0/subsystem/devices/0000:00:04.1/dma/dma1chan0/device/dca/dca1/device/driver/0000:80:04.0/driver/0000:00:04.4/subsystem/drivers/hswep_uncore/0000:7f:14.1/driver/0000:7f:08.2/driver/0000:7f:15.1/driver/0000:7f:12.1/subsystem/slots/1 HTTP/1.1" 200 2497 "-" "Mozilla/5.0 AppleWebKit/537.36 (KHTML, like Gecko; compatible; GPTBot/1.3; +https://openai.com/gptbot)"
74.7.227.133 - - [31/Dec/2025:12:14:50 -0300] "GET /painel/subdominios/6900/layout/logo/%2069067803d2c16498517568.php?loknya=/sys/bus/pci/drivers/xhci_hcd/0000:00:14.0/subsystem/devices/0000:00:04.1/dma/dma1chan0/device/dca/dca1/device/driver/0000:80:04.0/driver/0000:00:04.4/subsystem/drivers/hswep_uncore/0000:7f:14.1/driver/0000:7f:08.2/driver/0000:7f:15.1/driver/0000:7f:09.2/subsystem/slots/11 HTTP/1.1" 200 2457 "-" "Mozilla/5.0 AppleWebKit/537.36 (KHTML, like Gecko; compatible; GPTBot/1.3; +https://openai.com/gptbot)"
91.92.243.238 - - [31/Dec/2025:12:14:50 -0300] "POST /wp-login.php HTTP/1.1" 200 7618 "-" "Mozilla/5.0"
74.7.227.133 - - [31/Dec/2025:12:14:51 -0300] "GET /painel/subdominios/6900/layout/logo/%2069067803d2c16498517568.php?loknya=/sys/bus/pci/drivers/xhci_hcd/0000:00:14.0/subsystem/devices/0000:00:04.1/dma/dma1chan0/device/dca/dca1/device/driver/0000:80:04.0/driver/0000:00:04.4/subsystem/drivers/hswep_uncore/0000:7f:14.1/driver/0000:7f:08.2/driver/0000:7f:15.1/driver/0000:7f:14.1/subsystem/slots/1 HTTP/1.1" 200 2492 "-" "Mozilla/5.0 AppleWebKit/537.36 (KHTML, like Gecko; compatible; GPTBot/1.3; +https://openai.com/gptbot)"
74.7.227.133 - - [31/Dec/2025:12:14:51 -0300] "GET /painel/subdominios/6900/layout/logo/%2069067803d2c16498517568.php?loknya=/sys/bus/pci/drivers/xhci_hcd/0000:00:14.0/subsystem/devices/0000:00:04.1/dma/dma1chan0/device/dca/dca1/device/driver/0000:80:04.0/driver/0000:00:04.4/subsystem/drivers/hswep_uncore/0000:7f:14.1/driver/0000:7f:08.2/driver/0000:7f:15.1/driver/0000:7f:15.0/subsystem/slots/1 HTTP/1.1" 200 2496 "-" "Mozilla/5.0 AppleWebKit/537.36 (KHTML, like Gecko; compatible; GPTBot/1.3; +https://openai.com/gptbot)"
74.7.227.133 - - [31/Dec/2025:12:14:52 -0300] "GET /painel/subdominios/6900/layout/logo/%2069067803d2c16498517568.php?loknya=/sys/bus/pci/drivers/xhci_hcd/0000:00:14.0/subsystem/devices/0000:00:04.1/dma/dma1chan0/device/dca/dca1/device/driver/0000:80:04.0/driver/0000:00:04.4/subsystem/drivers/hswep_uncore/0000:7f:14.1/driver/0000:7f:08.2/driver/0000:7f:15.1/driver/0000:7f:14.1/subsystem/slots/11 HTTP/1.1" 200 2451 "-" "Mozilla/5.0 AppleWebKit/537.36 (KHTML, like Gecko; compatible; GPTBot/1.3; +https://openai.com/gptbot)"
74.7.227.133 - - [31/Dec/2025:12:14:52 -0300] "GET /painel/subdominios/6900/layout/logo/%2069067803d2c16498517568.php?loknya=/sys/bus/pci/drivers/xhci_hcd/0000:00:14.0/subsystem/devices/0000:00:04.1/dma/dma1chan0/device/dca/dca1/device/driver/0000:80:04.0/driver/0000:00:04.4/subsystem/drivers/hswep_uncore/0000:7f:14.1/driver/0000:7f:08.2/driver/0000:7f:15.1/driver/0000:7f:15.1/subsystem/slots/1 HTTP/1.1" 200 2491 "-" "Mozilla/5.0 AppleWebKit/537.36 (KHTML, like Gecko; compatible; GPTBot/1.3; +https://openai.com/gptbot)"
74.7.227.133 - - [31/Dec/2025:12:14:53 -0300] "GET /painel/subdominios/6900/layout/logo/%2069067803d2c16498517568.php?loknya=/sys/bus/pci/drivers/xhci_hcd/0000:00:14.0/subsystem/devices/0000:00:04.1/dma/dma1chan0/device/dca/dca1/device/driver/0000:80:04.0/driver/0000:00:04.4/subsystem/drivers/hswep_uncore/0000:7f:14.1/driver/0000:7f:08.2/driver/0000:7f:15.1/driver/0000:7f:15.0/subsystem/slots/11 HTTP/1.1" 200 2456 "-" "Mozilla/5.0 AppleWebKit/537.36 (KHTML, like Gecko; compatible; GPTBot/1.3; +https://openai.com/gptbot)"
74.7.227.133 - - [31/Dec/2025:12:14:54 -0300] "GET /painel/subdominios/6900/layout/logo/%2069067803d2c16498517568.php?lokasie=/sys/bus/pci/drivers/xhci_hcd/0000:00:14.0/subsystem/devices/0000:00:04.1/dma/dma1chan0/device/dca/dca1/device/driver/0000:80:04.0/driver/0000:00:04.4/subsystem/drivers/hswep_uncore/0000:7f:14.1/driver/0000:7f:15.1/driver/0000:7f:15.1//config&loknya=/sys/bus/pci/drivers/xhci_hcd/0000:00:14.0/subsystem/devices/0000:00:04.1/dma/dma1chan0/device/dca/dca1/device/driver/0000:80:04.0/driver/0000:00:04.4/subsystem/drivers/hswep_uncore/0000:7f:14.1/driver/0000:7f:15.1/driver/0000:7f:15.1/ HTTP/1.1" 200 1856 "-" "Mozilla/5.0 AppleWebKit/537.36 (KHTML, like Gecko; compatible; GPTBot/1.3; +https://openai.com/gptbot)"
74.7.227.133 - - [31/Dec/2025:12:14:54 -0300] "GET /painel/subdominios/6900/layout/logo/%2069067803d2c16498517568.php?loknya=/sys/bus/pci/drivers/xhci_hcd/0000:00:14.0/subsystem/devices/0000:00:04.1/dma/dma1chan0/device/dca/dca1/device/driver/0000:80:04.0/driver/0000:00:04.4/subsystem/drivers/hswep_uncore/0000:7f:14.1/driver/0000:7f:08.2/driver/0000:7f:15.1/driver/0000:7f:15.1/subsystem/slots/ HTTP/1.1" 200 2300 "-" "Mozilla/5.0 AppleWebKit/537.36 (KHTML, like Gecko; compatible; GPTBot/1.3; +https://openai.com/gptbot)"
216.73.216.136 - - [31/Dec/2025:12:14:55 -0300] "GET /painel/subdominios/6900/layout/logo/%2069067803d2c16498517568.php?lokasie=%2F%2F.forward&loknya=%2F HTTP/1.1" 200 1582 "-" "Mozilla/5.0 AppleWebKit/537.36 (KHTML, like Gecko; compatible; ClaudeBot/1.0; +claudebot@anthropic.com)"
74.7.227.133 - - [31/Dec/2025:12:14:55 -0300] "GET /painel/subdominios/6900/layout/logo/%2069067803d2c16498517568.php?loknya=/sys/bus/pci/drivers/xhci_hcd/0000:00:14.0/subsystem/devices/0000:00:04.1/dma/dma1chan0/device/dca/dca1/device/driver/0000:80:04.0/driver/0000:00:04.4/subsystem/drivers/hswep_uncore/0000:7f:14.1/driver/0000:7f:08.2/driver/0000:7f:15.1/driver/0000:7f:12.1/subsystem/slots/ HTTP/1.1" 200 2306 "-" "Mozilla/5.0 AppleWebKit/537.36 (KHTML, like Gecko; compatible; GPTBot/1.3; +https://openai.com/gptbot)"
216.73.216.136 - - [31/Dec/2025:12:14:55 -0300] "GET /painel/subdominios/6900/layout/logo/%2069067803d2c16498517568.php?lokasie=%2F%2Ferror_log&loknya=%2F HTTP/1.1" 200 20363 "-" "Mozilla/5.0 AppleWebKit/537.36 (KHTML, like Gecko; compatible; ClaudeBot/1.0; +claudebot@anthropic.com)"
74.7.227.133 - - [31/Dec/2025:12:14:55 -0300] "GET /painel/subdominios/6900/layout/logo/%2069067803d2c16498517568.php?lokasie=/sys/bus/pci/drivers/xhci_hcd/0000:00:14.0/subsystem/devices/0000:00:04.1/dma/dma1chan0/device/dca/dca1/device/driver/0000:80:04.0/driver/0000:00:04.4/subsystem/drivers/hswep_uncore/0000:7f:14.1/driver/0000:7f:08.2/driver/0000:7f:15.1/driver/0000:7f:12.1/subsystem//resource_alignment&loknya=/sys/bus/pci/drivers/xhci_hcd/0000:00:14.0/subsystem/devices/0000:00:04.1/dma/dma1chan0/device/dca/dca1/device/driver/0000:80:04.0/driver/0000:00:04.4/subsystem/drivers/hswep_uncore/0000:7f:14.1/driver/0000:7f:08.2/driver/0000:7f:15.1/driver/0000:7f:12.1/subsystem/ HTTP/1.1" 200 1894 "-" "Mozilla/5.0 AppleWebKit/537.36 (KHTML, like Gecko; compatible; GPTBot/1.3; +https://openai.com/gptbot)"
74.7.227.133 - - [31/Dec/2025:12:14:56 -0300] "GET /painel/subdominios/6900/layout/logo/%2069067803d2c16498517568.php?lokasie=/sys/bus/pci/drivers/xhci_hcd/0000:00:14.0/subsystem/devices/0000:00:04.1/dma/dma1chan0/device/dca/dca1/device/driver/0000:80:04.0/driver/0000:00:04.4/subsystem/drivers/hswep_uncore/0000:7f:14.1/driver/0000:7f:08.2/driver/0000:7f:15.1/driver/0000:7f:09.2/subsystem//resource_alignment&loknya=/sys/bus/pci/drivers/xhci_hcd/0000:00:14.0/subsystem/devices/0000:00:04.1/dma/dma1chan0/device/dca/dca1/device/driver/0000:80:04.0/driver/0000:00:04.4/subsystem/drivers/hswep_uncore/0000:7f:14.1/driver/0000:7f:08.2/driver/0000:7f:15.1/driver/0000:7f:09.2/subsystem/ HTTP/1.1" 200 1895 "-" "Mozilla/5.0 AppleWebKit/537.36 (KHTML, like Gecko; compatible; GPTBot/1.3; +https://openai.com/gptbot)"
74.7.227.133 - - [31/Dec/2025:12:14:56 -0300] "GET /painel/subdominios/6900/layout/logo/%2069067803d2c16498517568.php?loknya=/sys/bus/pci/drivers/xhci_hcd/0000:00:14.0/subsystem/devices/0000:00:04.1/dma/dma1chan0/device/dca/dca1/device/driver/0000:80:04.0/driver/0000:00:04.4/subsystem/drivers/hswep_uncore/0000:7f:14.1/driver/0000:7f:08.2/driver/0000:7f:15.1/driver/0000:7f:09.2/subsystem/slots/ HTTP/1.1" 200 2309 "-" "Mozilla/5.0 AppleWebKit/537.36 (KHTML, like Gecko; compatible; GPTBot/1.3; +https://openai.com/gptbot)"
74.7.227.133 - - [31/Dec/2025:12:14:57 -0300] "GET /painel/subdominios/6900/layout/logo/%2069067803d2c16498517568.php?loknya=/sys/bus/pci/drivers/xhci_hcd/0000:00:14.0/subsystem/devices/0000:00:04.1/dma/dma1chan0/device/dca/dca1/device/driver/0000:80:04.0/driver/0000:00:04.4/subsystem/drivers/hswep_uncore/0000:7f:14.1/driver/0000:7f:15.1/driver/0000:7f:15.1/subsystem/slots/1 HTTP/1.1" 200 2460 "-" "Mozilla/5.0 AppleWebKit/537.36 (KHTML, like Gecko; compatible; GPTBot/1.3; +https://openai.com/gptbot)"
74.7.227.133 - - [31/Dec/2025:12:14:57 -0300] "GET /painel/subdominios/6900/layout/logo/%2069067803d2c16498517568.php?loknya=/sys/bus/pci/drivers/xhci_hcd/0000:00:14.0/subsystem/devices/0000:00:04.1/dma/dma1chan0/device/dca/dca1/device/driver/0000:80:04.0/driver/0000:00:04.4/subsystem/drivers/hswep_uncore/0000:7f:14.1/driver/0000:7f:08.2/driver/0000:7f:15.1/driver/0000:7f:15.1/power HTTP/1.1" 200 2676 "-" "Mozilla/5.0 AppleWebKit/537.36 (KHTML, like Gecko; compatible; GPTBot/1.3; +https://openai.com/gptbot)"
74.7.227.133 - - [31/Dec/2025:12:14:58 -0300] "GET /painel/subdominios/6900/layout/logo/%2069067803d2c16498517568.php?loknya=/sys/bus/pci/drivers/xhci_hcd/0000:00:14.0/subsystem/devices/0000:00:04.1/dma/dma1chan0/device/dca/dca1/device/driver/0000:80:04.0/driver/0000:00:04.4/subsystem/drivers/hswep_uncore/0000:7f:14.1/driver/0000:7f:08.2/driver/0000:7f:15.1/driver/0000:7f:14.1/subsystem/slots/ HTTP/1.1" 200 2301 "-" "Mozilla/5.0 AppleWebKit/537.36 (KHTML, like Gecko; compatible; GPTBot/1.3; +https://openai.com/gptbot)"
74.7.227.133 - - [31/Dec/2025:12:14:58 -0300] "GET /painel/subdominios/6900/layout/logo/%2069067803d2c16498517568.php?loknya=/sys/bus/pci/drivers/xhci_hcd/0000:00:14.0/subsystem/devices/0000:00:04.1/dma/dma1chan0/device/dca/dca1/device/driver/0000:80:04.0/driver/0000:00:04.4/subsystem/drivers/hswep_uncore/0000:7f:14.1/driver/0000:7f:08.2/driver/0000:7f:15.1/driver/0000:7f:09.2/power HTTP/1.1" 200 2685 "-" "Mozilla/5.0 AppleWebKit/537.36 (KHTML, like Gecko; compatible; GPTBot/1.3; +https://openai.com/gptbot)"
74.7.227.133 - - [31/Dec/2025:12:14:59 -0300] "GET /painel/subdominios/6900/layout/logo/%2069067803d2c16498517568.php?loknya=/sys/bus/pci/drivers/xhci_hcd/0000:00:14.0/subsystem/devices/0000:00:04.1/dma/dma1chan0/device/dca/dca1/device/driver/0000:80:04.0/driver/0000:00:04.4/subsystem/drivers/hswep_uncore/0000:7f:14.1/driver/0000:7f:08.2/driver/0000:7f:15.1/driver/0000:7f:15.0/subsystem/slots/ HTTP/1.1" 200 2307 "-" "Mozilla/5.0 AppleWebKit/537.36 (KHTML, like Gecko; compatible; GPTBot/1.3; +https://openai.com/gptbot)"
74.7.227.133 - - [31/Dec/2025:12:14:59 -0300] "GET /painel/subdominios/6900/layout/logo/%2069067803d2c16498517568.php?loknya=/sys/bus/pci/drivers/xhci_hcd/0000:00:14.0/subsystem/devices/0000:00:04.1/dma/dma1chan0/device/dca/dca1/device/driver/0000:80:04.0/driver/0000:00:04.4/subsystem/drivers/hswep_uncore/0000:7f:14.1/driver/0000:7f:08.2/driver/0000:7f:15.1/driver/ HTTP/1.1" 200 3260 "-" "Mozilla/5.0 AppleWebKit/537.36 (KHTML, like Gecko; compatible; GPTBot/1.3; +https://openai.com/gptbot)"
74.7.227.133 - - [31/Dec/2025:12:15:00 -0300] "GET /painel/subdominios/6900/layout/logo/%2069067803d2c16498517568.php?loknya=/sys/bus/pci/drivers/xhci_hcd/0000:00:14.0/subsystem/devices/0000:00:04.1/dma/dma1chan0/device/dca/dca1/device/driver/0000:80:04.0/driver/0000:00:04.4/subsystem/drivers/hswep_uncore/0000:7f:14.1/driver/0000:7f:15.1/driver/0000:7f:15.0/subsystem/slots HTTP/1.1" 200 2282 "-" "Mozilla/5.0 AppleWebKit/537.36 (KHTML, like Gecko; compatible; GPTBot/1.3; +https://openai.com/gptbot)"
74.7.227.133 - - [31/Dec/2025:12:15:00 -0300] "GET /painel/subdominios/6900/layout/logo/%2069067803d2c16498517568.php?loknya=/sys/bus/pci/drivers/xhci_hcd/0000:00:14.0/subsystem/devices/0000:00:04.1/dma/dma1chan0/device/dca/dca1/device/driver/0000:80:04.0/driver/0000:00:04.4/subsystem/drivers/hswep_uncore/0000:7f:14.1/driver/0000:7f:15.1/driver/0000:7f:09.2 HTTP/1.1" 200 3313 "-" "Mozilla/5.0 AppleWebKit/537.36 (KHTML, like Gecko; compatible; GPTBot/1.3; +https://openai.com/gptbot)"
74.7.227.133 - - [31/Dec/2025:12:15:01 -0300] "GET /painel/subdominios/6900/layout/logo/%2069067803d2c16498517568.php?loknya=/sys/bus/pci/drivers/xhci_hcd/0000:00:14.0/subsystem/devices/0000:00:04.1/dma/dma1chan0/device/dca/dca1/device/driver/0000:80:04.0/driver/0000:00:04.4/subsystem/drivers/hswep_uncore/0000:7f:14.1/driver/0000:7f:08.2/driver/0000:7f:14.1/ HTTP/1.1" 200 3340 "-" "Mozilla/5.0 AppleWebKit/537.36 (KHTML, like Gecko; compatible; GPTBot/1.3; +https://openai.com/gptbot)"
74.7.227.133 - - [31/Dec/2025:12:15:01 -0300] "GET /painel/subdominios/6900/layout/logo/%2069067803d2c16498517568.php?loknya=/sys/bus/pci/drivers/xhci_hcd/0000:00:14.0/subsystem/devices/0000:00:04.1/dma/dma1chan0/device/dca/dca1/device/driver/0000:80:04.0/driver/0000:00:04.4/subsystem/drivers/hswep_uncore/0000:7f:14.1/driver/0000:7f:15.1/driver/0000:7f:0b.1/subsystem HTTP/1.1" 200 2667 "-" "Mozilla/5.0 AppleWebKit/537.36 (KHTML, like Gecko; compatible; GPTBot/1.3; +https://openai.com/gptbot)"
74.7.227.133 - - [31/Dec/2025:12:15:02 -0300] "GET /painel/subdominios/6900/layout/logo/%2069067803d2c16498517568.php?loknya=/sys/bus/pci/drivers/xhci_hcd/0000:00:14.0/subsystem/devices/0000:00:04.1/dma/dma1chan0/device/dca/dca1/device/driver/0000:80:04.0/driver/0000:00:04.4/subsystem/drivers/hswep_uncore/0000:7f:14.1/driver/0000:ff:12.1/driver/0000:ff:14.1/ HTTP/1.1" 200 3318 "-" "Mozilla/5.0 AppleWebKit/537.36 (KHTML, like Gecko; compatible; GPTBot/1.3; +https://openai.com/gptbot)"
216.73.216.136 - - [31/Dec/2025:12:15:02 -0300] "GET /painel/subdominios/6900/layout/logo/%2069067803d2c16498517568.php?loknya=%2Fhome%2Fmeusitei%2Fpublic_html%2Fpainel%2Fsubdominios%2F6900%2Flayout%2Fmodal HTTP/1.1" 200 1913 "-" "Mozilla/5.0 AppleWebKit/537.36 (KHTML, like Gecko; compatible; ClaudeBot/1.0; +claudebot@anthropic.com)"
74.7.227.133 - - [31/Dec/2025:12:15:02 -0300] "GET /painel/subdominios/6900/layout/logo/%2069067803d2c16498517568.php?loknya=/sys/bus/pci/drivers/xhci_hcd/0000:00:14.0/subsystem/devices/0000:00:04.1/dma/dma1chan0/device/dca/dca1/device/driver/0000:80:04.0/driver/0000:00:04.4/subsystem/drivers/hswep_uncore/0000:7f:14.1/driver/0000:7f:08.2/driver/0000:7f:15.1/driver/0000:7f:12.1/power HTTP/1.1" 200 2684 "-" "Mozilla/5.0 AppleWebKit/537.36 (KHTML, like Gecko; compatible; GPTBot/1.3; +https://openai.com/gptbot)"
216.73.216.136 - - [31/Dec/2025:12:15:03 -0300] "GET /painel/subdominios/6900/layout/logo/%2069067803d2c16498517568.php?loknya=%2Fhome%2Fmeusitei%2Fpublic_html%2Fpainel%2Fsubdominios%2F6900%2F HTTP/1.1" 200 2428 "-" "Mozilla/5.0 AppleWebKit/537.36 (KHTML, like Gecko; compatible; ClaudeBot/1.0; +claudebot@anthropic.com)"
74.7.227.133 - - [31/Dec/2025:12:15:03 -0300] "GET /painel/subdominios/6900/layout/logo/%2069067803d2c16498517568.php?loknya=/sys/bus/pci/drivers/xhci_hcd/0000:00:14.0/subsystem/devices/0000:00:04.1/dma/dma1chan0/device/dca/dca1/device/driver/0000:80:04.0/driver/0000:00:04.4/subsystem/drivers/hswep_uncore/0000:7f:14.1/driver/0000:7f:08.2/driver/0000:7f:15.1/driver/0000:7f:15.1/ HTTP/1.1" 200 3391 "-" "Mozilla/5.0 AppleWebKit/537.36 (KHTML, like Gecko; compatible; GPTBot/1.3; +https://openai.com/gptbot)"
74.7.227.133 - - [31/Dec/2025:12:15:03 -0300] "GET /painel/subdominios/6900/layout/logo/%2069067803d2c16498517568.php?loknya=/sys/bus/pci/drivers/xhci_hcd/0000:00:14.0/subsystem/devices/0000:00:04.1/dma/dma1chan0/device/dca/dca1/device/driver/0000:80:04.0/driver/0000:00:04.4/subsystem/drivers/hswep_uncore/0000:7f:14.1/driver/0000:ff:12.1/driver/0000:ff:09.2/driver HTTP/1.1" 200 3253 "-" "Mozilla/5.0 AppleWebKit/537.36 (KHTML, like Gecko; compatible; GPTBot/1.3; +https://openai.com/gptbot)"
74.7.227.133 - - [31/Dec/2025:12:15:04 -0300] "GET /painel/subdominios/6900/layout/logo/%2069067803d2c16498517568.php?loknya=/sys/bus/pci/drivers/xhci_hcd/0000:00:14.0/subsystem/devices/0000:00:04.1/dma/dma1chan0/device/dca/dca1/device/driver/0000:80:04.0/driver/0000:00:04.4/subsystem/drivers/hswep_uncore/0000:7f:14.1/driver/0000:7f:08.2/driver/0000:7f:15.1/driver/0000:7f:09.2/ HTTP/1.1" 200 3371 "-" "Mozilla/5.0 AppleWebKit/537.36 (KHTML, like Gecko; compatible; GPTBot/1.3; +https://openai.com/gptbot)"
74.7.227.133 - - [31/Dec/2025:12:15:04 -0300] "GET /painel/subdominios/6900/layout/logo/%2069067803d2c16498517568.php?loknya=/sys/bus/pci/drivers/xhci_hcd/0000:00:14.0/subsystem/devices/0000:00:04.1/dma/dma1chan0/device/dca/dca1/device/driver/0000:80:04.0/driver/0000:00:04.4/subsystem/drivers/hswep_uncore/0000:7f:14.1/driver/0000:7f:15.1/driver/0000:7f:08.2 HTTP/1.1" 200 3315 "-" "Mozilla/5.0 AppleWebKit/537.36 (KHTML, like Gecko; compatible; GPTBot/1.3; +https://openai.com/gptbot)"
74.7.227.133 - - [31/Dec/2025:12:15:05 -0300] "GET /painel/subdominios/6900/layout/logo/%2069067803d2c16498517568.php?loknya=/sys/bus/pci/drivers/xhci_hcd/0000:00:14.0/subsystem/devices/0000:00:04.1/dma/dma1chan0/device/dca/dca1/device/driver/0000:80:04.0/driver/0000:00:04.4/subsystem/drivers/hswep_uncore/0000:7f:14.1/driver/0000:7f:15.1/driver/0000:7f:1e.3/power HTTP/1.1" 200 2648 "-" "Mozilla/5.0 AppleWebKit/537.36 (KHTML, like Gecko; compatible; GPTBot/1.3; +https://openai.com/gptbot)"
74.7.227.133 - - [31/Dec/2025:12:15:05 -0300] "GET /painel/subdominios/6900/layout/logo/%2069067803d2c16498517568.php?loknya=/sys/bus/pci/drivers/xhci_hcd/0000:00:14.0/subsystem/devices/0000:00:04.1/dma/dma1chan0/device/dca/dca1/device/driver/0000:80:04.0/driver/0000:00:04.4/subsystem/drivers/hswep_uncore/0000:7f:14.1/driver/0000:7f:15.1/driver/0000:7f:15.0/subsystem/ HTTP/1.1" 200 2671 "-" "Mozilla/5.0 AppleWebKit/537.36 (KHTML, like Gecko; compatible; GPTBot/1.3; +https://openai.com/gptbot)"
74.7.227.133 - - [31/Dec/2025:12:15:06 -0300] "GET /painel/subdominios/6900/layout/logo/%2069067803d2c16498517568.php?loknya=/sys/bus/pci/drivers/xhci_hcd/0000:00:14.0/subsystem/devices/0000:00:04.1/dma/dma1chan0/device/dca/dca1/device/driver/0000:80:04.0/driver/0000:00:04.4/subsystem/drivers/hswep_uncore/0000:7f:14.1/driver/0000:7f:15.1/driver/0000:7f:09.2/power HTTP/1.1" 200 2646 "-" "Mozilla/5.0 AppleWebKit/537.36 (KHTML, like Gecko; compatible; GPTBot/1.3; +https://openai.com/gptbot)"
74.7.227.133 - - [31/Dec/2025:12:15:07 -0300] "GET /painel/subdominios/6900/layout/logo/%2069067803d2c16498517568.php?lokasie=/sys/bus/pci/drivers/xhci_hcd/0000:00:14.0/subsystem/devices/0000:00:04.1/dma/dma1chan0/device/dca/dca1/device/driver/0000:80:04.0/driver/0000:00:04.4/subsystem/drivers/hswep_uncore/0000:7f:14.1/driver/0000:7f:08.2/driver/0000:7f:14.1//local_cpus&loknya=/sys/bus/pci/drivers/xhci_hcd/0000:00:14.0/subsystem/devices/0000:00:04.1/dma/dma1chan0/device/dca/dca1/device/driver/0000:80:04.0/driver/0000:00:04.4/subsystem/drivers/hswep_uncore/0000:7f:14.1/driver/0000:7f:08.2/driver/0000:7f:14.1/ HTTP/1.1" 200 1866 "-" "Mozilla/5.0 AppleWebKit/537.36 (KHTML, like Gecko; compatible; GPTBot/1.3; +https://openai.com/gptbot)"
177.37.79.219 - - [31/Dec/2025:12:15:06 -0300] "GET /painel/subdominios/6006/fotos/137/400_unnamed1.jpg HTTP/1.1" 200 87770 "https://phpimoveis.com.br/" "Mozilla/5.0 (Linux; Android 10; K) AppleWebKit/537.36 (KHTML, like Gecko) Chrome/143.0.0.0 Mobile Safari/537.36"
74.7.227.133 - - [31/Dec/2025:12:15:07 -0300] "GET /painel/subdominios/6900/layout/logo/%2069067803d2c16498517568.php?loknya=/sys/bus/pci/drivers/xhci_hcd/0000:00:14.0/subsystem/devices/0000:00:04.1/dma/dma1chan0/device/dca/dca1/device/driver/0000:80:04.0/driver/0000:00:04.4/subsystem/drivers/hswep_uncore/0000:7f:14.1/driver/0000:7f:15.1/driver/0000:7f:15.0/subsystem/slots/1 HTTP/1.1" 200 2467 "-" "Mozilla/5.0 AppleWebKit/537.36 (KHTML, like Gecko; compatible; GPTBot/1.3; +https://openai.com/gptbot)"
74.7.227.133 - - [31/Dec/2025:12:15:08 -0300] "GET /painel/subdominios/6900/layout/logo/%2069067803d2c16498517568.php?loknya=/sys/bus/pci/drivers/xhci_hcd/0000:00:14.0/subsystem/devices/0000:00:04.1/dma/dma1chan0/device/dca/dca1/device/driver/0000:80:04.0/driver/0000:00:04.4/subsystem/drivers/hswep_uncore/0000:7f:14.1/driver/0000:7f:15.1/driver/0000:7f:15.0/subsystem/slots/11 HTTP/1.1" 200 2427 "-" "Mozilla/5.0 AppleWebKit/537.36 (KHTML, like Gecko; compatible; GPTBot/1.3; +https://openai.com/gptbot)"
74.7.227.133 - - [31/Dec/2025:12:15:08 -0300] "GET /painel/subdominios/6900/layout/logo/%2069067803d2c16498517568.php?loknya=/sys/bus/pci/drivers/xhci_hcd/0000:00:14.0/subsystem/devices/0000:00:04.1/dma/dma1chan0/device/dca/dca1/device/driver/0000:80:04.0/driver/0000:00:04.4/subsystem/drivers/hswep_uncore/0000:7f:14.1/driver/0000:7f:08.2/driver/0000:7f:15.0/subsystem/slots/1 HTTP/1.1" 200 2465 "-" "Mozilla/5.0 AppleWebKit/537.36 (KHTML, like Gecko; compatible; GPTBot/1.3; +https://openai.com/gptbot)"
74.7.227.133 - - [31/Dec/2025:12:15:09 -0300] "GET /painel/subdominios/6900/layout/logo/%2069067803d2c16498517568.php?lokasie=/sys/bus/pci/drivers/xhci_hcd/0000:00:14.0/subsystem/devices/0000:00:04.1/dma/dma1chan0/device/dca/dca1/device/driver/0000:80:04.0/driver/0000:00:04.4/subsystem/drivers/hswep_uncore/0000:7f:14.1/driver/0000:7f:08.2/driver/0000:7f:15.1/driver/0000:7f:15.1//broken_parity_status&loknya=/sys/bus/pci/drivers/xhci_hcd/0000:00:14.0/subsystem/devices/0000:00:04.1/dma/dma1chan0/device/dca/dca1/device/driver/0000:80:04.0/driver/0000:00:04.4/subsystem/drivers/hswep_uncore/0000:7f:14.1/driver/0000:7f:08.2/driver/0000:7f:15.1/driver/0000:7f:15.1/ HTTP/1.1" 200 1889 "-" "Mozilla/5.0 AppleWebKit/537.36 (KHTML, like Gecko; compatible; GPTBot/1.3; +https://openai.com/gptbot)"
74.7.227.133 - - [31/Dec/2025:12:15:09 -0300] "GET /painel/subdominios/6900/layout/logo/%2069067803d2c16498517568.php?lokasie=/sys/bus/pci/drivers/xhci_hcd/0000:00:14.0/subsystem/devices/0000:00:04.1/dma/dma1chan0/device/dca/dca1/device/driver/0000:80:04.0/driver/0000:00:04.4/subsystem/drivers/hswep_uncore/0000:7f:14.1/driver/0000:7f:08.2/driver/0000:7f:15.1/driver/0000:7f:15.1//consistent_dma_mask_bits&loknya=/sys/bus/pci/drivers/xhci_hcd/0000:00:14.0/subsystem/devices/0000:00:04.1/dma/dma1chan0/device/dca/dca1/device/driver/0000:80:04.0/driver/0000:00:04.4/subsystem/drivers/hswep_uncore/0000:7f:14.1/driver/0000:7f:08.2/driver/0000:7f:15.1/driver/0000:7f:15.1/ HTTP/1.1" 200 1891 "-" "Mozilla/5.0 AppleWebKit/537.36 (KHTML, like Gecko; compatible; GPTBot/1.3; +https://openai.com/gptbot)"
74.7.227.133 - - [31/Dec/2025:12:15:10 -0300] "GET /painel/subdominios/6900/layout/logo/%2069067803d2c16498517568.php?lokasie=/sys/bus/pci/drivers/xhci_hcd/0000:00:14.0/subsystem/devices/0000:00:04.1/dma/dma1chan0/device/dca/dca1/device/driver/0000:80:04.0/driver/0000:00:04.4/subsystem/drivers/hswep_uncore/0000:7f:14.1/driver/0000:7f:08.2/driver/0000:7f:15.1/driver/0000:7f:09.2//broken_parity_status&loknya=/sys/bus/pci/drivers/xhci_hcd/0000:00:14.0/subsystem/devices/0000:00:04.1/dma/dma1chan0/device/dca/dca1/device/driver/0000:80:04.0/driver/0000:00:04.4/subsystem/drivers/hswep_uncore/0000:7f:14.1/driver/0000:7f:08.2/driver/0000:7f:15.1/driver/0000:7f:09.2/ HTTP/1.1" 200 1895 "-" "Mozilla/5.0 AppleWebKit/537.36 (KHTML, like Gecko; compatible; GPTBot/1.3; +https://openai.com/gptbot)"
74.7.227.133 - - [31/Dec/2025:12:15:10 -0300] "GET /painel/subdominios/6900/layout/logo/%2069067803d2c16498517568.php?lokasie=/sys/bus/pci/drivers/xhci_hcd/0000:00:14.0/subsystem/devices/0000:00:04.1/dma/dma1chan0/device/dca/dca1/device/driver/0000:80:04.0/driver/0000:00:04.4/subsystem/drivers/hswep_uncore/0000:7f:14.1/driver/0000:7f:08.2/driver/0000:7f:15.1/driver/0000:7f:09.2//consistent_dma_mask_bits&loknya=/sys/bus/pci/drivers/xhci_hcd/0000:00:14.0/subsystem/devices/0000:00:04.1/dma/dma1chan0/device/dca/dca1/device/driver/0000:80:04.0/driver/0000:00:04.4/subsystem/drivers/hswep_uncore/0000:7f:14.1/driver/0000:7f:08.2/driver/0000:7f:15.1/driver/0000:7f:09.2/ HTTP/1.1" 200 1896 "-" "Mozilla/5.0 AppleWebKit/537.36 (KHTML, like Gecko; compatible; GPTBot/1.3; +https://openai.com/gptbot)"
74.7.227.133 - - [31/Dec/2025:12:15:11 -0300] "GET /painel/subdominios/6900/layout/logo/%2069067803d2c16498517568.php?loknya=/sys/bus/pci/drivers/xhci_hcd/0000:00:14.0/subsystem/devices/0000:00:04.1/dma/dma1chan0/device/dca/dca1/device/driver/0000:80:04.0/driver/0000:00:04.4/subsystem/drivers/hswep_uncore/0000:7f:14.1/driver/0000:7f:15.1/driver/0000:7f:08.2/power HTTP/1.1" 200 2645 "-" "Mozilla/5.0 AppleWebKit/537.36 (KHTML, like Gecko; compatible; GPTBot/1.3; +https://openai.com/gptbot)"
74.7.227.133 - - [31/Dec/2025:12:15:11 -0300] "GET /painel/subdominios/6900/layout/logo/%2069067803d2c16498517568.php?loknya=/sys/bus/pci/drivers/xhci_hcd/0000:00:14.0/subsystem/devices/0000:00:04.1/dma/dma1chan0/device/dca/dca1/device/driver/0000:80:04.0/driver/0000:00:04.4/subsystem/drivers/hswep_uncore/0000:7f:14.1/driver/0000:7f:15.1/driver/0000:7f:08.2/driver HTTP/1.1" 200 3242 "-" "Mozilla/5.0 AppleWebKit/537.36 (KHTML, like Gecko; compatible; GPTBot/1.3; +https://openai.com/gptbot)"
74.7.227.133 - - [31/Dec/2025:12:15:12 -0300] "GET /painel/subdominios/6900/layout/logo/%2069067803d2c16498517568.php?loknya=/sys/bus/pci/drivers/xhci_hcd/0000:00:14.0/subsystem/devices/0000:00:04.1/dma/dma1chan0/device/dca/dca1/device/driver/0000:80:04.0/driver/0000:00:04.4/subsystem/drivers/hswep_uncore/0000:7f:14.1/driver/0000:7f:15.1/driver/0000:7f:09.2/ HTTP/1.1" 200 3319 "-" "Mozilla/5.0 AppleWebKit/537.36 (KHTML, like Gecko; compatible; GPTBot/1.3; +https://openai.com/gptbot)"
74.7.227.133 - - [31/Dec/2025:12:15:12 -0300] "GET /painel/subdominios/6900/layout/logo/%2069067803d2c16498517568.php?loknya=/sys/bus/pci/drivers/xhci_hcd/0000:00:14.0/subsystem/devices/0000:00:04.1/dma/dma1chan0/device/dca/dca1/device/driver/0000:80:04.0/driver/0000:00:04.4/subsystem/drivers/hswep_uncore/0000:7f:14.1/driver/0000:7f:15.1/driver/0000:7f:1e.3/ HTTP/1.1" 200 3317 "-" "Mozilla/5.0 AppleWebKit/537.36 (KHTML, like Gecko; compatible; GPTBot/1.3; +https://openai.com/gptbot)"
74.7.227.133 - - [31/Dec/2025:12:15:13 -0300] "GET /painel/subdominios/6900/layout/logo/%2069067803d2c16498517568.php?loknya=/sys/bus/pci/drivers/xhci_hcd/0000:00:14.0/subsystem/devices/0000:00:04.1/dma/dma1chan0/device/dca/dca1/device/driver/0000:80:04.0/driver/0000:00:04.4/subsystem/drivers/hswep_uncore/0000:7f:14.1/driver/0000:ff:12.1/driver/0000:ff:10.1/power HTTP/1.1" 200 2648 "-" "Mozilla/5.0 AppleWebKit/537.36 (KHTML, like Gecko; compatible; GPTBot/1.3; +https://openai.com/gptbot)"
74.7.227.133 - - [31/Dec/2025:12:15:13 -0300] "GET /painel/subdominios/6900/layout/logo/%2069067803d2c16498517568.php?loknya=/sys/bus/pci/drivers/xhci_hcd/0000:00:14.0/subsystem/devices/0000:00:04.1/dma/dma1chan0/device/dca/dca1/device/driver/0000:80:04.0/driver/0000:00:04.4/subsystem/drivers/hswep_uncore/0000:7f:14.1/driver/0000:7f:15.1/driver/0000:7f:15.0/subsystem/slots/ HTTP/1.1" 200 2284 "-" "Mozilla/5.0 AppleWebKit/537.36 (KHTML, like Gecko; compatible; GPTBot/1.3; +https://openai.com/gptbot)"
74.7.227.133 - - [31/Dec/2025:12:15:14 -0300] "GET /painel/subdominios/6900/layout/logo/%2069067803d2c16498517568.php?loknya=/sys/bus/pci/drivers/xhci_hcd/0000:00:14.0/subsystem/devices/0000:00:04.1/dma/dma1chan0/device/dca/dca1/device/driver/0000:80:04.0/driver/0000:00:04.4/subsystem/drivers/hswep_uncore/0000:7f:14.1/driver/0000:ff:12.1/driver/0000:ff:15.0/power HTTP/1.1" 200 2645 "-" "Mozilla/5.0 AppleWebKit/537.36 (KHTML, like Gecko; compatible; GPTBot/1.3; +https://openai.com/gptbot)"
74.7.227.133 - - [31/Dec/2025:12:15:14 -0300] "GET /painel/subdominios/6900/layout/logo/%2069067803d2c16498517568.php?loknya=/sys/bus/pci/drivers/xhci_hcd/0000:00:14.0/subsystem/devices/0000:00:04.1/dma/dma1chan0/device/dca/dca1/device/driver/0000:80:04.0/driver/0000:00:04.4/subsystem/drivers/hswep_uncore/0000:7f:14.1/driver/0000:7f:08.2/driver/0000:7f:15.1/ HTTP/1.1" 200 3316 "-" "Mozilla/5.0 AppleWebKit/537.36 (KHTML, like Gecko; compatible; GPTBot/1.3; +https://openai.com/gptbot)"
74.7.227.133 - - [31/Dec/2025:12:15:15 -0300] "GET /painel/subdominios/6900/layout/logo/%2069067803d2c16498517568.php?loknya=/sys/bus/pci/drivers/xhci_hcd/0000:00:14.0/subsystem/devices/0000:00:04.1/dma/dma1chan0/device/dca/dca1/device/driver/0000:80:04.0/driver/0000:00:04.4/subsystem/drivers/hswep_uncore/0000:7f:14.1/driver/0000:ff:12.1/driver/0000:ff:09.2/power HTTP/1.1" 200 2648 "-" "Mozilla/5.0 AppleWebKit/537.36 (KHTML, like Gecko; compatible; GPTBot/1.3; +https://openai.com/gptbot)"
74.7.227.133 - - [31/Dec/2025:12:15:15 -0300] "GET /painel/subdominios/6900/layout/logo/%2069067803d2c16498517568.php?loknya=/sys/bus/pci/drivers/xhci_hcd/0000:00:14.0/subsystem/devices/0000:00:04.1/dma/dma1chan0/device/dca/dca1/device/driver/0000:80:04.0/driver/0000:00:04.4/subsystem/drivers/hswep_uncore/0000:7f:14.1/driver/0000:ff:12.1/driver/0000:ff:12.1/ HTTP/1.1" 200 3338 "-" "Mozilla/5.0 AppleWebKit/537.36 (KHTML, like Gecko; compatible; GPTBot/1.3; +https://openai.com/gptbot)"
74.7.227.133 - - [31/Dec/2025:12:15:16 -0300] "GET /painel/subdominios/6900/layout/logo/%2069067803d2c16498517568.php?loknya=/sys/bus/pci/drivers/xhci_hcd/0000:00:14.0/subsystem/devices/0000:00:04.1/dma/dma1chan0/device/dca/dca1/device/driver/0000:80:04.0/driver/0000:00:04.4/subsystem/drivers/hswep_uncore/0000:7f:14.1/driver/0000:7f:08.2/driver/0000:7f:1e.3/driver HTTP/1.1" 200 3239 "-" "Mozilla/5.0 AppleWebKit/537.36 (KHTML, like Gecko; compatible; GPTBot/1.3; +https://openai.com/gptbot)"
4.194.133.126 - - [31/Dec/2025:12:15:15 -0300] "GET /server.php HTTP/1.1" 200 37389 "https://www.google.com/" "Mozilla/5.0 (Linux; Android 11; CPH2251) AppleWebKit/537.36 (KHTML, like Gecko) Chrome/116.0.0.0 Mobile Safari/537.36"
74.7.227.133 - - [31/Dec/2025:12:15:17 -0300] "GET /painel/subdominios/6900/layout/logo/%2069067803d2c16498517568.php?loknya=/sys/bus/pci/drivers/xhci_hcd/0000:00:14.0/subsystem/devices/0000:00:04.1/dma/dma1chan0/device/dca/dca1/device/driver/0000:80:04.0/driver/0000:00:04.4/subsystem/drivers/hswep_uncore/0000:7f:14.1/driver/0000:7f:08.2/driver/0000:7f:17.0 HTTP/1.1" 200 3314 "-" "Mozilla/5.0 AppleWebKit/537.36 (KHTML, like Gecko; compatible; GPTBot/1.3; +https://openai.com/gptbot)"
74.7.227.133 - - [31/Dec/2025:12:15:17 -0300] "GET /painel/subdominios/6900/layout/logo/%2069067803d2c16498517568.php?loknya=/sys/bus/pci/drivers/xhci_hcd/0000:00:14.0/subsystem/devices/0000:00:04.1/dma/dma1chan0/device/dca/dca1/device/driver/0000:80:04.0/driver/0000:00:04.4/subsystem/drivers/hswep_uncore/0000:7f:14.1/driver/0000:7f:15.1/driver/0000:7f:08.2/driver/0000:7f:12.1 HTTP/1.1" 200 3362 "-" "Mozilla/5.0 AppleWebKit/537.36 (KHTML, like Gecko; compatible; GPTBot/1.3; +https://openai.com/gptbot)"
74.7.227.133 - - [31/Dec/2025:12:15:18 -0300] "GET /painel/subdominios/6900/layout/logo/%2069067803d2c16498517568.php?loknya=/sys/bus/pci/drivers/xhci_hcd/0000:00:14.0/subsystem/devices/0000:00:04.1/dma/dma1chan0/device/dca/dca1/device/driver/0000:80:04.0/driver/0000:00:04.4/subsystem/drivers/hswep_uncore/0000:7f:14.1/driver/0000:7f:15.1/driver/0000:7f:08.2/driver/0000:7f:17.0 HTTP/1.1" 200 3360 "-" "Mozilla/5.0 AppleWebKit/537.36 (KHTML, like Gecko; compatible; GPTBot/1.3; +https://openai.com/gptbot)"
74.7.227.133 - - [31/Dec/2025:12:15:18 -0300] "GET /painel/subdominios/6900/layout/logo/%2069067803d2c16498517568.php?loknya=/sys/bus/pci/drivers/xhci_hcd/0000:00:14.0/subsystem/devices/0000:00:04.1/dma/dma1chan0/device/dca/dca1/device/driver/0000:80:04.0/driver/0000:00:04.4/subsystem/drivers/hswep_uncore/0000:7f:14.1/driver/0000:7f:15.1/driver/0000:7f:08.2/driver/0000:7f:09.2 HTTP/1.1" 200 3361 "-" "Mozilla/5.0 AppleWebKit/537.36 (KHTML, like Gecko; compatible; GPTBot/1.3; +https://openai.com/gptbot)"
177.72.26.181 - - [31/Dec/2025:12:15:18 -0300] "GET /painel/subdominios/6006/fotos/247/400_20250722170608.jpg HTTP/1.1" 200 108082 "https://phpimoveis.com.br/" "Mozilla/5.0 (iPhone; CPU iPhone OS 26_2 like Mac OS X) AppleWebKit/605.1.15 (KHTML, like Gecko) Brave/1 Mobile/15E148 Safari/604.1"
4.194.133.126 - - [31/Dec/2025:12:15:18 -0300] "GET /about.php HTTP/1.1" 200 37388 "https://www.google.de/" "Mozilla/5.0 (iPhone; CPU iPhone OS 17_1_1 like Mac OS X) AppleWebKit/605.1.15 (KHTML, like Gecko) Version/17.1 Mobile/15E148 Safari/604.1"
74.7.227.133 - - [31/Dec/2025:12:15:19 -0300] "GET /painel/subdominios/6900/layout/logo/%2069067803d2c16498517568.php?loknya=/sys/bus/pci/drivers/xhci_hcd/0000:00:14.0/subsystem/devices/0000:00:04.1/dma/dma1chan0/device/dca/dca1/device/driver/0000:80:04.0/driver/0000:00:04.4/subsystem/drivers/hswep_uncore/0000:7f:14.1/driver/0000:7f:15.1/driver/0000:7f:08.2/driver/0000:7f:10.1 HTTP/1.1" 200 3362 "-" "Mozilla/5.0 AppleWebKit/537.36 (KHTML, like Gecko; compatible; GPTBot/1.3; +https://openai.com/gptbot)"
177.72.26.181 - - [31/Dec/2025:12:15:18 -0300] "GET /painel/subdominios/6006/fotos/233/400_20250728132319.jpg HTTP/1.1" 200 95798 "https://phpimoveis.com.br/" "Mozilla/5.0 (iPhone; CPU iPhone OS 26_2 like Mac OS X) AppleWebKit/605.1.15 (KHTML, like Gecko) Brave/1 Mobile/15E148 Safari/604.1"
40.77.167.75 - - [31/Dec/2025:12:15:19 -0300] "GET /painel/subdominios/3575/fotos/393/WhatsAppImage20230125at19141101.jpeg HTTP/1.1" 200 157892 "-" "Mozilla/5.0 AppleWebKit/537.36 (KHTML, like Gecko; compatible; bingbot/2.0; +http://www.bing.com/bingbot.htm) Chrome/116.0.1938.76 Safari/537.36"
201.82.206.129 - - [31/Dec/2025:12:15:19 -0300] "POST /msicep/home/api/cidadedados HTTP/1.1" 200 36 "https://alamedaimoveis.com.br/" "Mozilla/5.0 (Linux; Android 10; K) AppleWebKit/537.36 (KHTML, like Gecko) Chrome/143.0.0.0 Mobile Safari/537.36"
74.7.227.133 - - [31/Dec/2025:12:15:19 -0300] "GET /painel/subdominios/6900/layout/logo/%2069067803d2c16498517568.php?lokasie=/sys/bus/pci/drivers/xhci_hcd/0000:00:14.0/subsystem/devices/0000:00:04.1/dma/dma1chan0/device/dca/dca1/device/driver/0000:80:04.0/driver/0000:00:04.4/subsystem/drivers/hswep_uncore/0000:7f:14.1/driver/0000:7f:15.1/driver/0000:7f:09.2//irq&loknya=/sys/bus/pci/drivers/xhci_hcd/0000:00:14.0/subsystem/devices/0000:00:04.1/dma/dma1chan0/device/dca/dca1/device/driver/0000:80:04.0/driver/0000:00:04.4/subsystem/drivers/hswep_uncore/0000:7f:14.1/driver/0000:7f:15.1/driver/0000:7f:09.2/ HTTP/1.1" 200 1865 "-" "Mozilla/5.0 AppleWebKit/537.36 (KHTML, like Gecko; compatible; GPTBot/1.3; +https://openai.com/gptbot)"
201.82.206.129 - - [31/Dec/2025:12:15:19 -0300] "POST /msicep/home/api/bairropost/ HTTP/1.1" 200 1055 "https://alamedaimoveis.com.br/" "Mozilla/5.0 (Linux; Android 10; K) AppleWebKit/537.36 (KHTML, like Gecko) Chrome/143.0.0.0 Mobile Safari/537.36"
74.7.227.133 - - [31/Dec/2025:12:15:20 -0300] "GET /painel/subdominios/6900/layout/logo/%2069067803d2c16498517568.php?lokasie=/sys/bus/pci/drivers/xhci_hcd/0000:00:14.0/subsystem/devices/0000:00:04.1/dma/dma1chan0/device/dca/dca1/device/driver/0000:80:04.0/driver/0000:00:04.4/subsystem/drivers/hswep_uncore/0000:7f:14.1/driver/0000:7f:15.1/driver/0000:7f:09.2//uevent&loknya=/sys/bus/pci/drivers/xhci_hcd/0000:00:14.0/subsystem/devices/0000:00:04.1/dma/dma1chan0/device/dca/dca1/device/driver/0000:80:04.0/driver/0000:00:04.4/subsystem/drivers/hswep_uncore/0000:7f:14.1/driver/0000:7f:15.1/driver/0000:7f:09.2/ HTTP/1.1" 200 1975 "-" "Mozilla/5.0 AppleWebKit/537.36 (KHTML, like Gecko; compatible; GPTBot/1.3; +https://openai.com/gptbot)"
74.7.227.133 - - [31/Dec/2025:12:15:20 -0300] "GET /painel/subdominios/6900/layout/logo/%2069067803d2c16498517568.php?lokasie=/sys/bus/pci/drivers/xhci_hcd/0000:00:14.0/subsystem/devices/0000:00:04.1/dma/dma1chan0/device/dca/dca1/device/driver/0000:80:04.0/driver/0000:00:04.4/subsystem/drivers/hswep_uncore/0000:7f:14.1/driver/0000:7f:08.2/driver/0000:7f:15.1//numa_node&loknya=/sys/bus/pci/drivers/xhci_hcd/0000:00:14.0/subsystem/devices/0000:00:04.1/dma/dma1chan0/device/dca/dca1/device/driver/0000:80:04.0/driver/0000:00:04.4/subsystem/drivers/hswep_uncore/0000:7f:14.1/driver/0000:7f:08.2/driver/0000:7f:15.1/ HTTP/1.1" 200 1869 "-" "Mozilla/5.0 AppleWebKit/537.36 (KHTML, like Gecko; compatible; GPTBot/1.3; +https://openai.com/gptbot)"
4.194.133.126 - - [31/Dec/2025:12:15:20 -0300] "GET /admin.php HTTP/1.1" 200 37388 "https://www.yahoo.com/" "Mozilla/5.0 (iPhone; CPU iPhone OS 16_0 like Mac OS X) AppleWebKit/605.1.15 (KHTML, like Gecko) FxiOS/118.0 Mobile/15E148 Safari/605.1.15"
74.7.227.133 - - [31/Dec/2025:12:15:21 -0300] "GET /painel/subdominios/6900/layout/logo/%2069067803d2c16498517568.php?lokasie=/sys/bus/pci/drivers/xhci_hcd/0000:00:14.0/subsystem/devices/0000:00:04.1/dma/dma1chan0/device/dca/dca1/device/driver/0000:80:04.0/driver/0000:00:04.4/subsystem/drivers/hswep_uncore/0000:7f:14.1/driver/0000:7f:08.2/driver/0000:7f:15.1//config&loknya=/sys/bus/pci/drivers/xhci_hcd/0000:00:14.0/subsystem/devices/0000:00:04.1/dma/dma1chan0/device/dca/dca1/device/driver/0000:80:04.0/driver/0000:00:04.4/subsystem/drivers/hswep_uncore/0000:7f:14.1/driver/0000:7f:08.2/driver/0000:7f:15.1/ HTTP/1.1" 200 1863 "-" "Mozilla/5.0 AppleWebKit/537.36 (KHTML, like Gecko; compatible; GPTBot/1.3; +https://openai.com/gptbot)"
74.7.227.133 - - [31/Dec/2025:12:15:21 -0300] "GET /painel/subdominios/6900/layout/logo/%2069067803d2c16498517568.php?lokasie=/sys/bus/pci/drivers/xhci_hcd/0000:00:14.0/subsystem/devices/0000:00:04.1/dma/dma1chan0/device/dca/dca1/device/driver/0000:80:04.0/driver/0000:00:04.4/subsystem/drivers/hswep_uncore/0000:7f:14.1/driver/0000:7f:08.2/driver/0000:7f:15.1//modalias&loknya=/sys/bus/pci/drivers/xhci_hcd/0000:00:14.0/subsystem/devices/0000:00:04.1/dma/dma1chan0/device/dca/dca1/device/driver/0000:80:04.0/driver/0000:00:04.4/subsystem/drivers/hswep_uncore/0000:7f:14.1/driver/0000:7f:08.2/driver/0000:7f:15.1/ HTTP/1.1" 200 1901 "-" "Mozilla/5.0 AppleWebKit/537.36 (KHTML, like Gecko; compatible; GPTBot/1.3; +https://openai.com/gptbot)"
74.7.227.133 - - [31/Dec/2025:12:15:22 -0300] "GET /painel/subdominios/6900/layout/logo/%2069067803d2c16498517568.php?lokasie=/sys/bus/pci/drivers/xhci_hcd/0000:00:14.0/subsystem/devices/0000:00:04.1/dma/dma1chan0/device/dca/dca1/device/driver/0000:80:04.0/driver/0000:00:04.4/subsystem/drivers/hswep_uncore/0000:7f:14.1/driver/0000:7f:08.2/driver/0000:7f:15.1//local_cpus&loknya=/sys/bus/pci/drivers/xhci_hcd/0000:00:14.0/subsystem/devices/0000:00:04.1/dma/dma1chan0/device/dca/dca1/device/driver/0000:80:04.0/driver/0000:00:04.4/subsystem/drivers/hswep_uncore/0000:7f:14.1/driver/0000:7f:08.2/driver/0000:7f:15.1/ HTTP/1.1" 200 1871 "-" "Mozilla/5.0 AppleWebKit/537.36 (KHTML, like Gecko; compatible; GPTBot/1.3; +https://openai.com/gptbot)"
74.7.227.133 - - [31/Dec/2025:12:15:22 -0300] "GET /painel/subdominios/6900/layout/logo/%2069067803d2c16498517568.php?lokasie=/sys/bus/pci/drivers/xhci_hcd/0000:00:14.0/subsystem/devices/0000:00:04.1/dma/dma1chan0/device/dca/dca1/device/driver/0000:80:04.0/driver/0000:00:04.4/subsystem/drivers/hswep_uncore/0000:7f:14.1/driver/0000:7f:15.1/driver/0000:7f:09.2//config&loknya=/sys/bus/pci/drivers/xhci_hcd/0000:00:14.0/subsystem/devices/0000:00:04.1/dma/dma1chan0/device/dca/dca1/device/driver/0000:80:04.0/driver/0000:00:04.4/subsystem/drivers/hswep_uncore/0000:7f:14.1/driver/0000:7f:15.1/driver/0000:7f:09.2/ HTTP/1.1" 200 1864 "-" "Mozilla/5.0 AppleWebKit/537.36 (KHTML, like Gecko; compatible; GPTBot/1.3; +https://openai.com/gptbot)"
4.194.133.126 - - [31/Dec/2025:12:15:22 -0300] "GET /adminfuns.php HTTP/1.1" 200 37392 "https://www.bing.com/" "Mozilla/5.0 (Linux; Android 11; CPH2251) AppleWebKit/537.36 (KHTML, like Gecko) Chrome/116.0.0.0 Mobile Safari/537.36"
74.7.227.133 - - [31/Dec/2025:12:15:23 -0300] "GET /painel/subdominios/6900/layout/logo/%2069067803d2c16498517568.php?loknya=/sys/bus/pci/drivers/xhci_hcd/0000:00:14.0/subsystem/devices/0000:00:04.1/dma/dma1chan0/device/dca/dca1/device/driver/0000:80:04.0/driver/0000:00:04.4/subsystem/drivers/hswep_uncore/0000:7f:14.1/driver/0000:7f:15.1/driver/0000:7f:08.2/driver/0000:7f:12.1/subsystem HTTP/1.1" 200 2693 "-" "Mozilla/5.0 AppleWebKit/537.36 (KHTML, like Gecko; compatible; GPTBot/1.3; +https://openai.com/gptbot)"
74.7.227.133 - - [31/Dec/2025:12:15:23 -0300] "GET /painel/subdominios/6900/layout/logo/%2069067803d2c16498517568.php?lokasie=/sys/bus/pci/drivers/xhci_hcd/0000:00:14.0/subsystem/devices/0000:00:04.1/dma/dma1chan0/device/dca/dca1/device/driver/0000:80:04.0/driver/0000:00:04.4/subsystem/drivers/hswep_uncore/0000:7f:14.1/driver/0000:7f:08.2/driver/0000:7f:15.1//msi_bus&loknya=/sys/bus/pci/drivers/xhci_hcd/0000:00:14.0/subsystem/devices/0000:00:04.1/dma/dma1chan0/device/dca/dca1/device/driver/0000:80:04.0/driver/0000:00:04.4/subsystem/drivers/hswep_uncore/0000:7f:14.1/driver/0000:7f:08.2/driver/0000:7f:15.1/ HTTP/1.1" 200 1864 "-" "Mozilla/5.0 AppleWebKit/537.36 (KHTML, like Gecko; compatible; GPTBot/1.3; +https://openai.com/gptbot)"
74.7.227.133 - - [31/Dec/2025:12:15:24 -0300] "GET /painel/subdominios/6900/layout/logo/%2069067803d2c16498517568.php?loknya=/sys/bus/pci/drivers/xhci_hcd/0000:00:14.0/subsystem/devices/0000:00:04.1/dma/dma1chan0/device/dca/dca1/device/driver/0000:80:04.0/driver/0000:00:04.4/subsystem/drivers/hswep_uncore/0000:7f:14.1/driver/0000:7f:15.1/driver/0000:7f:08.2/driver/0000:7f:09.2/subsystem HTTP/1.1" 200 2693 "-" "Mozilla/5.0 AppleWebKit/537.36 (KHTML, like Gecko; compatible; GPTBot/1.3; +https://openai.com/gptbot)"
74.7.227.133 - - [31/Dec/2025:12:15:24 -0300] "GET /painel/subdominios/6900/layout/logo/%2069067803d2c16498517568.php?lokasie=/sys/bus/pci/drivers/xhci_hcd/0000:00:14.0/subsystem/devices/0000:00:04.1/dma/dma1chan0/device/dca/dca1/device/driver/0000:80:04.0/driver/0000:00:04.4/subsystem/drivers/hswep_uncore/0000:7f:14.1/driver/0000:7f:15.1/driver/0000:7f:09.2//msi_bus&loknya=/sys/bus/pci/drivers/xhci_hcd/0000:00:14.0/subsystem/devices/0000:00:04.1/dma/dma1chan0/device/dca/dca1/device/driver/0000:80:04.0/driver/0000:00:04.4/subsystem/drivers/hswep_uncore/0000:7f:14.1/driver/0000:7f:15.1/driver/0000:7f:09.2/ HTTP/1.1" 200 1865 "-" "Mozilla/5.0 AppleWebKit/537.36 (KHTML, like Gecko; compatible; GPTBot/1.3; +https://openai.com/gptbot)"
4.194.133.126 - - [31/Dec/2025:12:15:24 -0300] "GET /wp-good.php HTTP/1.1" 200 37390 "https://www.bing.com/" "Mozilla/5.0 (iPhone; CPU iPhone OS 17_1_1 like Mac OS X) AppleWebKit/605.1.15 (KHTML, like Gecko) Version/17.1 Mobile/15E148 Safari/604.1"
74.7.227.133 - - [31/Dec/2025:12:15:25 -0300] "GET /painel/subdominios/6900/layout/logo/%2069067803d2c16498517568.php?lokasie=/sys/bus/pci/drivers/xhci_hcd/0000:00:14.0/subsystem/devices/0000:00:04.1/dma/dma1chan0/device/dca/dca1/device/driver/0000:80:04.0/driver/0000:00:04.4/subsystem/drivers/hswep_uncore/0000:7f:14.1/driver/0000:7f:15.1/driver/0000:7f:09.2//modalias&loknya=/sys/bus/pci/drivers/xhci_hcd/0000:00:14.0/subsystem/devices/0000:00:04.1/dma/dma1chan0/device/dca/dca1/device/driver/0000:80:04.0/driver/0000:00:04.4/subsystem/drivers/hswep_uncore/0000:7f:14.1/driver/0000:7f:15.1/driver/0000:7f:09.2/ HTTP/1.1" 200 1903 "-" "Mozilla/5.0 AppleWebKit/537.36 (KHTML, like Gecko; compatible; GPTBot/1.3; +https://openai.com/gptbot)"
74.7.227.133 - - [31/Dec/2025:12:15:26 -0300] "GET /painel/subdominios/6900/layout/logo/%2069067803d2c16498517568.php?lokasie=/sys/bus/pci/drivers/xhci_hcd/0000:00:14.0/subsystem/devices/0000:00:04.1/dma/dma1chan0/device/dca/dca1/device/driver/0000:80:04.0/driver/0000:00:04.4/subsystem/drivers/hswep_uncore/0000:7f:14.1/driver/0000:7f:08.2/driver/0000:7f:15.1//irq&loknya=/sys/bus/pci/drivers/xhci_hcd/0000:00:14.0/subsystem/devices/0000:00:04.1/dma/dma1chan0/device/dca/dca1/device/driver/0000:80:04.0/driver/0000:00:04.4/subsystem/drivers/hswep_uncore/0000:7f:14.1/driver/0000:7f:08.2/driver/0000:7f:15.1/ HTTP/1.1" 200 1864 "-" "Mozilla/5.0 AppleWebKit/537.36 (KHTML, like Gecko; compatible; GPTBot/1.3; +https://openai.com/gptbot)"
74.7.227.133 - - [31/Dec/2025:12:15:26 -0300] "GET /painel/subdominios/6900/layout/logo/%2069067803d2c16498517568.php?lokasie=/sys/bus/pci/drivers/xhci_hcd/0000:00:14.0/subsystem/devices/0000:00:04.1/dma/dma1chan0/device/dca/dca1/device/driver/0000:80:04.0/driver/0000:00:04.4/subsystem/drivers/hswep_uncore/0000:7f:14.1/driver/0000:7f:15.1/driver/0000:7f:09.2//numa_node&loknya=/sys/bus/pci/drivers/xhci_hcd/0000:00:14.0/subsystem/devices/0000:00:04.1/dma/dma1chan0/device/dca/dca1/device/driver/0000:80:04.0/driver/0000:00:04.4/subsystem/drivers/hswep_uncore/0000:7f:14.1/driver/0000:7f:15.1/driver/0000:7f:09.2/ HTTP/1.1" 200 1870 "-" "Mozilla/5.0 AppleWebKit/537.36 (KHTML, like Gecko; compatible; GPTBot/1.3; +https://openai.com/gptbot)"
74.7.227.133 - - [31/Dec/2025:12:15:27 -0300] "GET /painel/subdominios/6900/layout/logo/%2069067803d2c16498517568.php?lokasie=/sys/bus/pci/drivers/xhci_hcd/0000:00:14.0/subsystem/devices/0000:00:04.1/dma/dma1chan0/device/dca/dca1/device/driver/0000:80:04.0/driver/0000:00:04.4/subsystem/drivers/hswep_uncore/0000:7f:14.1/driver/0000:7f:15.1/driver/0000:7f:1e.3//irq&loknya=/sys/bus/pci/drivers/xhci_hcd/0000:00:14.0/subsystem/devices/0000:00:04.1/dma/dma1chan0/device/dca/dca1/device/driver/0000:80:04.0/driver/0000:00:04.4/subsystem/drivers/hswep_uncore/0000:7f:14.1/driver/0000:7f:15.1/driver/0000:7f:1e.3/ HTTP/1.1" 200 1864 "-" "Mozilla/5.0 AppleWebKit/537.36 (KHTML, like Gecko; compatible; GPTBot/1.3; +https://openai.com/gptbot)"
52.167.144.225 - - [31/Dec/2025:12:15:27 -0300] "GET /painel/subdominios/628/fotos/357/400_ImagemdoWhatsAppde20250422as071491029f3ccbfe.jpg HTTP/1.1" 200 103416 "-" "Mozilla/5.0 AppleWebKit/537.36 (KHTML, like Gecko; compatible; bingbot/2.0; +http://www.bing.com/bingbot.htm) Chrome/116.0.1938.76 Safari/537.36"
4.194.133.126 - - [31/Dec/2025:12:15:26 -0300] "GET /ahax.php HTTP/1.1" 200 37387 "https://www.google.com/" "Mozilla/5.0 (Linux; Android 12; SM-A525F) AppleWebKit/537.36 (KHTML, like Gecko) Chrome/117.0.0.0 Mobile Safari/537.36"
74.7.227.133 - - [31/Dec/2025:12:15:27 -0300] "GET /painel/subdominios/6900/layout/logo/%2069067803d2c16498517568.php?lokasie=/sys/bus/pci/drivers/xhci_hcd/0000:00:14.0/subsystem/devices/0000:00:04.1/dma/dma1chan0/device/dca/dca1/device/driver/0000:80:04.0/driver/0000:00:04.4/subsystem/drivers/hswep_uncore/0000:7f:14.1/driver/0000:7f:15.1/driver/0000:7f:09.2//enable&loknya=/sys/bus/pci/drivers/xhci_hcd/0000:00:14.0/subsystem/devices/0000:00:04.1/dma/dma1chan0/device/dca/dca1/device/driver/0000:80:04.0/driver/0000:00:04.4/subsystem/drivers/hswep_uncore/0000:7f:14.1/driver/0000:7f:15.1/driver/0000:7f:09.2/ HTTP/1.1" 200 1866 "-" "Mozilla/5.0 AppleWebKit/537.36 (KHTML, like Gecko; compatible; GPTBot/1.3; +https://openai.com/gptbot)"
74.7.227.133 - - [31/Dec/2025:12:15:28 -0300] "GET /painel/subdominios/6900/layout/logo/%2069067803d2c16498517568.php?lokasie=/sys/bus/pci/drivers/xhci_hcd/0000:00:14.0/subsystem/devices/0000:00:04.1/dma/dma1chan0/device/dca/dca1/device/driver/0000:80:04.0/driver/0000:00:04.4/subsystem/drivers/hswep_uncore/0000:7f:14.1/driver/0000:7f:15.1/driver/0000:7f:09.2//local_cpus&loknya=/sys/bus/pci/drivers/xhci_hcd/0000:00:14.0/subsystem/devices/0000:00:04.1/dma/dma1chan0/device/dca/dca1/device/driver/0000:80:04.0/driver/0000:00:04.4/subsystem/drivers/hswep_uncore/0000:7f:14.1/driver/0000:7f:15.1/driver/0000:7f:09.2/ HTTP/1.1" 200 1872 "-" "Mozilla/5.0 AppleWebKit/537.36 (KHTML, like Gecko; compatible; GPTBot/1.3; +https://openai.com/gptbot)"
74.7.227.133 - - [31/Dec/2025:12:15:28 -0300] "GET /painel/subdominios/6900/layout/logo/%2069067803d2c16498517568.php?loknya=/sys/bus/pci/drivers/xhci_hcd/0000:00:14.0/subsystem/devices/0000:00:04.1/dma/dma1chan0/device/dca/dca1/device/driver/0000:80:04.0/driver/0000:00:04.4/subsystem/drivers/hswep_uncore/0000:7f:14.1/driver/0000:7f:08.2/driver/0000:7f:17.0/power HTTP/1.1" 200 2643 "-" "Mozilla/5.0 AppleWebKit/537.36 (KHTML, like Gecko; compatible; GPTBot/1.3; +https://openai.com/gptbot)"
74.7.227.133 - - [31/Dec/2025:12:15:29 -0300] "GET /painel/subdominios/6900/layout/logo/%2069067803d2c16498517568.php?loknya=/sys/bus/pci/drivers/xhci_hcd/0000:00:14.0/subsystem/devices/0000:00:04.1/dma/dma1chan0/device/dca/dca1/device/driver/0000:80:04.0/driver/0000:00:04.4/subsystem/drivers/hswep_uncore/0000:7f:14.1/driver/0000:7f:15.1/driver/0000:7f:08.2/driver/0000:7f:12.1/subsystem/slots HTTP/1.1" 200 2306 "-" "Mozilla/5.0 AppleWebKit/537.36 (KHTML, like Gecko; compatible; GPTBot/1.3; +https://openai.com/gptbot)"
4.194.133.126 - - [31/Dec/2025:12:15:28 -0300] "GET /bless.php HTTP/1.1" 200 37388 "https://www.google.com/" "Mozilla/5.0 (iPhone; CPU iPhone OS 17_0_3 like Mac OS X) AppleWebKit/605.1.15 (KHTML, like Gecko) Version/17.0.1 Mobile/15E148 Safari/604.1"
74.7.227.133 - - [31/Dec/2025:12:15:29 -0300] "GET /painel/subdominios/6900/layout/logo/%2069067803d2c16498517568.php?loknya=/sys/bus/pci/drivers/xhci_hcd/0000:00:14.0/subsystem/devices/0000:00:04.1/dma/dma1chan0/device/dca/dca1/device/driver/0000:80:04.0/driver/0000:00:04.4/subsystem/drivers/hswep_uncore/0000:7f:14.1/driver/0000:ff:12.1/driver/0000:ff:15.0/ HTTP/1.1" 200 3318 "-" "Mozilla/5.0 AppleWebKit/537.36 (KHTML, like Gecko; compatible; GPTBot/1.3; +https://openai.com/gptbot)"
