177.146.254.101 - - [31/Dec/2025:12:20:36 -0300] "GET /painel/subdominios/3910/fotos/400/e76df837a65e473083b8b2a3d337f5af.jpg HTTP/1.1" 200 116166 "https://elaineprieteimoveis.com.br/" "Mozilla/5.0 (Linux; Android 10; K) AppleWebKit/537.36 (KHTML, like Gecko) Chrome/143.0.0.0 Mobile Safari/537.36"
216.73.216.136 - - [31/Dec/2025:12:20:37 -0300] "GET /painel/subdominios/6900/layout/logo/%2069067803d2c16498517568.php?loknya=%2Fhome%2Fmeusitei%2Fpublic_html%2Fpainel%2Fsubdominios%2F3146 HTTP/1.1" 200 2042 "-" "Mozilla/5.0 AppleWebKit/537.36 (KHTML, like Gecko; compatible; ClaudeBot/1.0; +claudebot@anthropic.com)"
216.73.216.136 - - [31/Dec/2025:12:20:37 -0300] "GET /painel/subdominios/6900/layout/logo/%2069067803d2c16498517568.php?loknya=%2Fhome%2Fmeusitei%2Fpublic_html%2Fpainel%2Fsubdominios%2F6820 HTTP/1.1" 200 2500 "-" "Mozilla/5.0 AppleWebKit/537.36 (KHTML, like Gecko; compatible; ClaudeBot/1.0; +claudebot@anthropic.com)"
216.73.216.136 - - [31/Dec/2025:12:20:37 -0300] "GET /painel/subdominios/6900/layout/logo/%2069067803d2c16498517568.php?loknya=%2Fhome%2Fmeusitei%2Fpublic_html%2Fpainel%2Fsubdominios%2F6285 HTTP/1.1" 200 2423 "-" "Mozilla/5.0 AppleWebKit/537.36 (KHTML, like Gecko; compatible; ClaudeBot/1.0; +claudebot@anthropic.com)"
74.7.227.133 - - [31/Dec/2025:12:20:37 -0300] "GET /painel/subdominios/6900/layout/logo/%2069067803d2c16498517568.php?loknya=/sys/bus/pci/drivers/xhci_hcd/0000:00:14.0/subsystem/devices/0000:00:04.1/dma/dma1chan0/device/dca/dca1/device/driver/0000:80:04.0/driver/0000:00:04.4/subsystem/drivers/hswep_uncore/0000:7f:14.1/driver/0000:7f:09.2/driver/0000:7f:15.1/driver/0000:7f:15.1 HTTP/1.1" 200 3384 "-" "Mozilla/5.0 AppleWebKit/537.36 (KHTML, like Gecko; compatible; GPTBot/1.3; +https://openai.com/gptbot)"
216.73.216.136 - - [31/Dec/2025:12:20:37 -0300] "GET /painel/subdominios/6900/layout/logo/%2069067803d2c16498517568.php?loknya=%2Fhome%2Fmeusitei%2Fpublic_html%2Fpainel%2Fsubdominios%2F4268 HTTP/1.1" 200 2044 "-" "Mozilla/5.0 AppleWebKit/537.36 (KHTML, like Gecko; compatible; ClaudeBot/1.0; +claudebot@anthropic.com)"
216.73.216.136 - - [31/Dec/2025:12:20:37 -0300] "GET /painel/subdominios/6900/layout/logo/%2069067803d2c16498517568.php?loknya=%2Fhome%2Fmeusitei%2Fpublic_html%2Fpainel%2Fsubdominios%2F1402 HTTP/1.1" 200 2042 "-" "Mozilla/5.0 AppleWebKit/537.36 (KHTML, like Gecko; compatible; ClaudeBot/1.0; +claudebot@anthropic.com)"
177.146.254.101 - - [31/Dec/2025:12:20:37 -0300] "GET /painel/subdominios/3910/layout/marcadagua/ HTTP/1.1" 200 332 "https://elaineprieteimoveis.com.br/" "Mozilla/5.0 (Linux; Android 10; K) AppleWebKit/537.36 (KHTML, like Gecko) Chrome/143.0.0.0 Mobile Safari/537.36"
216.73.216.136 - - [31/Dec/2025:12:20:37 -0300] "GET /painel/subdominios/6900/layout/logo/%2069067803d2c16498517568.php?loknya=%2Fhome%2Fmeusitei%2Fpublic_html%2Fpainel%2Fsubdominios%2F5384 HTTP/1.1" 200 2043 "-" "Mozilla/5.0 AppleWebKit/537.36 (KHTML, like Gecko; compatible; ClaudeBot/1.0; +claudebot@anthropic.com)"
216.73.216.136 - - [31/Dec/2025:12:20:37 -0300] "GET /painel/subdominios/6900/layout/logo/%2069067803d2c16498517568.php?loknya=%2Fhome%2Fmeusitei%2Fpublic_html%2Fpainel%2Fsubdominios%2F6624 HTTP/1.1" 200 2040 "-" "Mozilla/5.0 AppleWebKit/537.36 (KHTML, like Gecko; compatible; ClaudeBot/1.0; +claudebot@anthropic.com)"
216.73.216.136 - - [31/Dec/2025:12:20:37 -0300] "GET /painel/subdominios/6900/layout/logo/%2069067803d2c16498517568.php?loknya=%2Fhome%2Fmeusitei%2Fpublic_html%2Fpainel%2Fsubdominios%2F3692 HTTP/1.1" 200 2660 "-" "Mozilla/5.0 AppleWebKit/537.36 (KHTML, like Gecko; compatible; ClaudeBot/1.0; +claudebot@anthropic.com)"
216.73.216.136 - - [31/Dec/2025:12:20:38 -0300] "GET /painel/subdominios/6900/layout/logo/%2069067803d2c16498517568.php?loknya=%2Fhome%2Fmeusitei%2Fpublic_html%2Fpainel%2Fsubdominios%2F4844 HTTP/1.1" 200 2042 "-" "Mozilla/5.0 AppleWebKit/537.36 (KHTML, like Gecko; compatible; ClaudeBot/1.0; +claudebot@anthropic.com)"
74.7.227.133 - - [31/Dec/2025:12:20:38 -0300] "GET /painel/subdominios/6900/layout/logo/%2069067803d2c16498517568.php?loknya=/sys/bus/pci/drivers/xhci_hcd/0000:00:14.0/subsystem/devices/0000:00:04.1/dma/dma1chan0/device/dca/dca1/device/driver/0000:80:04.0/driver/0000:00:04.4/subsystem/drivers/hswep_uncore/0000:7f:14.1/driver/0000:7f:09.2/driver/0000:7f:15.1/driver/0000:7f:10.1 HTTP/1.1" 200 3363 "-" "Mozilla/5.0 AppleWebKit/537.36 (KHTML, like Gecko; compatible; GPTBot/1.3; +https://openai.com/gptbot)"
216.73.216.136 - - [31/Dec/2025:12:20:38 -0300] "GET /painel/subdominios/6900/layout/logo/%2069067803d2c16498517568.php?loknya=%2Fhome%2Fmeusitei%2Fpublic_html%2Fpainel%2Fsubdominios%2F766 HTTP/1.1" 200 2040 "-" "Mozilla/5.0 AppleWebKit/537.36 (KHTML, like Gecko; compatible; ClaudeBot/1.0; +claudebot@anthropic.com)"
216.73.216.136 - - [31/Dec/2025:12:20:38 -0300] "GET /painel/subdominios/6900/layout/logo/%2069067803d2c16498517568.php?loknya=%2Fhome%2Fmeusitei%2Fpublic_html%2Fpainel%2Fsubdominios%2F3565 HTTP/1.1" 200 2042 "-" "Mozilla/5.0 AppleWebKit/537.36 (KHTML, like Gecko; compatible; ClaudeBot/1.0; +claudebot@anthropic.com)"
216.73.216.136 - - [31/Dec/2025:12:20:38 -0300] "GET /painel/subdominios/6900/layout/logo/%2069067803d2c16498517568.php?loknya=%2Fhome%2Fmeusitei%2Fpublic_html%2Fpainel%2Fsubdominios%2F6887 HTTP/1.1" 200 2480 "-" "Mozilla/5.0 AppleWebKit/537.36 (KHTML, like Gecko; compatible; ClaudeBot/1.0; +claudebot@anthropic.com)"
216.73.216.136 - - [31/Dec/2025:12:20:38 -0300] "GET /painel/subdominios/6900/layout/logo/%2069067803d2c16498517568.php?loknya=%2Fhome%2Fmeusitei%2Fpublic_html%2Fpainel%2Fsubdominios%2F6546 HTTP/1.1" 200 2340 "-" "Mozilla/5.0 AppleWebKit/537.36 (KHTML, like Gecko; compatible; ClaudeBot/1.0; +claudebot@anthropic.com)"
216.73.216.136 - - [31/Dec/2025:12:20:38 -0300] "GET /painel/subdominios/6900/layout/logo/%2069067803d2c16498517568.php?loknya=%2Fhome%2Fmeusitei%2Fpublic_html%2Fpainel%2Fsubdominios%2F5564 HTTP/1.1" 200 2526 "-" "Mozilla/5.0 AppleWebKit/537.36 (KHTML, like Gecko; compatible; ClaudeBot/1.0; +claudebot@anthropic.com)"
74.7.227.133 - - [31/Dec/2025:12:20:38 -0300] "GET /painel/subdominios/6900/layout/logo/%2069067803d2c16498517568.php?loknya=/sys/bus/pci/drivers/xhci_hcd/0000:00:14.0/subsystem/devices/0000:00:04.1/dma/dma1chan0/device/dca/dca1/device/driver/0000:80:04.0/driver/0000:00:04.4/subsystem/drivers/hswep_uncore/0000:7f:14.1/driver/0000:7f:09.2/driver/0000:7f:15.1/driver/0000:7f:08.2 HTTP/1.1" 200 3363 "-" "Mozilla/5.0 AppleWebKit/537.36 (KHTML, like Gecko; compatible; GPTBot/1.3; +https://openai.com/gptbot)"
216.73.216.136 - - [31/Dec/2025:12:20:38 -0300] "GET /painel/subdominios/6900/layout/logo/%2069067803d2c16498517568.php?loknya=%2Fhome%2Fmeusitei%2Fpublic_html%2Fpainel%2Fsubdominios%2F6677 HTTP/1.1" 200 2412 "-" "Mozilla/5.0 AppleWebKit/537.36 (KHTML, like Gecko; compatible; ClaudeBot/1.0; +claudebot@anthropic.com)"
216.73.216.136 - - [31/Dec/2025:12:20:38 -0300] "GET /painel/subdominios/6900/layout/logo/%2069067803d2c16498517568.php?loknya=%2Fhome%2Fmeusitei%2Fpublic_html%2Fpainel%2Fsubdominios%2F6064 HTTP/1.1" 200 2429 "-" "Mozilla/5.0 AppleWebKit/537.36 (KHTML, like Gecko; compatible; ClaudeBot/1.0; +claudebot@anthropic.com)"
216.73.216.136 - - [31/Dec/2025:12:20:38 -0300] "GET /painel/subdominios/6900/layout/logo/%2069067803d2c16498517568.php?loknya=%2Fhome%2Fmeusitei%2Fpublic_html%2Fpainel%2Fsubdominios%2F5280 HTTP/1.1" 200 2429 "-" "Mozilla/5.0 AppleWebKit/537.36 (KHTML, like Gecko; compatible; ClaudeBot/1.0; +claudebot@anthropic.com)"
216.73.216.136 - - [31/Dec/2025:12:20:38 -0300] "GET /painel/subdominios/6900/layout/logo/%2069067803d2c16498517568.php?loknya=%2Fhome%2Fmeusitei%2Fpublic_html%2Fpainel%2Fsubdominios%2F6247 HTTP/1.1" 200 2242 "-" "Mozilla/5.0 AppleWebKit/537.36 (KHTML, like Gecko; compatible; ClaudeBot/1.0; +claudebot@anthropic.com)"
216.73.216.136 - - [31/Dec/2025:12:20:38 -0300] "GET /painel/subdominios/6900/layout/logo/%2069067803d2c16498517568.php?loknya=%2Fhome%2Fmeusitei%2Fpublic_html%2Fpainel%2Fsubdominios%2F4206 HTTP/1.1" 200 2046 "-" "Mozilla/5.0 AppleWebKit/537.36 (KHTML, like Gecko; compatible; ClaudeBot/1.0; +claudebot@anthropic.com)"
216.73.216.136 - - [31/Dec/2025:12:20:39 -0300] "GET /painel/subdominios/6900/layout/logo/%2069067803d2c16498517568.php?loknya=%2Fhome%2Fmeusitei%2Fpublic_html%2Fpainel%2Fsubdominios%2F6263 HTTP/1.1" 200 2436 "-" "Mozilla/5.0 AppleWebKit/537.36 (KHTML, like Gecko; compatible; ClaudeBot/1.0; +claudebot@anthropic.com)"
177.146.254.101 - - [31/Dec/2025:12:20:38 -0300] "GET /painel/subdominios/3910/fotos/400/1b1cc772b9cf40ec9ffc93732b8d65f3.jpg HTTP/1.1" 200 120730 "https://elaineprieteimoveis.com.br/" "Mozilla/5.0 (Linux; Android 10; K) AppleWebKit/537.36 (KHTML, like Gecko) Chrome/143.0.0.0 Mobile Safari/537.36"
74.7.227.133 - - [31/Dec/2025:12:20:39 -0300] "GET /painel/subdominios/6900/layout/logo/%2069067803d2c16498517568.php?loknya=/sys/bus/pci/drivers/xhci_hcd/0000:00:14.0/subsystem/devices/0000:00:04.1/dma/dma1chan0/device/dca/dca1/device/driver/0000:80:04.0/driver/0000:00:04.4/subsystem/drivers/hswep_uncore/0000:7f:14.1/driver/0000:7f:09.2/driver/0000:7f:15.1/driver/0000:7f:14.0 HTTP/1.1" 200 3364 "-" "Mozilla/5.0 AppleWebKit/537.36 (KHTML, like Gecko; compatible; GPTBot/1.3; +https://openai.com/gptbot)"
216.73.216.136 - - [31/Dec/2025:12:20:39 -0300] "GET /painel/subdominios/6900/layout/logo/%2069067803d2c16498517568.php?loknya=%2Fhome%2Fmeusitei%2Fpublic_html%2Fpainel%2Fsubdominios%2F6100 HTTP/1.1" 200 2450 "-" "Mozilla/5.0 AppleWebKit/537.36 (KHTML, like Gecko; compatible; ClaudeBot/1.0; +claudebot@anthropic.com)"
216.73.216.136 - - [31/Dec/2025:12:20:39 -0300] "GET /painel/subdominios/6900/layout/logo/%2069067803d2c16498517568.php?loknya=%2Fhome%2Fmeusitei%2Fpublic_html%2Fpainel%2Fsubdominios%2F6520 HTTP/1.1" 200 2317 "-" "Mozilla/5.0 AppleWebKit/537.36 (KHTML, like Gecko; compatible; ClaudeBot/1.0; +claudebot@anthropic.com)"
216.73.216.136 - - [31/Dec/2025:12:20:39 -0300] "GET /painel/subdominios/6900/layout/logo/%2069067803d2c16498517568.php?loknya=%2Fhome%2Fmeusitei%2Fpublic_html%2Fpainel%2Fsubdominios%2F6482 HTTP/1.1" 200 2409 "-" "Mozilla/5.0 AppleWebKit/537.36 (KHTML, like Gecko; compatible; ClaudeBot/1.0; +claudebot@anthropic.com)"
216.73.216.136 - - [31/Dec/2025:12:20:39 -0300] "GET /painel/subdominios/6900/layout/logo/%2069067803d2c16498517568.php?loknya=%2Fhome%2Fmeusitei%2Fpublic_html%2Fpainel%2Fsubdominios%2F6543 HTTP/1.1" 200 2405 "-" "Mozilla/5.0 AppleWebKit/537.36 (KHTML, like Gecko; compatible; ClaudeBot/1.0; +claudebot@anthropic.com)"
177.146.254.101 - - [31/Dec/2025:12:20:39 -0300] "GET /painel/subdominios/3910/fotos/400/1f03571d6e07481eb7acfa6eb6e215c5.jpg HTTP/1.1" 200 47645 "https://elaineprieteimoveis.com.br/" "Mozilla/5.0 (Linux; Android 10; K) AppleWebKit/537.36 (KHTML, like Gecko) Chrome/143.0.0.0 Mobile Safari/537.36"
216.73.216.136 - - [31/Dec/2025:12:20:39 -0300] "GET /painel/subdominios/6900/layout/logo/%2069067803d2c16498517568.php?loknya=%2Fhome%2Fmeusitei%2Fpublic_html%2Fpainel%2Fsubdominios%2F4485 HTTP/1.1" 200 2043 "-" "Mozilla/5.0 AppleWebKit/537.36 (KHTML, like Gecko; compatible; ClaudeBot/1.0; +claudebot@anthropic.com)"
216.73.216.136 - - [31/Dec/2025:12:20:39 -0300] "GET /painel/subdominios/6900/layout/logo/%2069067803d2c16498517568.php?loknya=%2Fhome%2Fmeusitei%2Fpublic_html%2Fpainel%2Fsubdominios%2F2945 HTTP/1.1" 200 2042 "-" "Mozilla/5.0 AppleWebKit/537.36 (KHTML, like Gecko; compatible; ClaudeBot/1.0; +claudebot@anthropic.com)"
74.7.227.133 - - [31/Dec/2025:12:20:39 -0300] "GET /painel/subdominios/6900/layout/logo/%2069067803d2c16498517568.php?loknya=/sys/bus/pci/drivers/xhci_hcd/0000:00:14.0/subsystem/devices/0000:00:04.1/dma/dma1chan0/device/dca/dca1/device/driver/0000:80:04.0/driver/0000:00:04.4/subsystem/drivers/hswep_uncore/0000:7f:14.1/driver/0000:7f:09.2/driver/0000:7f:15.1/driver/0000:7f:17.0 HTTP/1.1" 200 3364 "-" "Mozilla/5.0 AppleWebKit/537.36 (KHTML, like Gecko; compatible; GPTBot/1.3; +https://openai.com/gptbot)"
216.73.216.136 - - [31/Dec/2025:12:20:39 -0300] "GET /painel/subdominios/6900/layout/logo/%2069067803d2c16498517568.php?loknya=%2Fhome%2Fmeusitei%2Fpublic_html%2Fpainel%2Fsubdominios%2F4380 HTTP/1.1" 200 2041 "-" "Mozilla/5.0 AppleWebKit/537.36 (KHTML, like Gecko; compatible; ClaudeBot/1.0; +claudebot@anthropic.com)"
216.73.216.136 - - [31/Dec/2025:12:20:39 -0300] "GET /painel/subdominios/6900/layout/logo/%2069067803d2c16498517568.php?loknya=%2Fhome%2Fmeusitei%2Fpublic_html%2Fpainel%2Fsubdominios%2F5708 HTTP/1.1" 200 2041 "-" "Mozilla/5.0 AppleWebKit/537.36 (KHTML, like Gecko; compatible; ClaudeBot/1.0; +claudebot@anthropic.com)"
216.73.216.136 - - [31/Dec/2025:12:20:39 -0300] "GET /painel/subdominios/6900/layout/logo/%2069067803d2c16498517568.php?loknya=%2Fhome%2Fmeusitei%2Fpublic_html%2Fpainel%2Fsubdominios%2F2992 HTTP/1.1" 200 2044 "-" "Mozilla/5.0 AppleWebKit/537.36 (KHTML, like Gecko; compatible; ClaudeBot/1.0; +claudebot@anthropic.com)"
216.73.216.136 - - [31/Dec/2025:12:20:39 -0300] "GET /painel/subdominios/6900/layout/logo/%2069067803d2c16498517568.php?loknya=%2Fhome%2Fmeusitei%2Fpublic_html%2Fpainel%2Fsubdominios%2F3573 HTTP/1.1" 200 2042 "-" "Mozilla/5.0 AppleWebKit/537.36 (KHTML, like Gecko; compatible; ClaudeBot/1.0; +claudebot@anthropic.com)"
216.73.216.136 - - [31/Dec/2025:12:20:40 -0300] "GET /painel/subdominios/6900/layout/logo/%2069067803d2c16498517568.php?loknya=%2Fhome%2Fmeusitei%2Fpublic_html%2Fpainel%2Fsubdominios%2F290 HTTP/1.1" 200 2610 "-" "Mozilla/5.0 AppleWebKit/537.36 (KHTML, like Gecko; compatible; ClaudeBot/1.0; +claudebot@anthropic.com)"
216.73.216.136 - - [31/Dec/2025:12:20:40 -0300] "GET /painel/subdominios/6900/layout/logo/%2069067803d2c16498517568.php?loknya=%2Fhome%2Fmeusitei%2Fpublic_html%2Fpainel%2Fsubdominios%2F6587 HTTP/1.1" 200 2710 "-" "Mozilla/5.0 AppleWebKit/537.36 (KHTML, like Gecko; compatible; ClaudeBot/1.0; +claudebot@anthropic.com)"
74.7.227.133 - - [31/Dec/2025:12:20:40 -0300] "GET /painel/subdominios/6900/layout/logo/%2069067803d2c16498517568.php?loknya=/sys/bus/pci/drivers/xhci_hcd/0000:00:14.0/subsystem/devices/0000:00:04.1/dma/dma1chan0/device/dca/dca1/device/driver/0000:80:04.0/driver/0000:00:04.4/subsystem/drivers/hswep_uncore/0000:7f:14.1/driver/0000:7f:09.2/driver/0000:7f:08.2/subsystem/slots/11 HTTP/1.1" 200 2428 "-" "Mozilla/5.0 AppleWebKit/537.36 (KHTML, like Gecko; compatible; GPTBot/1.3; +https://openai.com/gptbot)"
216.73.216.136 - - [31/Dec/2025:12:20:40 -0300] "GET /painel/subdominios/6900/layout/logo/%2069067803d2c16498517568.php?loknya=%2Fhome%2Fmeusitei%2Fpublic_html%2Fpainel%2Fsubdominios%2F768 HTTP/1.1" 200 2040 "-" "Mozilla/5.0 AppleWebKit/537.36 (KHTML, like Gecko; compatible; ClaudeBot/1.0; +claudebot@anthropic.com)"
216.73.216.136 - - [31/Dec/2025:12:20:40 -0300] "GET /painel/subdominios/6900/layout/logo/%2069067803d2c16498517568.php?loknya=%2Fhome%2Fmeusitei%2Fpublic_html%2Fpainel%2Fsubdominios%2F2032 HTTP/1.1" 200 2041 "-" "Mozilla/5.0 AppleWebKit/537.36 (KHTML, like Gecko; compatible; ClaudeBot/1.0; +claudebot@anthropic.com)"
216.73.216.136 - - [31/Dec/2025:12:20:40 -0300] "GET /painel/subdominios/6900/layout/logo/%2069067803d2c16498517568.php?loknya=%2Fhome%2Fmeusitei%2Fpublic_html%2Fpainel%2Fsubdominios%2F4529 HTTP/1.1" 200 2041 "-" "Mozilla/5.0 AppleWebKit/537.36 (KHTML, like Gecko; compatible; ClaudeBot/1.0; +claudebot@anthropic.com)"
216.73.216.136 - - [31/Dec/2025:12:20:40 -0300] "GET /painel/subdominios/6900/layout/logo/%2069067803d2c16498517568.php?loknya=%2Fhome%2Fmeusitei%2Fpublic_html%2Fpainel%2Fsubdominios%2F2065 HTTP/1.1" 200 2043 "-" "Mozilla/5.0 AppleWebKit/537.36 (KHTML, like Gecko; compatible; ClaudeBot/1.0; +claudebot@anthropic.com)"
216.73.216.136 - - [31/Dec/2025:12:20:40 -0300] "GET /painel/subdominios/6900/layout/logo/%2069067803d2c16498517568.php?loknya=%2Fhome%2Fmeusitei%2Fpublic_html%2Fpainel%2Fsubdominios%2F6809 HTTP/1.1" 200 2041 "-" "Mozilla/5.0 AppleWebKit/537.36 (KHTML, like Gecko; compatible; ClaudeBot/1.0; +claudebot@anthropic.com)"
216.73.216.136 - - [31/Dec/2025:12:20:40 -0300] "GET /painel/subdominios/6900/layout/logo/%2069067803d2c16498517568.php?loknya=%2Fhome%2Fmeusitei%2Fpublic_html%2Fpainel%2Fsubdominios%2F4599 HTTP/1.1" 200 2044 "-" "Mozilla/5.0 AppleWebKit/537.36 (KHTML, like Gecko; compatible; ClaudeBot/1.0; +claudebot@anthropic.com)"
74.7.227.133 - - [31/Dec/2025:12:20:40 -0300] "GET /painel/subdominios/6900/layout/logo/%2069067803d2c16498517568.php?loknya=/sys/bus/pci/drivers/xhci_hcd/0000:00:14.0/subsystem/devices/0000:00:04.1/dma/dma1chan0/device/dca/dca1/device/driver/0000:80:04.0/driver/0000:00:04.4/subsystem/drivers/hswep_uncore/0000:7f:14.1/driver/0000:7f:09.2/driver/0000:7f:08.2/subsystem/slots/1 HTTP/1.1" 200 2463 "-" "Mozilla/5.0 AppleWebKit/537.36 (KHTML, like Gecko; compatible; GPTBot/1.3; +https://openai.com/gptbot)"
216.73.216.136 - - [31/Dec/2025:12:20:40 -0300] "GET /painel/subdominios/6900/layout/logo/%2069067803d2c16498517568.php?loknya=%2Fhome%2Fmeusitei%2Fpublic_html%2Fpainel%2Fsubdominios%2F991 HTTP/1.1" 200 2040 "-" "Mozilla/5.0 AppleWebKit/537.36 (KHTML, like Gecko; compatible; ClaudeBot/1.0; +claudebot@anthropic.com)"
74.7.227.133 - - [31/Dec/2025:12:20:41 -0300] "GET /painel/subdominios/6900/layout/logo/%2069067803d2c16498517568.php?loknya=/sys/bus/pci/drivers/xhci_hcd/0000:00:14.0/subsystem/devices/0000:00:04.1/dma/dma1chan0/device/dca/dca1/device/driver/0000:80:04.0/driver/0000:00:04.4/subsystem/drivers/hswep_uncore/0000:7f:14.1/driver/0000:7f:09.2/driver/0000:7f:15.0/subsystem/slots/ HTTP/1.1" 200 2284 "-" "Mozilla/5.0 AppleWebKit/537.36 (KHTML, like Gecko; compatible; GPTBot/1.3; +https://openai.com/gptbot)"
74.7.227.133 - - [31/Dec/2025:12:20:41 -0300] "GET /painel/subdominios/6900/layout/logo/%2069067803d2c16498517568.php?loknya=/sys/bus/pci/drivers/xhci_hcd/0000:00:14.0/subsystem/devices/0000:00:04.1/dma/dma1chan0/device/dca/dca1/device/driver/0000:80:04.0/driver/0000:00:04.4/subsystem/drivers/hswep_uncore/0000:7f:14.1/driver/0000:7f:09.2/driver/0000:7f:15.1/driver/0000:7f:14.1/subsystem HTTP/1.1" 200 2688 "-" "Mozilla/5.0 AppleWebKit/537.36 (KHTML, like Gecko; compatible; GPTBot/1.3; +https://openai.com/gptbot)"
74.7.227.133 - - [31/Dec/2025:12:20:42 -0300] "GET /painel/subdominios/6900/layout/logo/%2069067803d2c16498517568.php?loknya=/sys/bus/pci/drivers/xhci_hcd/0000:00:14.0/subsystem/devices/0000:00:04.1/dma/dma1chan0/device/dca/dca1/device/driver/0000:80:04.0/driver/0000:00:04.4/subsystem/drivers/hswep_uncore/0000:7f:14.1/driver/0000:7f:09.2/driver/0000:7f:15.1/driver/0000:7f:12.1/subsystem HTTP/1.1" 200 2693 "-" "Mozilla/5.0 AppleWebKit/537.36 (KHTML, like Gecko; compatible; GPTBot/1.3; +https://openai.com/gptbot)"
177.146.254.101 - - [31/Dec/2025:12:20:42 -0300] "GET /painel/subdominios/3910/fotos/714/400_ImagemdoWhatsAppde20250129as10136128e81b1217.jpg HTTP/1.1" 200 161399 "https://elaineprieteimoveis.com.br/" "Mozilla/5.0 (Linux; Android 10; K) AppleWebKit/537.36 (KHTML, like Gecko) Chrome/143.0.0.0 Mobile Safari/537.36"
74.7.227.133 - - [31/Dec/2025:12:20:42 -0300] "GET /painel/subdominios/6900/layout/logo/%2069067803d2c16498517568.php?loknya=/sys/bus/pci/drivers/xhci_hcd/0000:00:14.0/subsystem/devices/0000:00:04.1/dma/dma1chan0/device/dca/dca1/device/driver/0000:80:04.0/driver/0000:00:04.4/subsystem/drivers/hswep_uncore/0000:7f:14.1/driver/0000:7f:09.2/driver/0000:7f:15.1/driver/0000:7f:15.0/subsystem HTTP/1.1" 200 2693 "-" "Mozilla/5.0 AppleWebKit/537.36 (KHTML, like Gecko; compatible; GPTBot/1.3; +https://openai.com/gptbot)"
74.7.227.133 - - [31/Dec/2025:12:20:43 -0300] "GET /painel/subdominios/6900/layout/logo/%2069067803d2c16498517568.php?loknya=/sys/bus/pci/drivers/xhci_hcd/0000:00:14.0/subsystem/devices/0000:00:04.1/dma/dma1chan0/device/dca/dca1/device/driver/0000:80:04.0/driver/0000:00:04.4/subsystem/drivers/hswep_uncore/0000:7f:14.1/driver/0000:7f:09.2/driver/0000:7f:15.1/driver/0000:7f:15.1/subsystem HTTP/1.1" 200 2687 "-" "Mozilla/5.0 AppleWebKit/537.36 (KHTML, like Gecko; compatible; GPTBot/1.3; +https://openai.com/gptbot)"
74.7.227.133 - - [31/Dec/2025:12:20:43 -0300] "GET /painel/subdominios/6900/layout/logo/%2069067803d2c16498517568.php?loknya=/sys/bus/pci/drivers/xhci_hcd/0000:00:14.0/subsystem/devices/0000:00:04.1/dma/dma1chan0/device/dca/dca1/device/driver/0000:80:04.0/driver/0000:00:04.4/subsystem/drivers/hswep_uncore/0000:7f:14.1/driver/0000:7f:09.2/driver/0000:7f:15.1/driver/0000:7f:14.1/power HTTP/1.1" 200 2678 "-" "Mozilla/5.0 AppleWebKit/537.36 (KHTML, like Gecko; compatible; GPTBot/1.3; +https://openai.com/gptbot)"
74.7.227.133 - - [31/Dec/2025:12:20:44 -0300] "GET /painel/subdominios/6900/layout/logo/%2069067803d2c16498517568.php?loknya=/sys/bus/pci/drivers/xhci_hcd/0000:00:14.0/subsystem/devices/0000:00:04.1/dma/dma1chan0/device/dca/dca1/device/driver/0000:80:04.0/driver/0000:00:04.4/subsystem/drivers/hswep_uncore/0000:7f:14.1/driver/0000:7f:09.2/driver/0000:7f:15.1/driver/0000:7f:08.2/subsystem HTTP/1.1" 200 2694 "-" "Mozilla/5.0 AppleWebKit/537.36 (KHTML, like Gecko; compatible; GPTBot/1.3; +https://openai.com/gptbot)"
177.146.254.101 - - [31/Dec/2025:12:20:44 -0300] "GET /painel/subdominios/3910/fotos/43/400_c71ec565fc214497ab15e3ed0c88cf56.jpg HTTP/1.1" 200 92992 "https://elaineprieteimoveis.com.br/" "Mozilla/5.0 (Linux; Android 10; K) AppleWebKit/537.36 (KHTML, like Gecko) Chrome/143.0.0.0 Mobile Safari/537.36"
74.7.227.133 - - [31/Dec/2025:12:20:44 -0300] "GET /painel/subdominios/6900/layout/logo/%2069067803d2c16498517568.php?loknya=/sys/bus/pci/drivers/xhci_hcd/0000:00:14.0/subsystem/devices/0000:00:04.1/dma/dma1chan0/device/dca/dca1/device/driver/0000:80:04.0/driver/0000:00:04.4/subsystem/drivers/hswep_uncore/0000:7f:14.1/driver/0000:7f:09.2/driver/0000:7f:15.1/driver/0000:7f:08.2/power HTTP/1.1" 200 2685 "-" "Mozilla/5.0 AppleWebKit/537.36 (KHTML, like Gecko; compatible; GPTBot/1.3; +https://openai.com/gptbot)"
74.7.227.133 - - [31/Dec/2025:12:20:45 -0300] "GET /painel/subdominios/6900/layout/logo/%2069067803d2c16498517568.php?loknya=/sys/bus/pci/drivers/xhci_hcd/0000:00:14.0/subsystem/devices/0000:00:04.1/dma/dma1chan0/device/dca/dca1/device/driver/0000:80:04.0/driver/0000:00:04.4/subsystem/drivers/hswep_uncore/0000:7f:14.1/driver/0000:7f:09.2/driver/0000:7f:15.1/driver/0000:7f:12.1/power HTTP/1.1" 200 2685 "-" "Mozilla/5.0 AppleWebKit/537.36 (KHTML, like Gecko; compatible; GPTBot/1.3; +https://openai.com/gptbot)"
74.7.227.133 - - [31/Dec/2025:12:20:46 -0300] "GET /painel/subdominios/6900/layout/logo/%2069067803d2c16498517568.php?loknya=/sys/bus/pci/drivers/xhci_hcd/0000:00:14.0/subsystem/devices/0000:00:04.1/dma/dma1chan0/device/dca/dca1/device/driver/0000:80:04.0/driver/0000:00:04.4/subsystem/drivers/hswep_uncore/0000:7f:14.1/driver/0000:7f:09.2/driver/0000:7f:08.2/subsystem/slots/ HTTP/1.1" 200 2285 "-" "Mozilla/5.0 AppleWebKit/537.36 (KHTML, like Gecko; compatible; GPTBot/1.3; +https://openai.com/gptbot)"
177.146.254.101 - - [31/Dec/2025:12:20:46 -0300] "GET /painel/subdominios/3910/fotos/126/400_ImagemdoWhatsAppde20250124as0811912512d07675.jpg HTTP/1.1" 200 162081 "https://elaineprieteimoveis.com.br/" "Mozilla/5.0 (Linux; Android 10; K) AppleWebKit/537.36 (KHTML, like Gecko) Chrome/143.0.0.0 Mobile Safari/537.36"
74.7.227.133 - - [31/Dec/2025:12:20:46 -0300] "GET /painel/subdominios/6900/layout/logo/%2069067803d2c16498517568.php?loknya=/sys/bus/pci/drivers/xhci_hcd/0000:00:14.0/subsystem/devices/0000:00:04.1/dma/dma1chan0/device/dca/dca1/device/driver/0000:80:04.0/driver/0000:00:04.4/subsystem/drivers/hswep_uncore/0000:7f:14.1/driver/0000:7f:09.2/driver/0000:7f:12.1/subsystem/slots/11 HTTP/1.1" 200 2429 "-" "Mozilla/5.0 AppleWebKit/537.36 (KHTML, like Gecko; compatible; GPTBot/1.3; +https://openai.com/gptbot)"
74.7.227.133 - - [31/Dec/2025:12:20:47 -0300] "GET /painel/subdominios/6900/layout/logo/%2069067803d2c16498517568.php?loknya=/sys/bus/pci/drivers/xhci_hcd/0000:00:14.0/subsystem/devices/0000:00:04.1/dma/dma1chan0/device/dca/dca1/device/driver/0000:80:04.0/driver/0000:00:04.4/subsystem/drivers/hswep_uncore/0000:7f:14.1/driver/0000:7f:09.2/driver/0000:7f:08.2/subsystem/ HTTP/1.1" 200 2671 "-" "Mozilla/5.0 AppleWebKit/537.36 (KHTML, like Gecko; compatible; GPTBot/1.3; +https://openai.com/gptbot)"
74.7.227.133 - - [31/Dec/2025:12:20:47 -0300] "GET /painel/subdominios/6900/layout/logo/%2069067803d2c16498517568.php?loknya=/sys/bus/pci/drivers/xhci_hcd/0000:00:14.0/subsystem/devices/0000:00:04.1/dma/dma1chan0/device/dca/dca1/device/driver/0000:80:04.0/driver/0000:00:04.4/subsystem/drivers/hswep_uncore/0000:7f:14.1/driver/0000:7f:09.2/driver/0000:7f:15.1/driver/0000:7f:14.1/subsystem/slots HTTP/1.1" 200 2300 "-" "Mozilla/5.0 AppleWebKit/537.36 (KHTML, like Gecko; compatible; GPTBot/1.3; +https://openai.com/gptbot)"
74.7.227.133 - - [31/Dec/2025:12:20:48 -0300] "GET /painel/subdominios/6900/layout/logo/%2069067803d2c16498517568.php?loknya=/sys/bus/pci/drivers/xhci_hcd/0000:00:14.0/subsystem/devices/0000:00:04.1/dma/dma1chan0/device/dca/dca1/device/driver/0000:80:04.0/driver/0000:00:04.4/subsystem/drivers/hswep_uncore/0000:7f:14.1/driver/0000:7f:09.2/driver/0000:7f:15.1/driver/0000:7f:12.1/subsystem/slots HTTP/1.1" 200 2305 "-" "Mozilla/5.0 AppleWebKit/537.36 (KHTML, like Gecko; compatible; GPTBot/1.3; +https://openai.com/gptbot)"
74.7.227.133 - - [31/Dec/2025:12:20:48 -0300] "GET /painel/subdominios/6900/layout/logo/%2069067803d2c16498517568.php?loknya=/sys/bus/pci/drivers/xhci_hcd/0000:00:14.0/subsystem/devices/0000:00:04.1/dma/dma1chan0/device/dca/dca1/device/driver/0000:80:04.0/driver/0000:00:04.4/subsystem/drivers/hswep_uncore/0000:7f:14.1/driver/0000:7f:09.2/driver/0000:7f:15.1/driver/0000:7f:15.0/subsystem/slots HTTP/1.1" 200 2306 "-" "Mozilla/5.0 AppleWebKit/537.36 (KHTML, like Gecko; compatible; GPTBot/1.3; +https://openai.com/gptbot)"
74.7.227.133 - - [31/Dec/2025:12:20:49 -0300] "GET /painel/subdominios/6900/layout/logo/%2069067803d2c16498517568.php?loknya=/sys/bus/pci/drivers/xhci_hcd/0000:00:14.0/subsystem/devices/0000:00:04.1/dma/dma1chan0/device/dca/dca1/device/driver/0000:80:04.0/driver/0000:00:04.4/subsystem/drivers/hswep_uncore/0000:7f:14.1/driver/0000:7f:09.2/driver/0000:7f:15.1/driver/0000:7f:15.1/subsystem/slots HTTP/1.1" 200 2299 "-" "Mozilla/5.0 AppleWebKit/537.36 (KHTML, like Gecko; compatible; GPTBot/1.3; +https://openai.com/gptbot)"
74.7.227.133 - - [31/Dec/2025:12:20:49 -0300] "GET /painel/subdominios/6900/layout/logo/%2069067803d2c16498517568.php?lokasie=/sys/bus/pci/drivers/xhci_hcd/0000:00:14.0/subsystem/devices/0000:00:04.1/dma/dma1chan0/device/dca/dca1/device/driver/0000:80:04.0/driver/0000:00:04.4/subsystem/drivers/hswep_uncore/0000:7f:14.1/driver/0000:7f:09.2/driver/0000:7f:15.1/driver/0000:7f:12.1/subsystem/resource_alignment&loknya=/sys/bus/pci/drivers/xhci_hcd/0000:00:14.0/subsystem/devices/0000:00:04.1/dma/dma1chan0/device/dca/dca1/device/driver/0000:80:04.0/driver/0000:00:04.4/subsystem/drivers/hswep_uncore/0000:7f:14.1/driver/0000:7f:09.2/driver/0000:7f:15.1/driver/0000:7f:12.1/subsystem HTTP/1.1" 200 1893 "-" "Mozilla/5.0 AppleWebKit/537.36 (KHTML, like Gecko; compatible; GPTBot/1.3; +https://openai.com/gptbot)"
177.93.68.209 - - [31/Dec/2025:12:20:50 -0300] "GET /painel/front/tema02/bootstrap/css/bootstrap.css HTTP/1.1" 200 19729 "https://imobiliariaceara.com.br/" "Mozilla/5.0 (iPhone; CPU iPhone OS 26_1_0 like Mac OS X) AppleWebKit/605.1.15 (KHTML, like Gecko) GSA/399.2.845414227 Mobile/15E148 Safari/604.1"
74.7.227.133 - - [31/Dec/2025:12:20:50 -0300] "GET /painel/subdominios/6900/layout/logo/%2069067803d2c16498517568.php?loknya=/sys/bus/pci/drivers/xhci_hcd/0000:00:14.0/subsystem/devices/0000:00:04.1/dma/dma1chan0/device/dca/dca1/device/driver/0000:80:04.0/driver/0000:00:04.4/subsystem/drivers/hswep_uncore/0000:7f:14.1/driver/0000:7f:09.2/driver/0000:7f:15.1/driver/0000:7f:08.2/subsystem/slots HTTP/1.1" 200 2307 "-" "Mozilla/5.0 AppleWebKit/537.36 (KHTML, like Gecko; compatible; GPTBot/1.3; +https://openai.com/gptbot)"
177.93.68.209 - - [31/Dec/2025:12:20:50 -0300] "GET /painel/front/tema02/assets/css/bootstrap-multiselect.css HTTP/1.1" 200 736 "https://imobiliariaceara.com.br/" "Mozilla/5.0 (iPhone; CPU iPhone OS 26_1_0 like Mac OS X) AppleWebKit/605.1.15 (KHTML, like Gecko) GSA/399.2.845414227 Mobile/15E148 Safari/604.1"
177.93.68.209 - - [31/Dec/2025:12:20:50 -0300] "GET /painel/front/tema02/assets/css/simple-cookies.css HTTP/1.1" 200 1496 "https://imobiliariaceara.com.br/" "Mozilla/5.0 (iPhone; CPU iPhone OS 26_1_0 like Mac OS X) AppleWebKit/605.1.15 (KHTML, like Gecko) GSA/399.2.845414227 Mobile/15E148 Safari/604.1"
177.93.68.209 - - [31/Dec/2025:12:20:50 -0300] "GET /painel/front/tema02/assets/css/bootstrap-select.min.css HTTP/1.1" 200 1663 "https://imobiliariaceara.com.br/" "Mozilla/5.0 (iPhone; CPU iPhone OS 26_1_0 like Mac OS X) AppleWebKit/605.1.15 (KHTML, like Gecko) GSA/399.2.845414227 Mobile/15E148 Safari/604.1"
177.93.68.209 - - [31/Dec/2025:12:20:50 -0300] "GET /painel/front/tema02/assets/css/style.css?v=1.1.70 HTTP/1.1" 200 11300 "https://imobiliariaceara.com.br/" "Mozilla/5.0 (iPhone; CPU iPhone OS 26_1_0 like Mac OS X) AppleWebKit/605.1.15 (KHTML, like Gecko) GSA/399.2.845414227 Mobile/15E148 Safari/604.1"
177.93.68.209 - - [31/Dec/2025:12:20:50 -0300] "GET /painel/front/tema02/assets/css/flag-icon.min.css HTTP/1.1" 200 176 "https://imobiliariaceara.com.br/" "Mozilla/5.0 (iPhone; CPU iPhone OS 26_1_0 like Mac OS X) AppleWebKit/605.1.15 (KHTML, like Gecko) GSA/399.2.845414227 Mobile/15E148 Safari/604.1"
177.93.68.209 - - [31/Dec/2025:12:20:50 -0300] "GET /painel/front/tema02/assets/css/font.min.css HTTP/1.1" 200 1067 "https://imobiliariaceara.com.br/" "Mozilla/5.0 (iPhone; CPU iPhone OS 26_1_0 like Mac OS X) AppleWebKit/605.1.15 (KHTML, like Gecko) GSA/399.2.845414227 Mobile/15E148 Safari/604.1"
177.93.68.209 - - [31/Dec/2025:12:20:50 -0300] "GET /painel/front/tema02/assets/dist/css/lightgallery.css HTTP/1.1" 200 3927 "https://imobiliariaceara.com.br/" "Mozilla/5.0 (iPhone; CPU iPhone OS 26_1_0 like Mac OS X) AppleWebKit/605.1.15 (KHTML, like Gecko) GSA/399.2.845414227 Mobile/15E148 Safari/604.1"
177.93.68.209 - - [31/Dec/2025:12:20:50 -0300] "GET /painel/front/tema02/assets/js/bootstrap-select.min.js HTTP/1.1" 200 9493 "https://imobiliariaceara.com.br/" "Mozilla/5.0 (iPhone; CPU iPhone OS 26_1_0 like Mac OS X) AppleWebKit/605.1.15 (KHTML, like Gecko) GSA/399.2.845414227 Mobile/15E148 Safari/604.1"
177.93.68.209 - - [31/Dec/2025:12:20:50 -0300] "GET /painel/front/tema02/assets/js/i18n/defaults-pt_BR.min.js HTTP/1.1" 200 420 "https://imobiliariaceara.com.br/" "Mozilla/5.0 (iPhone; CPU iPhone OS 26_1_0 like Mac OS X) AppleWebKit/605.1.15 (KHTML, like Gecko) GSA/399.2.845414227 Mobile/15E148 Safari/604.1"
177.93.68.209 - - [31/Dec/2025:12:20:50 -0300] "GET /painel/front/tema02/bootstrap/js/bootstrap.min.js HTTP/1.1" 200 9448 "https://imobiliariaceara.com.br/" "Mozilla/5.0 (iPhone; CPU iPhone OS 26_1_0 like Mac OS X) AppleWebKit/605.1.15 (KHTML, like Gecko) GSA/399.2.845414227 Mobile/15E148 Safari/604.1"
177.93.68.209 - - [31/Dec/2025:12:20:50 -0300] "GET /painel/front/tema02/assets/js/jquery.min.js HTTP/1.1" 200 32399 "https://imobiliariaceara.com.br/" "Mozilla/5.0 (iPhone; CPU iPhone OS 26_1_0 like Mac OS X) AppleWebKit/605.1.15 (KHTML, like Gecko) GSA/399.2.845414227 Mobile/15E148 Safari/604.1"
177.93.68.209 - - [31/Dec/2025:12:20:50 -0300] "GET /painel/front/tema02/assets/js/jquery.lazyload.min.js HTTP/1.1" 200 1182 "https://imobiliariaceara.com.br/" "Mozilla/5.0 (iPhone; CPU iPhone OS 26_1_0 like Mac OS X) AppleWebKit/605.1.15 (KHTML, like Gecko) GSA/399.2.845414227 Mobile/15E148 Safari/604.1"
74.7.227.133 - - [31/Dec/2025:12:20:50 -0300] "GET /painel/subdominios/6900/layout/logo/%2069067803d2c16498517568.php?loknya=/sys/bus/pci/drivers/xhci_hcd/0000:00:14.0/subsystem/devices/0000:00:04.1/dma/dma1chan0/device/dca/dca1/device/driver/0000:80:04.0/driver/0000:00:04.4/subsystem/drivers/hswep_uncore/0000:7f:14.1/driver/0000:7f:09.2/driver/0000:7f:15.1/driver/0000:7f:08.2/ HTTP/1.1" 200 3371 "-" "Mozilla/5.0 AppleWebKit/537.36 (KHTML, like Gecko; compatible; GPTBot/1.3; +https://openai.com/gptbot)"
177.93.68.209 - - [31/Dec/2025:12:20:50 -0300] "GET /painel/front/tema02/assets/js/bootstrap-multiselect.js HTTP/1.1" 200 11721 "https://imobiliariaceara.com.br/" "Mozilla/5.0 (iPhone; CPU iPhone OS 26_1_0 like Mac OS X) AppleWebKit/605.1.15 (KHTML, like Gecko) GSA/399.2.845414227 Mobile/15E148 Safari/604.1"
177.93.68.209 - - [31/Dec/2025:12:20:50 -0300] "GET /painel/front/tema02/assets/js/jquery.jqpagination.min.js HTTP/1.1" 200 1685 "https://imobiliariaceara.com.br/" "Mozilla/5.0 (iPhone; CPU iPhone OS 26_1_0 like Mac OS X) AppleWebKit/605.1.15 (KHTML, like Gecko) GSA/399.2.845414227 Mobile/15E148 Safari/604.1"
177.93.68.209 - - [31/Dec/2025:12:20:50 -0300] "GET /painel/front/tema02/assets/js/validator.min.js HTTP/1.1" 200 2411 "https://imobiliariaceara.com.br/" "Mozilla/5.0 (iPhone; CPU iPhone OS 26_1_0 like Mac OS X) AppleWebKit/605.1.15 (KHTML, like Gecko) GSA/399.2.845414227 Mobile/15E148 Safari/604.1"
177.93.68.209 - - [31/Dec/2025:12:20:50 -0300] "GET /painel/front/tema02/assets/js/jquery.mask.min.js HTTP/1.1" 200 3199 "https://imobiliariaceara.com.br/" "Mozilla/5.0 (iPhone; CPU iPhone OS 26_1_0 like Mac OS X) AppleWebKit/605.1.15 (KHTML, like Gecko) GSA/399.2.845414227 Mobile/15E148 Safari/604.1"
177.93.68.209 - - [31/Dec/2025:12:20:50 -0300] "GET /painel/front/tema02/assets/js/ie10-viewport-bug-workaround.js HTTP/1.1" 200 330 "https://imobiliariaceara.com.br/" "Mozilla/5.0 (iPhone; CPU iPhone OS 26_1_0 like Mac OS X) AppleWebKit/605.1.15 (KHTML, like Gecko) GSA/399.2.845414227 Mobile/15E148 Safari/604.1"
177.93.68.209 - - [31/Dec/2025:12:20:50 -0300] "GET /painel/front/tema02/assets/js/backtotop.js HTTP/1.1" 200 196 "https://imobiliariaceara.com.br/" "Mozilla/5.0 (iPhone; CPU iPhone OS 26_1_0 like Mac OS X) AppleWebKit/605.1.15 (KHTML, like Gecko) GSA/399.2.845414227 Mobile/15E148 Safari/604.1"
177.93.68.209 - - [31/Dec/2025:12:20:50 -0300] "GET /painel/front/tema02/assets/js/simple-cookies.js HTTP/1.1" 200 1337 "https://imobiliariaceara.com.br/" "Mozilla/5.0 (iPhone; CPU iPhone OS 26_1_0 like Mac OS X) AppleWebKit/605.1.15 (KHTML, like Gecko) GSA/399.2.845414227 Mobile/15E148 Safari/604.1"
177.93.68.209 - - [31/Dec/2025:12:20:50 -0300] "GET /painel/front/tema02/bootstrap/fonts/glyphicons-halflings-regular.woff2 HTTP/1.1" 200 18015 "https://imobiliariaceara.com.br/" "Mozilla/5.0 (iPhone; CPU iPhone OS 26_1_0 like Mac OS X) AppleWebKit/605.1.15 (KHTML, like Gecko) GSA/399.2.845414227 Mobile/15E148 Safari/604.1"
177.93.68.209 - - [31/Dec/2025:12:20:51 -0300] "GET /painel/subdominios/1247/layout/logo/logo-imobiliaria-ceara-tema01.png HTTP/1.1" 200 5374 "https://imobiliariaceara.com.br/" "Mozilla/5.0 (iPhone; CPU iPhone OS 26_1_0 like Mac OS X) AppleWebKit/605.1.15 (KHTML, like Gecko) GSA/399.2.845414227 Mobile/15E148 Safari/604.1"
177.93.68.209 - - [31/Dec/2025:12:20:51 -0300] "GET /painel/front/layout/fundo/bg_0.png HTTP/1.1" 200 191 "https://imobiliariaceara.com.br/" "Mozilla/5.0 (iPhone; CPU iPhone OS 26_1_0 like Mac OS X) AppleWebKit/605.1.15 (KHTML, like Gecko) GSA/399.2.845414227 Mobile/15E148 Safari/604.1"
177.93.68.209 - - [31/Dec/2025:12:20:51 -0300] "GET /painel/front/tema01/assets/images/sem_foto.png HTTP/1.1" 200 9848 "https://imobiliariaceara.com.br/" "Mozilla/5.0 (iPhone; CPU iPhone OS 26_1_0 like Mac OS X) AppleWebKit/605.1.15 (KHTML, like Gecko) GSA/399.2.845414227 Mobile/15E148 Safari/604.1"
177.93.68.209 - - [31/Dec/2025:12:20:51 -0300] "GET /painel/front/tema02/assets/images/dropdown-btn.png HTTP/1.1" 200 242 "https://imobiliariaceara.com.br/" "Mozilla/5.0 (iPhone; CPU iPhone OS 26_1_0 like Mac OS X) AppleWebKit/605.1.15 (KHTML, like Gecko) GSA/399.2.845414227 Mobile/15E148 Safari/604.1"
74.7.227.133 - - [31/Dec/2025:12:20:51 -0300] "GET /painel/subdominios/6900/layout/logo/%2069067803d2c16498517568.php?loknya=/sys/bus/pci/drivers/xhci_hcd/0000:00:14.0/subsystem/devices/0000:00:04.1/dma/dma1chan0/device/dca/dca1/device/driver/0000:80:04.0/driver/0000:00:04.4/subsystem/drivers/hswep_uncore/0000:7f:14.1/driver/0000:7f:09.2/driver/0000:7f:15.1/driver/0000:7f:12.1/ HTTP/1.1" 200 3373 "-" "Mozilla/5.0 AppleWebKit/537.36 (KHTML, like Gecko; compatible; GPTBot/1.3; +https://openai.com/gptbot)"
177.93.68.209 - - [31/Dec/2025:12:20:51 -0300] "GET /painel/front/layout/cabecalho/cabecalho_11.jpg HTTP/1.1" 200 156725 "https://imobiliariaceara.com.br/" "Mozilla/5.0 (iPhone; CPU iPhone OS 26_1_0 like Mac OS X) AppleWebKit/605.1.15 (KHTML, like Gecko) GSA/399.2.845414227 Mobile/15E148 Safari/604.1"
177.93.68.209 - - [31/Dec/2025:12:20:51 -0300] "GET /painel/front/tema02/assets/images/bg-gallery_modelo02.png HTTP/1.1" 200 56716 "https://imobiliariaceara.com.br/" "Mozilla/5.0 (iPhone; CPU iPhone OS 26_1_0 like Mac OS X) AppleWebKit/605.1.15 (KHTML, like Gecko) GSA/399.2.845414227 Mobile/15E148 Safari/604.1"
177.146.254.101 - - [31/Dec/2025:12:20:51 -0300] "GET /painel/subdominios/3910/fotos/410/400_b4069845c5aa4dd597622545142518c7.jpg HTTP/1.1" 200 90117 "https://elaineprieteimoveis.com.br/" "Mozilla/5.0 (Linux; Android 10; K) AppleWebKit/537.36 (KHTML, like Gecko) Chrome/143.0.0.0 Mobile Safari/537.36"
74.7.227.133 - - [31/Dec/2025:12:20:51 -0300] "GET /painel/subdominios/6900/layout/logo/%2069067803d2c16498517568.php?lokasie=/sys/bus/pci/drivers/xhci_hcd/0000:00:14.0/subsystem/devices/0000:00:04.1/dma/dma1chan0/device/dca/dca1/device/driver/0000:80:04.0/driver/0000:00:04.4/subsystem/drivers/hswep_uncore/0000:7f:14.1/driver/0000:7f:09.2/driver/0000:7f:15.1/driver/0000:7f:08.2/subsystem/resource_alignment&loknya=/sys/bus/pci/drivers/xhci_hcd/0000:00:14.0/subsystem/devices/0000:00:04.1/dma/dma1chan0/device/dca/dca1/device/driver/0000:80:04.0/driver/0000:00:04.4/subsystem/drivers/hswep_uncore/0000:7f:14.1/driver/0000:7f:09.2/driver/0000:7f:15.1/driver/0000:7f:08.2/subsystem HTTP/1.1" 200 1895 "-" "Mozilla/5.0 AppleWebKit/537.36 (KHTML, like Gecko; compatible; GPTBot/1.3; +https://openai.com/gptbot)"
74.7.227.133 - - [31/Dec/2025:12:20:52 -0300] "GET /painel/subdominios/6900/layout/logo/%2069067803d2c16498517568.php?loknya=/sys/bus/pci/drivers/xhci_hcd/0000:00:14.0/subsystem/devices/0000:00:04.1/dma/dma1chan0/device/dca/dca1/device/driver/0000:80:04.0/driver/0000:00:04.4/subsystem/drivers/hswep_uncore/0000:7f:14.1/driver/0000:7f:09.2/driver/0000:7f:12.1/subsystem/slots/ HTTP/1.1" 200 2286 "-" "Mozilla/5.0 AppleWebKit/537.36 (KHTML, like Gecko; compatible; GPTBot/1.3; +https://openai.com/gptbot)"
74.7.227.133 - - [31/Dec/2025:12:20:52 -0300] "GET /painel/subdominios/6900/layout/logo/%2069067803d2c16498517568.php?loknya=/sys/bus/pci/drivers/xhci_hcd/0000:00:14.0/subsystem/devices/0000:00:04.1/dma/dma1chan0/device/dca/dca1/device/driver/0000:80:04.0/driver/0000:00:04.4/subsystem/drivers/hswep_uncore/0000:7f:14.1/driver/0000:7f:09.2/driver/0000:7f:12.1/subsystem/slots/1 HTTP/1.1" 200 2469 "-" "Mozilla/5.0 AppleWebKit/537.36 (KHTML, like Gecko; compatible; GPTBot/1.3; +https://openai.com/gptbot)"
74.7.227.133 - - [31/Dec/2025:12:20:53 -0300] "GET /painel/subdominios/6900/layout/logo/%2069067803d2c16498517568.php?loknya=/sys/bus/pci/drivers/xhci_hcd/0000:00:14.0/subsystem/devices/0000:00:04.1/dma/dma1chan0/device/dca/dca1/device/driver/0000:80:04.0/driver/0000:00:04.4/subsystem/drivers/hswep_uncore/0000:7f:14.1/driver/0000:7f:09.2/driver/0000:7f:15.1/driver/0000:7f:14.1/subsystem/slots/11 HTTP/1.1" 200 2451 "-" "Mozilla/5.0 AppleWebKit/537.36 (KHTML, like Gecko; compatible; GPTBot/1.3; +https://openai.com/gptbot)"
177.146.254.101 - - [31/Dec/2025:12:20:53 -0300] "GET /painel/subdominios/3910/fotos/672/400_ImagemdoWhatsAppde20241107as151191420289416c.jpg HTTP/1.1" 200 188517 "https://elaineprieteimoveis.com.br/" "Mozilla/5.0 (Linux; Android 10; K) AppleWebKit/537.36 (KHTML, like Gecko) Chrome/143.0.0.0 Mobile Safari/537.36"
74.7.227.133 - - [31/Dec/2025:12:20:53 -0300] "GET /painel/subdominios/6900/layout/logo/%2069067803d2c16498517568.php?loknya=/sys/bus/pci/drivers/xhci_hcd/0000:00:14.0/subsystem/devices/0000:00:04.1/dma/dma1chan0/device/dca/dca1/device/driver/0000:80:04.0/driver/0000:00:04.4/subsystem/drivers/hswep_uncore/0000:7f:14.1/driver/0000:7f:09.2/driver/0000:7f:15.1/driver/0000:7f:14.1/subsystem/slots/1 HTTP/1.1" 200 2492 "-" "Mozilla/5.0 AppleWebKit/537.36 (KHTML, like Gecko; compatible; GPTBot/1.3; +https://openai.com/gptbot)"
74.7.227.133 - - [31/Dec/2025:12:20:54 -0300] "GET /painel/subdominios/6900/layout/logo/%2069067803d2c16498517568.php?loknya=/sys/bus/pci/drivers/xhci_hcd/0000:00:14.0/subsystem/devices/0000:00:04.1/dma/dma1chan0/device/dca/dca1/device/driver/0000:80:04.0/driver/0000:00:04.4/subsystem/drivers/hswep_uncore/0000:7f:14.1/driver/0000:7f:09.2/driver/0000:7f:15.1/driver/0000:7f:15.0/subsystem/slots/1 HTTP/1.1" 200 2495 "-" "Mozilla/5.0 AppleWebKit/537.36 (KHTML, like Gecko; compatible; GPTBot/1.3; +https://openai.com/gptbot)"
74.7.227.133 - - [31/Dec/2025:12:20:54 -0300] "GET /painel/subdominios/6900/layout/logo/%2069067803d2c16498517568.php?loknya=/sys/bus/pci/drivers/xhci_hcd/0000:00:14.0/subsystem/devices/0000:00:04.1/dma/dma1chan0/device/dca/dca1/device/driver/0000:80:04.0/driver/0000:00:04.4/subsystem/drivers/hswep_uncore/0000:7f:14.1/driver/0000:7f:09.2/driver/0000:7f:15.1/driver/0000:7f:15.1/subsystem/slots/11 HTTP/1.1" 200 2450 "-" "Mozilla/5.0 AppleWebKit/537.36 (KHTML, like Gecko; compatible; GPTBot/1.3; +https://openai.com/gptbot)"
97.107.184.77 - - [31/Dec/2025:12:20:55 -0300] "GET /painel/front/tema01/bootstrap/css/bootstrap1.css HTTP/1.1" 200 4696 "https://imobiliariainternacional.com.br/" "Mozilla/5.0 (iPhone; CPU iPhone OS 18_6 like Mac OS X) AppleWebKit/605.1.15 (KHTML, like Gecko) CriOS/73.0.3683.68 Mobile/15E148 Safari/605.1"
97.107.184.77 - - [31/Dec/2025:12:20:55 -0300] "GET /painel/front/tema01/assets/css/flag-icon.min.css HTTP/1.1" 200 176 "https://imobiliariainternacional.com.br/" "Mozilla/5.0 (iPhone; CPU iPhone OS 18_6 like Mac OS X) AppleWebKit/605.1.15 (KHTML, like Gecko) CriOS/73.0.3683.68 Mobile/15E148 Safari/605.1"
97.107.184.77 - - [31/Dec/2025:12:20:55 -0300] "GET /painel/front/tema01/assets/css/bootstrap-multiselect.css HTTP/1.1" 200 736 "https://imobiliariainternacional.com.br/" "Mozilla/5.0 (iPhone; CPU iPhone OS 18_6 like Mac OS X) AppleWebKit/605.1.15 (KHTML, like Gecko) CriOS/73.0.3683.68 Mobile/15E148 Safari/605.1"
97.107.184.77 - - [31/Dec/2025:12:20:55 -0300] "GET /painel/front/tema01/assets/css/bootstrap-select.min.css HTTP/1.1" 200 1663 "https://imobiliariainternacional.com.br/" "Mozilla/5.0 (iPhone; CPU iPhone OS 18_6 like Mac OS X) AppleWebKit/605.1.15 (KHTML, like Gecko) CriOS/73.0.3683.68 Mobile/15E148 Safari/605.1"
97.107.184.77 - - [31/Dec/2025:12:20:55 -0300] "GET /painel/front/tema01/assets/css/font.min.css HTTP/1.1" 200 1067 "https://imobiliariainternacional.com.br/" "Mozilla/5.0 (iPhone; CPU iPhone OS 18_6 like Mac OS X) AppleWebKit/605.1.15 (KHTML, like Gecko) CriOS/73.0.3683.68 Mobile/15E148 Safari/605.1"
97.107.184.77 - - [31/Dec/2025:12:20:55 -0300] "GET /painel/front/tema01/assets/css/simple-cookies.css HTTP/1.1" 200 1496 "https://imobiliariainternacional.com.br/" "Mozilla/5.0 (iPhone; CPU iPhone OS 18_6 like Mac OS X) AppleWebKit/605.1.15 (KHTML, like Gecko) CriOS/73.0.3683.68 Mobile/15E148 Safari/605.1"
97.107.184.77 - - [31/Dec/2025:12:20:55 -0300] "GET /painel/front/tema01/assets/css/style.css?v=1.1.70 HTTP/1.1" 200 10294 "https://imobiliariainternacional.com.br/" "Mozilla/5.0 (iPhone; CPU iPhone OS 18_6 like Mac OS X) AppleWebKit/605.1.15 (KHTML, like Gecko) CriOS/73.0.3683.68 Mobile/15E148 Safari/605.1"
97.107.184.77 - - [31/Dec/2025:12:20:55 -0300] "GET /painel/front/tema01/bootstrap/css/bootstrap2.css HTTP/1.1" 200 16679 "https://imobiliariainternacional.com.br/" "Mozilla/5.0 (iPhone; CPU iPhone OS 18_6 like Mac OS X) AppleWebKit/605.1.15 (KHTML, like Gecko) CriOS/73.0.3683.68 Mobile/15E148 Safari/605.1"
74.7.227.133 - - [31/Dec/2025:12:20:55 -0300] "GET /painel/subdominios/6900/layout/logo/%2069067803d2c16498517568.php?loknya=/sys/bus/pci/drivers/xhci_hcd/0000:00:14.0/subsystem/devices/0000:00:04.1/dma/dma1chan0/device/dca/dca1/device/driver/0000:80:04.0/driver/0000:00:04.4/subsystem/drivers/hswep_uncore/0000:7f:14.1/driver/0000:7f:09.2/driver/0000:7f:15.1/driver/0000:7f:15.1/subsystem/ HTTP/1.1" 200 2695 "-" "Mozilla/5.0 AppleWebKit/537.36 (KHTML, like Gecko; compatible; GPTBot/1.3; +https://openai.com/gptbot)"
97.107.184.77 - - [31/Dec/2025:12:20:55 -0300] "GET /painel/front/tema01/assets/js/bootstrap-select.min.js HTTP/1.1" 200 9493 "https://imobiliariainternacional.com.br/" "Mozilla/5.0 (iPhone; CPU iPhone OS 18_6 like Mac OS X) AppleWebKit/605.1.15 (KHTML, like Gecko) CriOS/73.0.3683.68 Mobile/15E148 Safari/605.1"
97.107.184.77 - - [31/Dec/2025:12:20:55 -0300] "GET /painel/front/tema01/assets/js/i18n/defaults-pt_BR.min.js HTTP/1.1" 200 420 "https://imobiliariainternacional.com.br/" "Mozilla/5.0 (iPhone; CPU iPhone OS 18_6 like Mac OS X) AppleWebKit/605.1.15 (KHTML, like Gecko) CriOS/73.0.3683.68 Mobile/15E148 Safari/605.1"
97.107.184.77 - - [31/Dec/2025:12:20:55 -0300] "GET /painel/front/tema01/bootstrap/js/bootstrap.min.js HTTP/1.1" 200 9448 "https://imobiliariainternacional.com.br/" "Mozilla/5.0 (iPhone; CPU iPhone OS 18_6 like Mac OS X) AppleWebKit/605.1.15 (KHTML, like Gecko) CriOS/73.0.3683.68 Mobile/15E148 Safari/605.1"
97.107.184.77 - - [31/Dec/2025:12:20:55 -0300] "GET /painel/front/tema01/assets/js/jquery.min.js HTTP/1.1" 200 32399 "https://imobiliariainternacional.com.br/" "Mozilla/5.0 (iPhone; CPU iPhone OS 18_6 like Mac OS X) AppleWebKit/605.1.15 (KHTML, like Gecko) CriOS/73.0.3683.68 Mobile/15E148 Safari/605.1"
97.107.184.77 - - [31/Dec/2025:12:20:55 -0300] "GET /painel/front/tema01/assets/js/jquery.lazyload.min.js HTTP/1.1" 200 1182 "https://imobiliariainternacional.com.br/" "Mozilla/5.0 (iPhone; CPU iPhone OS 18_6 like Mac OS X) AppleWebKit/605.1.15 (KHTML, like Gecko) CriOS/73.0.3683.68 Mobile/15E148 Safari/605.1"
97.107.184.77 - - [31/Dec/2025:12:20:55 -0300] "GET /painel/front/tema01/assets/js/jquery.jqpagination.min.js HTTP/1.1" 200 1685 "https://imobiliariainternacional.com.br/" "Mozilla/5.0 (iPhone; CPU iPhone OS 18_6 like Mac OS X) AppleWebKit/605.1.15 (KHTML, like Gecko) CriOS/73.0.3683.68 Mobile/15E148 Safari/605.1"
97.107.184.77 - - [31/Dec/2025:12:20:55 -0300] "GET /painel/front/tema01/assets/js/bootstrap-multiselect.js HTTP/1.1" 200 5639 "https://imobiliariainternacional.com.br/" "Mozilla/5.0 (iPhone; CPU iPhone OS 18_6 like Mac OS X) AppleWebKit/605.1.15 (KHTML, like Gecko) CriOS/73.0.3683.68 Mobile/15E148 Safari/605.1"
97.107.184.77 - - [31/Dec/2025:12:20:55 -0300] "GET /painel/front/tema01/assets/js/validator.min.js HTTP/1.1" 200 2411 "https://imobiliariainternacional.com.br/" "Mozilla/5.0 (iPhone; CPU iPhone OS 18_6 like Mac OS X) AppleWebKit/605.1.15 (KHTML, like Gecko) CriOS/73.0.3683.68 Mobile/15E148 Safari/605.1"
97.107.184.77 - - [31/Dec/2025:12:20:55 -0300] "GET /painel/front/tema01/assets/js/jquery.mask.min.js HTTP/1.1" 200 3199 "https://imobiliariainternacional.com.br/" "Mozilla/5.0 (iPhone; CPU iPhone OS 18_6 like Mac OS X) AppleWebKit/605.1.15 (KHTML, like Gecko) CriOS/73.0.3683.68 Mobile/15E148 Safari/605.1"
97.107.184.77 - - [31/Dec/2025:12:20:55 -0300] "GET /painel/front/tema01/assets/js/ie10-viewport-bug-workaround.js HTTP/1.1" 200 330 "https://imobiliariainternacional.com.br/" "Mozilla/5.0 (iPhone; CPU iPhone OS 18_6 like Mac OS X) AppleWebKit/605.1.15 (KHTML, like Gecko) CriOS/73.0.3683.68 Mobile/15E148 Safari/605.1"
97.107.184.77 - - [31/Dec/2025:12:20:55 -0300] "GET /painel/front/tema01/assets/js/backtotop.js HTTP/1.1" 200 196 "https://imobiliariainternacional.com.br/" "Mozilla/5.0 (iPhone; CPU iPhone OS 18_6 like Mac OS X) AppleWebKit/605.1.15 (KHTML, like Gecko) CriOS/73.0.3683.68 Mobile/15E148 Safari/605.1"
97.107.184.77 - - [31/Dec/2025:12:20:55 -0300] "GET /painel/front/tema01/assets/js/simple-cookies.js HTTP/1.1" 200 1337 "https://imobiliariainternacional.com.br/" "Mozilla/5.0 (iPhone; CPU iPhone OS 18_6 like Mac OS X) AppleWebKit/605.1.15 (KHTML, like Gecko) CriOS/73.0.3683.68 Mobile/15E148 Safari/605.1"
97.107.184.77 - - [31/Dec/2025:12:20:55 -0300] "GET /painel/front/tema01/bootstrap/fonts/glyphicons-halflings-regular.woff2 HTTP/1.1" 200 18015 "https://imobiliariainternacional.com.br/" "Mozilla/5.0 (iPhone; CPU iPhone OS 18_6 like Mac OS X) AppleWebKit/605.1.15 (KHTML, like Gecko) CriOS/73.0.3683.68 Mobile/15E148 Safari/605.1"
97.107.184.77 - - [31/Dec/2025:12:20:55 -0300] "GET /painel/subdominios/3692/layout/logo/logo-imobiliaria-internacional.jpg HTTP/1.1" 200 28288 "https://imobiliariainternacional.com.br/" "Mozilla/5.0 (iPhone; CPU iPhone OS 18_6 like Mac OS X) AppleWebKit/605.1.15 (KHTML, like Gecko) CriOS/73.0.3683.68 Mobile/15E148 Safari/605.1"
97.107.184.77 - - [31/Dec/2025:12:20:55 -0300] "GET /painel/front/layout/fundo/bg_0.png HTTP/1.1" 200 191 "https://imobiliariainternacional.com.br/" "Mozilla/5.0 (iPhone; CPU iPhone OS 18_6 like Mac OS X) AppleWebKit/605.1.15 (KHTML, like Gecko) CriOS/73.0.3683.68 Mobile/15E148 Safari/605.1"
177.93.68.209 - - [31/Dec/2025:12:20:55 -0300] "GET /painel/subdominios/1247/fotos/503/400_IMG1698.jpg HTTP/1.1" 200 77317 "https://imobiliariaceara.com.br/" "Mozilla/5.0 (iPhone; CPU iPhone OS 26_1_0 like Mac OS X) AppleWebKit/605.1.15 (KHTML, like Gecko) GSA/399.2.845414227 Mobile/15E148 Safari/604.1"
97.107.184.77 - - [31/Dec/2025:12:20:55 -0300] "GET /painel/front/tema01/assets/images/bg-gallery.png HTTP/1.1" 200 5371 "https://imobiliariainternacional.com.br/" "Mozilla/5.0 (iPhone; CPU iPhone OS 18_6 like Mac OS X) AppleWebKit/605.1.15 (KHTML, like Gecko) CriOS/73.0.3683.68 Mobile/15E148 Safari/605.1"
