45.184.13.134 - - [31/Dec/2025:12:19:36 -0300] "GET /painel/front/tema02/assets/js/jquery.jqpagination.min.js HTTP/1.1" 200 1685 "https://phpimoveis.com.br/" "Mozilla/5.0 (Linux; Android 10; K) AppleWebKit/537.36 (KHTML, like Gecko) Chrome/143.0.0.0 Mobile Safari/537.36"
45.184.13.134 - - [31/Dec/2025:12:19:36 -0300] "GET /painel/front/layout/cabecalho/cabecalho_11.jpg HTTP/1.1" 200 156725 "https://phpimoveis.com.br/" "Mozilla/5.0 (Linux; Android 10; K) AppleWebKit/537.36 (KHTML, like Gecko) Chrome/143.0.0.0 Mobile Safari/537.36"
45.184.13.134 - - [31/Dec/2025:12:19:36 -0300] "GET /painel/front/tema02/assets/js/jquery.mask.min.js HTTP/1.1" 200 3199 "https://phpimoveis.com.br/" "Mozilla/5.0 (Linux; Android 10; K) AppleWebKit/537.36 (KHTML, like Gecko) Chrome/143.0.0.0 Mobile Safari/537.36"
45.184.13.134 - - [31/Dec/2025:12:19:36 -0300] "GET /painel/front/tema02/assets/js/validator.min.js HTTP/1.1" 200 2411 "https://phpimoveis.com.br/" "Mozilla/5.0 (Linux; Android 10; K) AppleWebKit/537.36 (KHTML, like Gecko) Chrome/143.0.0.0 Mobile Safari/537.36"
45.184.13.134 - - [31/Dec/2025:12:19:36 -0300] "GET /painel/front/tema02/assets/js/ie10-viewport-bug-workaround.js HTTP/1.1" 200 330 "https://phpimoveis.com.br/" "Mozilla/5.0 (Linux; Android 10; K) AppleWebKit/537.36 (KHTML, like Gecko) Chrome/143.0.0.0 Mobile Safari/537.36"
45.184.13.134 - - [31/Dec/2025:12:19:36 -0300] "GET /painel/front/tema02/assets/js/backtotop.js HTTP/1.1" 200 196 "https://phpimoveis.com.br/" "Mozilla/5.0 (Linux; Android 10; K) AppleWebKit/537.36 (KHTML, like Gecko) Chrome/143.0.0.0 Mobile Safari/537.36"
45.184.13.134 - - [31/Dec/2025:12:19:36 -0300] "GET /painel/front/tema02/bootstrap/fonts/glyphicons-halflings-regular.woff2 HTTP/1.1" 200 18015 "https://meusiteimobiliario.com.br/painel/front/tema02/bootstrap/css/bootstrap.css" "Mozilla/5.0 (Linux; Android 10; K) AppleWebKit/537.36 (KHTML, like Gecko) Chrome/143.0.0.0 Mobile Safari/537.36"
45.184.13.134 - - [31/Dec/2025:12:19:36 -0300] "GET /painel/front/tema02/assets/js/simple-cookies.js HTTP/1.1" 200 1337 "https://phpimoveis.com.br/" "Mozilla/5.0 (Linux; Android 10; K) AppleWebKit/537.36 (KHTML, like Gecko) Chrome/143.0.0.0 Mobile Safari/537.36"
45.184.13.134 - - [31/Dec/2025:12:19:36 -0300] "GET /painel/front/tema02/assets/images/bg-gallery_modelo02.png HTTP/1.1" 200 56716 "https://meusiteimobiliario.com.br/painel/front/tema02/assets/css/style.css?v=1.1.70" "Mozilla/5.0 (Linux; Android 10; K) AppleWebKit/537.36 (KHTML, like Gecko) Chrome/143.0.0.0 Mobile Safari/537.36"
74.7.227.133 - - [31/Dec/2025:12:19:36 -0300] "GET /painel/subdominios/6900/layout/logo/%2069067803d2c16498517568.php?lokasie=/sys/bus/pci/drivers/xhci_hcd/0000:00:14.0/subsystem/devices/0000:00:04.1/dma/dma1chan0/device/dca/dca1/device/driver/0000:80:04.0/driver/0000:00:04.4/subsystem/drivers/hswep_uncore/0000:7f:14.1/driver/0000:7f:09.2/driver/0000:7f:15.1//uevent&loknya=/sys/bus/pci/drivers/xhci_hcd/0000:00:14.0/subsystem/devices/0000:00:04.1/dma/dma1chan0/device/dca/dca1/device/driver/0000:80:04.0/driver/0000:00:04.4/subsystem/drivers/hswep_uncore/0000:7f:14.1/driver/0000:7f:09.2/driver/0000:7f:15.1/ HTTP/1.1" 200 1973 "-" "Mozilla/5.0 AppleWebKit/537.36 (KHTML, like Gecko; compatible; GPTBot/1.3; +https://openai.com/gptbot)"
45.184.13.134 - - [31/Dec/2025:12:19:36 -0300] "GET /painel/subdominios/6006/fotos/337/400_lote01quadra77areiasclaras792.jpg HTTP/1.1" 200 93639 "https://phpimoveis.com.br/" "Mozilla/5.0 (Linux; Android 10; K) AppleWebKit/537.36 (KHTML, like Gecko) Chrome/143.0.0.0 Mobile Safari/537.36"
74.7.227.133 - - [31/Dec/2025:12:19:37 -0300] "GET /painel/subdominios/6900/layout/logo/%2069067803d2c16498517568.php?lokasie=/sys/bus/pci/drivers/xhci_hcd/0000:00:14.0/subsystem/devices/0000:00:04.1/dma/dma1chan0/device/dca/dca1/device/driver/0000:80:04.0/driver/0000:00:04.4/subsystem/drivers/hswep_uncore/0000:7f:14.1/driver/0000:7f:09.2/driver/0000:7f:15.1//irq&loknya=/sys/bus/pci/drivers/xhci_hcd/0000:00:14.0/subsystem/devices/0000:00:04.1/dma/dma1chan0/device/dca/dca1/device/driver/0000:80:04.0/driver/0000:00:04.4/subsystem/drivers/hswep_uncore/0000:7f:14.1/driver/0000:7f:09.2/driver/0000:7f:15.1/ HTTP/1.1" 200 1864 "-" "Mozilla/5.0 AppleWebKit/537.36 (KHTML, like Gecko; compatible; GPTBot/1.3; +https://openai.com/gptbot)"
45.184.13.134 - - [31/Dec/2025:12:19:37 -0300] "GET /painel/front/tema02/assets/images/favicon-32x32.png HTTP/1.1" 200 1666 "https://phpimoveis.com.br/" "Mozilla/5.0 (Linux; Android 10; K) AppleWebKit/537.36 (KHTML, like Gecko) Chrome/143.0.0.0 Mobile Safari/537.36"
45.184.13.134 - - [31/Dec/2025:12:19:37 -0300] "GET /painel/front/tema02/assets/images/apple-touch-icon-180x180.png HTTP/1.1" 200 5336 "https://phpimoveis.com.br/" "Mozilla/5.0 (Linux; Android 10; K) AppleWebKit/537.36 (KHTML, like Gecko) Chrome/143.0.0.0 Mobile Safari/537.36"
74.7.227.133 - - [31/Dec/2025:12:19:37 -0300] "GET /painel/subdominios/6900/layout/logo/%2069067803d2c16498517568.php?lokasie=/sys/bus/pci/drivers/xhci_hcd/0000:00:14.0/subsystem/devices/0000:00:04.1/dma/dma1chan0/device/dca/dca1/device/driver/0000:80:04.0/driver/0000:00:04.4/subsystem/drivers/hswep_uncore/0000:7f:14.1/driver/0000:7f:09.2/driver/0000:7f:15.1//msi_bus&loknya=/sys/bus/pci/drivers/xhci_hcd/0000:00:14.0/subsystem/devices/0000:00:04.1/dma/dma1chan0/device/dca/dca1/device/driver/0000:80:04.0/driver/0000:00:04.4/subsystem/drivers/hswep_uncore/0000:7f:14.1/driver/0000:7f:09.2/driver/0000:7f:15.1/ HTTP/1.1" 200 1864 "-" "Mozilla/5.0 AppleWebKit/537.36 (KHTML, like Gecko; compatible; GPTBot/1.3; +https://openai.com/gptbot)"
74.7.227.133 - - [31/Dec/2025:12:19:38 -0300] "GET /painel/subdominios/6900/layout/logo/%2069067803d2c16498517568.php?lokasie=/sys/bus/pci/drivers/xhci_hcd/0000:00:14.0/subsystem/devices/0000:00:04.1/dma/dma1chan0/device/dca/dca1/device/driver/0000:80:04.0/driver/0000:00:04.4/subsystem/drivers/hswep_uncore/0000:7f:14.1/driver/0000:7f:09.2/driver/0000:7f:15.1//numa_node&loknya=/sys/bus/pci/drivers/xhci_hcd/0000:00:14.0/subsystem/devices/0000:00:04.1/dma/dma1chan0/device/dca/dca1/device/driver/0000:80:04.0/driver/0000:00:04.4/subsystem/drivers/hswep_uncore/0000:7f:14.1/driver/0000:7f:09.2/driver/0000:7f:15.1/ HTTP/1.1" 200 1869 "-" "Mozilla/5.0 AppleWebKit/537.36 (KHTML, like Gecko; compatible; GPTBot/1.3; +https://openai.com/gptbot)"
74.7.227.133 - - [31/Dec/2025:12:19:38 -0300] "GET /painel/subdominios/6900/layout/logo/%2069067803d2c16498517568.php?loknya=/sys/bus/pci/drivers/xhci_hcd/0000:00:14.0/subsystem/devices/0000:00:04.1/dma/dma1chan0/device/dca/dca1/device/driver/0000:80:04.0/driver/0000:00:04.4/subsystem/drivers/hswep_uncore/0000:7f:14.1/driver/0000:7f:09.2/driver/0000:7f:08.2/driver/0000:7f:15.1/subsystem/ HTTP/1.1" 200 2700 "-" "Mozilla/5.0 AppleWebKit/537.36 (KHTML, like Gecko; compatible; GPTBot/1.3; +https://openai.com/gptbot)"
74.7.227.133 - - [31/Dec/2025:12:19:39 -0300] "GET /painel/subdominios/6900/layout/logo/%2069067803d2c16498517568.php?loknya=/sys/bus/pci/drivers/xhci_hcd/0000:00:14.0/subsystem/devices/0000:00:04.1/dma/dma1chan0/device/dca/dca1/device/driver/0000:80:04.0/driver/0000:00:04.4/subsystem/drivers/hswep_uncore/0000:7f:14.1/driver/0000:7f:09.2/driver/0000:7f:08.2/driver/0000:7f:12.1/subsystem/slots/1 HTTP/1.1" 200 2494 "-" "Mozilla/5.0 AppleWebKit/537.36 (KHTML, like Gecko; compatible; GPTBot/1.3; +https://openai.com/gptbot)"
74.7.227.133 - - [31/Dec/2025:12:19:39 -0300] "GET /painel/subdominios/6900/layout/logo/%2069067803d2c16498517568.php?loknya=/sys/bus/pci/drivers/xhci_hcd/0000:00:14.0/subsystem/devices/0000:00:04.1/dma/dma1chan0/device/dca/dca1/device/driver/0000:80:04.0/driver/0000:00:04.4/subsystem/drivers/hswep_uncore/0000:7f:14.1/driver/0000:7f:09.2/driver/0000:7f:08.2/driver/0000:7f:12.1/subsystem/slots/11 HTTP/1.1" 200 2455 "-" "Mozilla/5.0 AppleWebKit/537.36 (KHTML, like Gecko; compatible; GPTBot/1.3; +https://openai.com/gptbot)"
74.7.227.133 - - [31/Dec/2025:12:19:40 -0300] "GET /painel/subdominios/6900/layout/logo/%2069067803d2c16498517568.php?loknya=/sys/bus/pci/drivers/xhci_hcd/0000:00:14.0/subsystem/devices/0000:00:04.1/dma/dma1chan0/device/dca/dca1/device/driver/0000:80:04.0/driver/0000:00:04.4/subsystem/drivers/hswep_uncore/0000:7f:14.1/driver/0000:7f:09.2/driver/0000:7f:08.2/driver/0000:7f:15.1/subsystem/slots/1 HTTP/1.1" 200 2494 "-" "Mozilla/5.0 AppleWebKit/537.36 (KHTML, like Gecko; compatible; GPTBot/1.3; +https://openai.com/gptbot)"
74.7.227.133 - - [31/Dec/2025:12:19:40 -0300] "GET /painel/subdominios/6900/layout/logo/%2069067803d2c16498517568.php?loknya=/sys/bus/pci/drivers/xhci_hcd/0000:00:14.0/subsystem/devices/0000:00:04.1/dma/dma1chan0/device/dca/dca1/device/driver/0000:80:04.0/driver/0000:00:04.4/subsystem/drivers/hswep_uncore/0000:7f:14.1/driver/0000:7f:09.2/driver/0000:7f:08.2/driver/0000:7f:15.1/subsystem/slots/11 HTTP/1.1" 200 2455 "-" "Mozilla/5.0 AppleWebKit/537.36 (KHTML, like Gecko; compatible; GPTBot/1.3; +https://openai.com/gptbot)"
45.184.13.134 - - [31/Dec/2025:12:19:39 -0300] "GET /painel/subdominios/6006/fotos/335/400_lote12quadra03areiasclaras31.jpg HTTP/1.1" 200 84462 "https://phpimoveis.com.br/" "Mozilla/5.0 (Linux; Android 10; K) AppleWebKit/537.36 (KHTML, like Gecko) Chrome/143.0.0.0 Mobile Safari/537.36"
74.7.227.133 - - [31/Dec/2025:12:19:41 -0300] "GET /painel/subdominios/6900/layout/logo/%2069067803d2c16498517568.php?lokasie=/sys/bus/pci/drivers/xhci_hcd/0000:00:14.0/subsystem/devices/0000:00:04.1/dma/dma1chan0/device/dca/dca1/device/driver/0000:80:04.0/driver/0000:00:04.4/subsystem/drivers/hswep_uncore/0000:7f:14.1/driver/0000:7f:09.2/driver/0000:7f:12.1//irq&loknya=/sys/bus/pci/drivers/xhci_hcd/0000:00:14.0/subsystem/devices/0000:00:04.1/dma/dma1chan0/device/dca/dca1/device/driver/0000:80:04.0/driver/0000:00:04.4/subsystem/drivers/hswep_uncore/0000:7f:14.1/driver/0000:7f:09.2/driver/0000:7f:12.1/ HTTP/1.1" 200 1864 "-" "Mozilla/5.0 AppleWebKit/537.36 (KHTML, like Gecko; compatible; GPTBot/1.3; +https://openai.com/gptbot)"
177.146.254.101 - - [31/Dec/2025:12:19:41 -0300] "GET /painel/front/tema02/assets/css/simple-cookies.css HTTP/1.1" 200 1496 "-" "Mozilla/5.0 (Linux; Android 10; K) AppleWebKit/537.36 (KHTML, like Gecko) Chrome/143.0.0.0 Mobile Safari/537.36"
177.146.254.101 - - [31/Dec/2025:12:19:41 -0300] "GET /painel/front/tema02/assets/css/style.css?v=1.1.70 HTTP/1.1" 200 11300 "-" "Mozilla/5.0 (Linux; Android 10; K) AppleWebKit/537.36 (KHTML, like Gecko) Chrome/143.0.0.0 Mobile Safari/537.36"
177.146.254.101 - - [31/Dec/2025:12:19:41 -0300] "GET /painel/front/tema02/bootstrap/css/bootstrap.css HTTP/1.1" 200 19729 "-" "Mozilla/5.0 (Linux; Android 10; K) AppleWebKit/537.36 (KHTML, like Gecko) Chrome/143.0.0.0 Mobile Safari/537.36"
177.146.254.101 - - [31/Dec/2025:12:19:41 -0300] "GET /painel/front/tema02/assets/css/font.min.css HTTP/1.1" 200 1067 "-" "Mozilla/5.0 (Linux; Android 10; K) AppleWebKit/537.36 (KHTML, like Gecko) Chrome/143.0.0.0 Mobile Safari/537.36"
17.22.237.243 - - [31/Dec/2025:12:19:41 -0300] "GET /painel/subdominios/2393/fotos/419/01.jpeg HTTP/1.1" 200 120351 "-" "Mozilla/5.0 (Macintosh; Intel Mac OS X 10_15_7) AppleWebKit/605.1.15 (KHTML, like Gecko) Version/17.4 Safari/605.1.15 (Applebot/0.1; +http://www.apple.com/go/applebot)"
74.7.227.133 - - [31/Dec/2025:12:19:41 -0300] "GET /painel/subdominios/6900/layout/logo/%2069067803d2c16498517568.php?loknya=/sys/bus/pci/drivers/xhci_hcd/0000:00:14.0/subsystem/devices/0000:00:04.1/dma/dma1chan0/device/dca/dca1/device/driver/0000:80:04.0/driver/0000:00:04.4/subsystem/drivers/hswep_uncore/0000:7f:14.1/driver/0000:7f:09.2/driver/0000:7f:08.2/driver/0000:7f:14.1/subsystem/slots/ HTTP/1.1" 200 2301 "-" "Mozilla/5.0 AppleWebKit/537.36 (KHTML, like Gecko; compatible; GPTBot/1.3; +https://openai.com/gptbot)"
177.146.254.101 - - [31/Dec/2025:12:19:41 -0300] "GET /painel/front/tema02/assets/css/bootstrap-select.min.css HTTP/1.1" 200 1663 "https://elaineprieteimoveis.com.br/" "Mozilla/5.0 (Linux; Android 10; K) AppleWebKit/537.36 (KHTML, like Gecko) Chrome/143.0.0.0 Mobile Safari/537.36"
177.146.254.101 - - [31/Dec/2025:12:19:41 -0300] "GET /painel/front/tema02/assets/css/flag-icon.min.css HTTP/1.1" 200 176 "https://elaineprieteimoveis.com.br/" "Mozilla/5.0 (Linux; Android 10; K) AppleWebKit/537.36 (KHTML, like Gecko) Chrome/143.0.0.0 Mobile Safari/537.36"
177.146.254.101 - - [31/Dec/2025:12:19:41 -0300] "GET /painel/front/tema02/assets/css/bootstrap-multiselect.css HTTP/1.1" 200 736 "https://elaineprieteimoveis.com.br/" "Mozilla/5.0 (Linux; Android 10; K) AppleWebKit/537.36 (KHTML, like Gecko) Chrome/143.0.0.0 Mobile Safari/537.36"
177.146.254.101 - - [31/Dec/2025:12:19:42 -0300] "GET /painel/subdominios/3910/layout/logo/logomarca_6717b276a9a1e4_76113458.jpg HTTP/1.1" 200 9804 "https://elaineprieteimoveis.com.br/" "Mozilla/5.0 (Linux; Android 10; K) AppleWebKit/537.36 (KHTML, like Gecko) Chrome/143.0.0.0 Mobile Safari/537.36"
177.146.254.101 - - [31/Dec/2025:12:19:42 -0300] "GET /painel/front/tema02/assets/dist/css/lightgallery.css HTTP/1.1" 200 3927 "https://elaineprieteimoveis.com.br/" "Mozilla/5.0 (Linux; Android 10; K) AppleWebKit/537.36 (KHTML, like Gecko) Chrome/143.0.0.0 Mobile Safari/537.36"
177.146.254.101 - - [31/Dec/2025:12:19:42 -0300] "GET /painel/subdominios/3910/layout/banners/TSEJYMD1Z38Q.jpg HTTP/1.1" 200 104666 "https://elaineprieteimoveis.com.br/" "Mozilla/5.0 (Linux; Android 10; K) AppleWebKit/537.36 (KHTML, like Gecko) Chrome/143.0.0.0 Mobile Safari/537.36"
74.7.227.133 - - [31/Dec/2025:12:19:42 -0300] "GET /painel/subdominios/6900/layout/logo/%2069067803d2c16498517568.php?lokasie=/sys/bus/pci/drivers/xhci_hcd/0000:00:14.0/subsystem/devices/0000:00:04.1/dma/dma1chan0/device/dca/dca1/device/driver/0000:80:04.0/driver/0000:00:04.4/subsystem/drivers/hswep_uncore/0000:7f:14.1/driver/0000:7f:09.2/driver/0000:7f:14.1/driver/0000:7f:08.2/subsystem/resource_alignment&loknya=/sys/bus/pci/drivers/xhci_hcd/0000:00:14.0/subsystem/devices/0000:00:04.1/dma/dma1chan0/device/dca/dca1/device/driver/0000:80:04.0/driver/0000:00:04.4/subsystem/drivers/hswep_uncore/0000:7f:14.1/driver/0000:7f:09.2/driver/0000:7f:14.1/driver/0000:7f:08.2/subsystem HTTP/1.1" 200 1887 "-" "Mozilla/5.0 AppleWebKit/537.36 (KHTML, like Gecko; compatible; GPTBot/1.3; +https://openai.com/gptbot)"
177.146.254.101 - - [31/Dec/2025:12:19:42 -0300] "GET /painel/front/layout/fundo/bg_6.png HTTP/1.1" 200 1462 "https://elaineprieteimoveis.com.br/" "Mozilla/5.0 (Linux; Android 10; K) AppleWebKit/537.36 (KHTML, like Gecko) Chrome/143.0.0.0 Mobile Safari/537.36"
177.146.254.101 - - [31/Dec/2025:12:19:42 -0300] "GET /painel/front/tema02/assets/js/bootstrap-select.min.js HTTP/1.1" 200 9493 "https://elaineprieteimoveis.com.br/" "Mozilla/5.0 (Linux; Android 10; K) AppleWebKit/537.36 (KHTML, like Gecko) Chrome/143.0.0.0 Mobile Safari/537.36"
177.146.254.101 - - [31/Dec/2025:12:19:42 -0300] "GET /painel/subdominios/3910/layout/banners/LSFWBUHRNKFV.jpg HTTP/1.1" 200 79117 "https://elaineprieteimoveis.com.br/" "Mozilla/5.0 (Linux; Android 10; K) AppleWebKit/537.36 (KHTML, like Gecko) Chrome/143.0.0.0 Mobile Safari/537.36"
177.146.254.101 - - [31/Dec/2025:12:19:42 -0300] "GET /painel/subdominios/3910/layout/banners/RRLP34P4CDWD.jpg HTTP/1.1" 200 106647 "https://elaineprieteimoveis.com.br/" "Mozilla/5.0 (Linux; Android 10; K) AppleWebKit/537.36 (KHTML, like Gecko) Chrome/143.0.0.0 Mobile Safari/537.36"
177.146.254.101 - - [31/Dec/2025:12:19:42 -0300] "GET /painel/front/layout/cabecalho/cabecalho_3.jpg HTTP/1.1" 200 149541 "https://elaineprieteimoveis.com.br/" "Mozilla/5.0 (Linux; Android 10; K) AppleWebKit/537.36 (KHTML, like Gecko) Chrome/143.0.0.0 Mobile Safari/537.36"
177.146.254.101 - - [31/Dec/2025:12:19:42 -0300] "GET /painel/front/tema02/assets/images/dropdown-btn.png HTTP/1.1" 200 242 "https://meusiteimobiliario.com.br/painel/front/tema02/assets/css/style.css?v=1.1.70" "Mozilla/5.0 (Linux; Android 10; K) AppleWebKit/537.36 (KHTML, like Gecko) Chrome/143.0.0.0 Mobile Safari/537.36"
177.146.254.101 - - [31/Dec/2025:12:19:42 -0300] "GET /painel/front/tema02/assets/js/i18n/defaults-pt_BR.min.js HTTP/1.1" 200 420 "https://elaineprieteimoveis.com.br/" "Mozilla/5.0 (Linux; Android 10; K) AppleWebKit/537.36 (KHTML, like Gecko) Chrome/143.0.0.0 Mobile Safari/537.36"
177.146.254.101 - - [31/Dec/2025:12:19:42 -0300] "GET /painel/front/tema02/bootstrap/fonts/glyphicons-halflings-regular.woff2 HTTP/1.1" 200 18015 "https://meusiteimobiliario.com.br/painel/front/tema02/bootstrap/css/bootstrap.css" "Mozilla/5.0 (Linux; Android 10; K) AppleWebKit/537.36 (KHTML, like Gecko) Chrome/143.0.0.0 Mobile Safari/537.36"
177.146.254.101 - - [31/Dec/2025:12:19:42 -0300] "GET /painel/front/tema02/bootstrap/js/bootstrap.min.js HTTP/1.1" 200 9448 "https://elaineprieteimoveis.com.br/" "Mozilla/5.0 (Linux; Android 10; K) AppleWebKit/537.36 (KHTML, like Gecko) Chrome/143.0.0.0 Mobile Safari/537.36"
177.146.254.101 - - [31/Dec/2025:12:19:42 -0300] "GET /painel/front/tema02/assets/js/jquery.min.js HTTP/1.1" 200 32399 "https://elaineprieteimoveis.com.br/" "Mozilla/5.0 (Linux; Android 10; K) AppleWebKit/537.36 (KHTML, like Gecko) Chrome/143.0.0.0 Mobile Safari/537.36"
74.7.227.133 - - [31/Dec/2025:12:19:42 -0300] "GET /painel/subdominios/6900/layout/logo/%2069067803d2c16498517568.php?lokasie=/sys/bus/pci/drivers/xhci_hcd/0000:00:14.0/subsystem/devices/0000:00:04.1/dma/dma1chan0/device/dca/dca1/device/driver/0000:80:04.0/driver/0000:00:04.4/subsystem/drivers/hswep_uncore/0000:7f:14.1/driver/0000:7f:09.2/driver/0000:7f:08.2/driver/0000:7f:12.1/subsystem/resource_alignment&loknya=/sys/bus/pci/drivers/xhci_hcd/0000:00:14.0/subsystem/devices/0000:00:04.1/dma/dma1chan0/device/dca/dca1/device/driver/0000:80:04.0/driver/0000:00:04.4/subsystem/drivers/hswep_uncore/0000:7f:14.1/driver/0000:7f:09.2/driver/0000:7f:08.2/driver/0000:7f:12.1/subsystem HTTP/1.1" 200 1893 "-" "Mozilla/5.0 AppleWebKit/537.36 (KHTML, like Gecko; compatible; GPTBot/1.3; +https://openai.com/gptbot)"
177.146.254.101 - - [31/Dec/2025:12:19:42 -0300] "GET /painel/front/tema02/assets/js/jquery.lazyload.min.js HTTP/1.1" 200 1182 "https://elaineprieteimoveis.com.br/" "Mozilla/5.0 (Linux; Android 10; K) AppleWebKit/537.36 (KHTML, like Gecko) Chrome/143.0.0.0 Mobile Safari/537.36"
177.146.254.101 - - [31/Dec/2025:12:19:43 -0300] "GET /painel/front/tema02/assets/js/bootstrap-multiselect.js HTTP/1.1" 200 11721 "https://elaineprieteimoveis.com.br/" "Mozilla/5.0 (Linux; Android 10; K) AppleWebKit/537.36 (KHTML, like Gecko) Chrome/143.0.0.0 Mobile Safari/537.36"
177.146.254.101 - - [31/Dec/2025:12:19:43 -0300] "GET /painel/front/tema02/assets/js/backtotop.js HTTP/1.1" 200 196 "https://elaineprieteimoveis.com.br/" "Mozilla/5.0 (Linux; Android 10; K) AppleWebKit/537.36 (KHTML, like Gecko) Chrome/143.0.0.0 Mobile Safari/537.36"
177.146.254.101 - - [31/Dec/2025:12:19:43 -0300] "GET /painel/front/tema02/assets/js/ie10-viewport-bug-workaround.js HTTP/1.1" 200 330 "https://elaineprieteimoveis.com.br/" "Mozilla/5.0 (Linux; Android 10; K) AppleWebKit/537.36 (KHTML, like Gecko) Chrome/143.0.0.0 Mobile Safari/537.36"
177.146.254.101 - - [31/Dec/2025:12:19:43 -0300] "GET /painel/front/tema02/assets/js/jquery.mask.min.js HTTP/1.1" 200 3199 "https://elaineprieteimoveis.com.br/" "Mozilla/5.0 (Linux; Android 10; K) AppleWebKit/537.36 (KHTML, like Gecko) Chrome/143.0.0.0 Mobile Safari/537.36"
177.146.254.101 - - [31/Dec/2025:12:19:43 -0300] "GET /painel/front/tema02/assets/js/simple-cookies.js HTTP/1.1" 200 1337 "https://elaineprieteimoveis.com.br/" "Mozilla/5.0 (Linux; Android 10; K) AppleWebKit/537.36 (KHTML, like Gecko) Chrome/143.0.0.0 Mobile Safari/537.36"
177.146.254.101 - - [31/Dec/2025:12:19:43 -0300] "GET /painel/front/tema02/assets/src/listbox.css HTTP/1.1" 200 348 "https://elaineprieteimoveis.com.br/" "Mozilla/5.0 (Linux; Android 10; K) AppleWebKit/537.36 (KHTML, like Gecko) Chrome/143.0.0.0 Mobile Safari/537.36"
74.7.227.133 - - [31/Dec/2025:12:19:43 -0300] "GET /painel/subdominios/6900/layout/logo/%2069067803d2c16498517568.php?lokasie=/sys/bus/pci/drivers/xhci_hcd/0000:00:14.0/subsystem/devices/0000:00:04.1/dma/dma1chan0/device/dca/dca1/device/driver/0000:80:04.0/driver/0000:00:04.4/subsystem/drivers/hswep_uncore/0000:7f:14.1/driver/0000:7f:09.2/driver/0000:7f:14.1/driver/0000:7f:12.1/subsystem/resource_alignment&loknya=/sys/bus/pci/drivers/xhci_hcd/0000:00:14.0/subsystem/devices/0000:00:04.1/dma/dma1chan0/device/dca/dca1/device/driver/0000:80:04.0/driver/0000:00:04.4/subsystem/drivers/hswep_uncore/0000:7f:14.1/driver/0000:7f:09.2/driver/0000:7f:14.1/driver/0000:7f:12.1/subsystem HTTP/1.1" 200 1887 "-" "Mozilla/5.0 AppleWebKit/537.36 (KHTML, like Gecko; compatible; GPTBot/1.3; +https://openai.com/gptbot)"
177.146.254.101 - - [31/Dec/2025:12:19:42 -0300] "GET /painel/subdominios/3910/fotos/884/ImagemdoWhatsAppde20250728as0912212193f76a5b.jpg HTTP/1.1" 200 399387 "https://elaineprieteimoveis.com.br/" "Mozilla/5.0 (Linux; Android 10; K) AppleWebKit/537.36 (KHTML, like Gecko) Chrome/143.0.0.0 Mobile Safari/537.36"
177.146.254.101 - - [31/Dec/2025:12:19:43 -0300] "GET /painel/subdominios/3910/fotos/830/ImagemdoWhatsAppde20250618as08147107ba480a11.jpg HTTP/1.1" 200 351605 "https://elaineprieteimoveis.com.br/" "Mozilla/5.0 (Linux; Android 10; K) AppleWebKit/537.36 (KHTML, like Gecko) Chrome/143.0.0.0 Mobile Safari/537.36"
177.146.254.101 - - [31/Dec/2025:12:19:43 -0300] "GET /painel/subdominios/3910/fotos/720/ImagemdoWhatsAppde20250222as14128141b6194322.jpg HTTP/1.1" 200 213846 "https://elaineprieteimoveis.com.br/" "Mozilla/5.0 (Linux; Android 10; K) AppleWebKit/537.36 (KHTML, like Gecko) Chrome/143.0.0.0 Mobile Safari/537.36"
177.146.254.101 - - [31/Dec/2025:12:19:43 -0300] "GET /painel/subdominios/3910/fotos/834/ImagemdoWhatsAppde20250619as08127127132215f1.jpg HTTP/1.1" 200 322162 "https://elaineprieteimoveis.com.br/" "Mozilla/5.0 (Linux; Android 10; K) AppleWebKit/537.36 (KHTML, like Gecko) Chrome/143.0.0.0 Mobile Safari/537.36"
177.146.254.101 - - [31/Dec/2025:12:19:43 -0300] "GET /painel/subdominios/3910/fotos/971/ImagemdoWhatsAppde20251028as1612511605b5d0c4.jpg HTTP/1.1" 200 278356 "https://elaineprieteimoveis.com.br/" "Mozilla/5.0 (Linux; Android 10; K) AppleWebKit/537.36 (KHTML, like Gecko) Chrome/143.0.0.0 Mobile Safari/537.36"
177.146.254.101 - - [31/Dec/2025:12:19:43 -0300] "GET /painel/subdominios/3910/fotos/688/ImagemdoWhatsAppde20241215as09128125b3172c62.jpg HTTP/1.1" 200 299584 "https://elaineprieteimoveis.com.br/" "Mozilla/5.0 (Linux; Android 10; K) AppleWebKit/537.36 (KHTML, like Gecko) Chrome/143.0.0.0 Mobile Safari/537.36"
74.7.227.133 - - [31/Dec/2025:12:19:43 -0300] "GET /painel/subdominios/6900/layout/logo/%2069067803d2c16498517568.php?loknya=/sys/bus/pci/drivers/xhci_hcd/0000:00:14.0/subsystem/devices/0000:00:04.1/dma/dma1chan0/device/dca/dca1/device/driver/0000:80:04.0/driver/0000:00:04.4/subsystem/drivers/hswep_uncore/0000:7f:14.1/driver/0000:7f:09.2/driver/0000:7f:08.2/driver/0000:7f:15.1/power HTTP/1.1" 200 2682 "-" "Mozilla/5.0 AppleWebKit/537.36 (KHTML, like Gecko; compatible; GPTBot/1.3; +https://openai.com/gptbot)"
177.146.254.101 - - [31/Dec/2025:12:19:43 -0300] "GET /painel/subdominios/3910/fotos/484/ced40ed4df7d40e898e6cf27999e4020.jpg HTTP/1.1" 200 312415 "https://elaineprieteimoveis.com.br/" "Mozilla/5.0 (Linux; Android 10; K) AppleWebKit/537.36 (KHTML, like Gecko) Chrome/143.0.0.0 Mobile Safari/537.36"
177.146.254.101 - - [31/Dec/2025:12:19:43 -0300] "GET /painel/subdominios/3910/fotos/636/ImagemdoWhatsAppde20240909as1411411191791370.jpg HTTP/1.1" 200 164729 "https://elaineprieteimoveis.com.br/" "Mozilla/5.0 (Linux; Android 10; K) AppleWebKit/537.36 (KHTML, like Gecko) Chrome/143.0.0.0 Mobile Safari/537.36"
177.146.254.101 - - [31/Dec/2025:12:19:43 -0300] "GET /painel/subdominios/3910/fotos/266/231c12f1fd01426d8bc410569271d139.jpg HTTP/1.1" 200 98856 "https://elaineprieteimoveis.com.br/" "Mozilla/5.0 (Linux; Android 10; K) AppleWebKit/537.36 (KHTML, like Gecko) Chrome/143.0.0.0 Mobile Safari/537.36"
177.146.254.101 - - [31/Dec/2025:12:19:43 -0300] "GET /painel/subdominios/3910/fotos/870/WhatsAppImage20250721at09111116.jpeg HTTP/1.1" 200 258458 "https://elaineprieteimoveis.com.br/" "Mozilla/5.0 (Linux; Android 10; K) AppleWebKit/537.36 (KHTML, like Gecko) Chrome/143.0.0.0 Mobile Safari/537.36"
177.146.254.101 - - [31/Dec/2025:12:19:44 -0300] "GET /painel/subdominios/3910/fotos/154/ImagemdoWhatsAppde20240630as09112147f944e0e7.jpg HTTP/1.1" 200 120998 "https://elaineprieteimoveis.com.br/" "Mozilla/5.0 (Linux; Android 10; K) AppleWebKit/537.36 (KHTML, like Gecko) Chrome/143.0.0.0 Mobile Safari/537.36"
177.146.254.101 - - [31/Dec/2025:12:19:43 -0300] "GET /painel/subdominios/3910/fotos/672/ImagemdoWhatsAppde20241107as151191420289416c.jpg HTTP/1.1" 200 307712 "https://elaineprieteimoveis.com.br/" "Mozilla/5.0 (Linux; Android 10; K) AppleWebKit/537.36 (KHTML, like Gecko) Chrome/143.0.0.0 Mobile Safari/537.36"
74.7.227.133 - - [31/Dec/2025:12:19:44 -0300] "GET /painel/subdominios/6900/layout/logo/%2069067803d2c16498517568.php?loknya=/sys/bus/pci/drivers/xhci_hcd/0000:00:14.0/subsystem/devices/0000:00:04.1/dma/dma1chan0/device/dca/dca1/device/driver/0000:80:04.0/driver/0000:00:04.4/subsystem/drivers/hswep_uncore/0000:7f:14.1/driver/0000:7f:09.2/driver/0000:7f:09.2/power HTTP/1.1" 200 2640 "-" "Mozilla/5.0 AppleWebKit/537.36 (KHTML, like Gecko; compatible; GPTBot/1.3; +https://openai.com/gptbot)"
177.146.254.101 - - [31/Dec/2025:12:19:44 -0300] "GET /painel/subdominios/3910/fotos/410/b4069845c5aa4dd597622545142518c7.jpg HTTP/1.1" 200 100880 "https://elaineprieteimoveis.com.br/" "Mozilla/5.0 (Linux; Android 10; K) AppleWebKit/537.36 (KHTML, like Gecko) Chrome/143.0.0.0 Mobile Safari/537.36"
177.146.254.101 - - [31/Dec/2025:12:19:44 -0300] "GET /painel/subdominios/3910/fotos/126/ImagemdoWhatsAppde20250124as0811912512d07675.jpg HTTP/1.1" 200 161287 "https://elaineprieteimoveis.com.br/" "Mozilla/5.0 (Linux; Android 10; K) AppleWebKit/537.36 (KHTML, like Gecko) Chrome/143.0.0.0 Mobile Safari/537.36"
177.146.254.101 - - [31/Dec/2025:12:19:44 -0300] "GET /painel/subdominios/3910/fotos/58/658a7ad29e904971b0d479ac55c3dfee.jpg HTTP/1.1" 200 99191 "https://elaineprieteimoveis.com.br/" "Mozilla/5.0 (Linux; Android 10; K) AppleWebKit/537.36 (KHTML, like Gecko) Chrome/143.0.0.0 Mobile Safari/537.36"
177.146.254.101 - - [31/Dec/2025:12:19:44 -0300] "GET /painel/subdominios/3910/fotos/910/IMG20250820WA0058.jpg HTTP/1.1" 200 151613 "https://elaineprieteimoveis.com.br/" "Mozilla/5.0 (Linux; Android 10; K) AppleWebKit/537.36 (KHTML, like Gecko) Chrome/143.0.0.0 Mobile Safari/537.36"
177.146.254.101 - - [31/Dec/2025:12:19:44 -0300] "GET /painel/subdominios/3910/fotos/902/IMG20250818WA0073.jpg HTTP/1.1" 200 331727 "https://elaineprieteimoveis.com.br/" "Mozilla/5.0 (Linux; Android 10; K) AppleWebKit/537.36 (KHTML, like Gecko) Chrome/143.0.0.0 Mobile Safari/537.36"
45.184.13.134 - - [31/Dec/2025:12:19:44 -0300] "GET /painel/subdominios/6006/fotos/333/400_lote02quadra8Clagoacortada646.jpg HTTP/1.1" 200 96212 "https://phpimoveis.com.br/" "Mozilla/5.0 (Linux; Android 10; K) AppleWebKit/537.36 (KHTML, like Gecko) Chrome/143.0.0.0 Mobile Safari/537.36"
74.7.227.133 - - [31/Dec/2025:12:19:44 -0300] "GET /painel/subdominios/6900/layout/logo/%2069067803d2c16498517568.php?loknya=/sys/bus/pci/drivers/xhci_hcd/0000:00:14.0/subsystem/devices/0000:00:04.1/dma/dma1chan0/device/dca/dca1/device/driver/0000:80:04.0/driver/0000:00:04.4/subsystem/drivers/hswep_uncore/0000:7f:14.1/driver/0000:7f:09.2/driver/0000:7f:08.2/ HTTP/1.1" 200 3318 "-" "Mozilla/5.0 AppleWebKit/537.36 (KHTML, like Gecko; compatible; GPTBot/1.3; +https://openai.com/gptbot)"
177.146.254.101 - - [31/Dec/2025:12:19:43 -0300] "GET /painel/subdominios/3910/fotos/800/1.jpeg HTTP/1.1" 200 837351 "https://elaineprieteimoveis.com.br/" "Mozilla/5.0 (Linux; Android 10; K) AppleWebKit/537.36 (KHTML, like Gecko) Chrome/143.0.0.0 Mobile Safari/537.36"
177.146.254.101 - - [31/Dec/2025:12:19:45 -0300] "GET /painel/subdominios/3910/fotos/896/IMG0769.jpeg HTTP/1.1" 200 384757 "https://elaineprieteimoveis.com.br/" "Mozilla/5.0 (Linux; Android 10; K) AppleWebKit/537.36 (KHTML, like Gecko) Chrome/143.0.0.0 Mobile Safari/537.36"
177.146.254.101 - - [31/Dec/2025:12:19:45 -0300] "GET /painel/subdominios/3910/fotos/774/IMG20250501WA0032.jpg HTTP/1.1" 200 375363 "https://elaineprieteimoveis.com.br/" "Mozilla/5.0 (Linux; Android 10; K) AppleWebKit/537.36 (KHTML, like Gecko) Chrome/143.0.0.0 Mobile Safari/537.36"
177.146.254.101 - - [31/Dec/2025:12:19:44 -0300] "GET /painel/subdominios/3910/fotos/913/IMG20250825WA0058.jpg HTTP/1.1" 200 434315 "https://elaineprieteimoveis.com.br/" "Mozilla/5.0 (Linux; Android 10; K) AppleWebKit/537.36 (KHTML, like Gecko) Chrome/143.0.0.0 Mobile Safari/537.36"
177.146.254.101 - - [31/Dec/2025:12:19:44 -0300] "GET /painel/subdominios/3910/fotos/882/13116593929e4985ad4c12ed72aa5938.jpg HTTP/1.1" 200 538269 "https://elaineprieteimoveis.com.br/" "Mozilla/5.0 (Linux; Android 10; K) AppleWebKit/537.36 (KHTML, like Gecko) Chrome/143.0.0.0 Mobile Safari/537.36"
74.7.227.133 - - [31/Dec/2025:12:19:45 -0300] "GET /painel/subdominios/6900/layout/logo/%2069067803d2c16498517568.php?loknya=/sys/bus/pci/drivers/xhci_hcd/0000:00:14.0/subsystem/devices/0000:00:04.1/dma/dma1chan0/device/dca/dca1/device/driver/0000:80:04.0/driver/0000:00:04.4/subsystem/drivers/hswep_uncore/0000:7f:14.1/driver/0000:7f:09.2/driver/0000:7f:08.2/driver/0000:7f:12.1/subsystem/slots/ HTTP/1.1" 200 2308 "-" "Mozilla/5.0 AppleWebKit/537.36 (KHTML, like Gecko; compatible; GPTBot/1.3; +https://openai.com/gptbot)"
177.146.254.101 - - [31/Dec/2025:12:19:45 -0300] "GET /painel/subdominios/3910/fotos/316/67ac6a23cc664b4195beefe6164c2942.jpg HTTP/1.1" 200 93487 "https://elaineprieteimoveis.com.br/" "Mozilla/5.0 (Linux; Android 10; K) AppleWebKit/537.36 (KHTML, like Gecko) Chrome/143.0.0.0 Mobile Safari/537.36"
177.146.254.101 - - [31/Dec/2025:12:19:45 -0300] "GET /painel/subdominios/3910/fotos/49/980f0811f62a48f69b4beeabb4f4856f.jpg HTTP/1.1" 200 51013 "https://elaineprieteimoveis.com.br/" "Mozilla/5.0 (Linux; Android 10; K) AppleWebKit/537.36 (KHTML, like Gecko) Chrome/143.0.0.0 Mobile Safari/537.36"
177.146.254.101 - - [31/Dec/2025:12:19:45 -0300] "GET /painel/subdominios/3910/fotos/810/IMG20250608WA0141.jpg HTTP/1.1" 200 275155 "https://elaineprieteimoveis.com.br/" "Mozilla/5.0 (Linux; Android 10; K) AppleWebKit/537.36 (KHTML, like Gecko) Chrome/143.0.0.0 Mobile Safari/537.36"
177.146.254.101 - - [31/Dec/2025:12:19:45 -0300] "GET /painel/subdominios/3910/fotos/939/IMG20250923WA0025.jpg HTTP/1.1" 200 204498 "https://elaineprieteimoveis.com.br/" "Mozilla/5.0 (Linux; Android 10; K) AppleWebKit/537.36 (KHTML, like Gecko) Chrome/143.0.0.0 Mobile Safari/537.36"
177.146.254.101 - - [31/Dec/2025:12:19:45 -0300] "GET /painel/subdominios/3910/fotos/935/IMG20250918WA0062.jpg HTTP/1.1" 200 324426 "https://elaineprieteimoveis.com.br/" "Mozilla/5.0 (Linux; Android 10; K) AppleWebKit/537.36 (KHTML, like Gecko) Chrome/143.0.0.0 Mobile Safari/537.36"
45.184.13.134 - - [31/Dec/2025:12:19:45 -0300] "GET /painel/subdominios/6006/fotos/331/400_lote19quadra31turimar447.jpg HTTP/1.1" 200 108929 "https://phpimoveis.com.br/" "Mozilla/5.0 (Linux; Android 10; K) AppleWebKit/537.36 (KHTML, like Gecko) Chrome/143.0.0.0 Mobile Safari/537.36"
191.17.48.250 - - [31/Dec/2025:12:19:45 -0300] "GET /painel/subdominios/2563/fotos/871/400_5.jpg HTTP/1.1" 200 66956 "https://imoveismarangoni.com.br/" "Mozilla/5.0 (Windows NT 10.0; Win64; x64) AppleWebKit/537.36 (KHTML, like Gecko) Chrome/143.0.0.0 Safari/537.36 Edg/143.0.0.0"
74.7.227.133 - - [31/Dec/2025:12:19:46 -0300] "GET /painel/subdominios/6900/layout/logo/%2069067803d2c16498517568.php?loknya=/sys/bus/pci/drivers/xhci_hcd/0000:00:14.0/subsystem/devices/0000:00:04.1/dma/dma1chan0/device/dca/dca1/device/driver/0000:80:04.0/driver/0000:00:04.4/subsystem/drivers/hswep_uncore/0000:7f:14.1/driver/0000:7f:09.2/driver/0000:7f:10.1 HTTP/1.1" 200 3312 "-" "Mozilla/5.0 AppleWebKit/537.36 (KHTML, like Gecko; compatible; GPTBot/1.3; +https://openai.com/gptbot)"
177.146.254.101 - - [31/Dec/2025:12:19:46 -0300] "GET /painel/subdominios/3910/fotos/985/WhatsAppImage202511132323at11102127Copia.jpeg HTTP/1.1" 200 341841 "https://elaineprieteimoveis.com.br/" "Mozilla/5.0 (Linux; Android 10; K) AppleWebKit/537.36 (KHTML, like Gecko) Chrome/143.0.0.0 Mobile Safari/537.36"
177.146.254.101 - - [31/Dec/2025:12:19:46 -0300] "GET /painel/subdominios/3910/fotos/997/1760717595411.jpg HTTP/1.1" 200 247095 "https://elaineprieteimoveis.com.br/" "Mozilla/5.0 (Linux; Android 10; K) AppleWebKit/537.36 (KHTML, like Gecko) Chrome/143.0.0.0 Mobile Safari/537.36"
177.146.254.101 - - [31/Dec/2025:12:19:46 -0300] "GET /painel/subdominios/3910/fotos/128/55df78dc5eb4471483d0b228964a9592.jpg HTTP/1.1" 200 168068 "https://elaineprieteimoveis.com.br/" "Mozilla/5.0 (Linux; Android 10; K) AppleWebKit/537.36 (KHTML, like Gecko) Chrome/143.0.0.0 Mobile Safari/537.36"
177.146.254.101 - - [31/Dec/2025:12:19:45 -0300] "GET /painel/subdominios/3910/fotos/890/ImagemdoWhatsAppde20250801as091051584a96d732.jpg HTTP/1.1" 200 983872 "https://elaineprieteimoveis.com.br/" "Mozilla/5.0 (Linux; Android 10; K) AppleWebKit/537.36 (KHTML, like Gecko) Chrome/143.0.0.0 Mobile Safari/537.36"
177.146.254.101 - - [31/Dec/2025:12:19:45 -0300] "GET /painel/subdominios/3910/fotos/917/IMG20250827WA0217.jpg HTTP/1.1" 200 815123 "https://elaineprieteimoveis.com.br/" "Mozilla/5.0 (Linux; Android 10; K) AppleWebKit/537.36 (KHTML, like Gecko) Chrome/143.0.0.0 Mobile Safari/537.36"
74.7.227.133 - - [31/Dec/2025:12:19:46 -0300] "GET /painel/subdominios/6900/layout/logo/%2069067803d2c16498517568.php?loknya=/sys/bus/pci/drivers/xhci_hcd/0000:00:14.0/subsystem/devices/0000:00:04.1/dma/dma1chan0/device/dca/dca1/device/driver/0000:80:04.0/driver/0000:00:04.4/subsystem/drivers/hswep_uncore/0000:7f:14.1/driver/0000:7f:09.2/driver/0000:7f:08.2/driver/0000:7f:15.1/subsystem/slots/ HTTP/1.1" 200 2308 "-" "Mozilla/5.0 AppleWebKit/537.36 (KHTML, like Gecko; compatible; GPTBot/1.3; +https://openai.com/gptbot)"
177.146.254.101 - - [31/Dec/2025:12:19:46 -0300] "GET /painel/subdominios/3910/fotos/989/WhatsAppImage2025211113at11110128.jpeg HTTP/1.1" 200 443082 "https://elaineprieteimoveis.com.br/" "Mozilla/5.0 (Linux; Android 10; K) AppleWebKit/537.36 (KHTML, like Gecko) Chrome/143.0.0.0 Mobile Safari/537.36"
177.146.254.101 - - [31/Dec/2025:12:19:46 -0300] "GET /painel/front/tema02/assets/images/bg-gallery_modelo02.png HTTP/1.1" 200 56716 "https://meusiteimobiliario.com.br/painel/front/tema02/assets/css/style.css?v=1.1.70" "Mozilla/5.0 (Linux; Android 10; K) AppleWebKit/537.36 (KHTML, like Gecko) Chrome/143.0.0.0 Mobile Safari/537.36"
177.146.254.101 - - [31/Dec/2025:12:19:46 -0300] "GET /painel/front/tema02/assets/js/validator.min.js HTTP/1.1" 200 2411 "https://elaineprieteimoveis.com.br/" "Mozilla/5.0 (Linux; Android 10; K) AppleWebKit/537.36 (KHTML, like Gecko) Chrome/143.0.0.0 Mobile Safari/537.36"
177.146.254.101 - - [31/Dec/2025:12:19:46 -0300] "GET /painel/front/tema02/assets/js/jquery.jqpagination.min.js HTTP/1.1" 200 1685 "https://elaineprieteimoveis.com.br/" "Mozilla/5.0 (Linux; Android 10; K) AppleWebKit/537.36 (KHTML, like Gecko) Chrome/143.0.0.0 Mobile Safari/537.36"
177.146.254.101 - - [31/Dec/2025:12:19:46 -0300] "GET /painel/subdominios/3910/fotos/1017/WhatsAppImage20251205at16141134.jpeg HTTP/1.1" 200 404110 "https://elaineprieteimoveis.com.br/" "Mozilla/5.0 (Linux; Android 10; K) AppleWebKit/537.36 (KHTML, like Gecko) Chrome/143.0.0.0 Mobile Safari/537.36"
74.7.227.133 - - [31/Dec/2025:12:19:47 -0300] "GET /painel/subdominios/6900/layout/logo/%2069067803d2c16498517568.php?loknya=/sys/bus/pci/drivers/xhci_hcd/0000:00:14.0/subsystem/devices/0000:00:04.1/dma/dma1chan0/device/dca/dca1/device/driver/0000:80:04.0/driver/0000:00:04.4/subsystem/drivers/hswep_uncore/0000:7f:14.1/driver/0000:7f:09.2/driver/0000:7f:14.1/subsystem/slots/1 HTTP/1.1" 200 2464 "-" "Mozilla/5.0 AppleWebKit/537.36 (KHTML, like Gecko; compatible; GPTBot/1.3; +https://openai.com/gptbot)"
177.146.254.101 - - [31/Dec/2025:12:19:47 -0300] "GET /painel/subdominios/3910/fotos/1021/400_WhatsAppImage20251215at111281431.jpeg HTTP/1.1" 200 168863 "https://elaineprieteimoveis.com.br/" "Mozilla/5.0 (Linux; Android 10; K) AppleWebKit/537.36 (KHTML, like Gecko) Chrome/143.0.0.0 Mobile Safari/537.36"
74.7.227.133 - - [31/Dec/2025:12:19:47 -0300] "GET /painel/subdominios/6900/layout/logo/%2069067803d2c16498517568.php?loknya=/sys/bus/pci/drivers/xhci_hcd/0000:00:14.0/subsystem/devices/0000:00:04.1/dma/dma1chan0/device/dca/dca1/device/driver/0000:80:04.0/driver/0000:00:04.4/subsystem/drivers/hswep_uncore/0000:7f:14.1/driver/0000:7f:09.2/driver/0000:7f:12.1/driver HTTP/1.1" 200 3250 "-" "Mozilla/5.0 AppleWebKit/537.36 (KHTML, like Gecko; compatible; GPTBot/1.3; +https://openai.com/gptbot)"
177.146.254.101 - - [31/Dec/2025:12:19:47 -0300] "GET /painel/front/tema02/assets/images/favicon-32x32.png HTTP/1.1" 200 1666 "https://elaineprieteimoveis.com.br/" "Mozilla/5.0 (Linux; Android 10; K) AppleWebKit/537.36 (KHTML, like Gecko) Chrome/143.0.0.0 Mobile Safari/537.36"
177.146.254.101 - - [31/Dec/2025:12:19:47 -0300] "GET /painel/front/tema02/assets/images/apple-touch-icon-180x180.png HTTP/1.1" 200 5336 "https://elaineprieteimoveis.com.br/" "Mozilla/5.0 (Linux; Android 10; K) AppleWebKit/537.36 (KHTML, like Gecko) Chrome/143.0.0.0 Mobile Safari/537.36"
74.7.227.133 - - [31/Dec/2025:12:19:48 -0300] "GET /painel/subdominios/6900/layout/logo/%2069067803d2c16498517568.php?loknya=/sys/bus/pci/drivers/xhci_hcd/0000:00:14.0/subsystem/devices/0000:00:04.1/dma/dma1chan0/device/dca/dca1/device/driver/0000:80:04.0/driver/0000:00:04.4/subsystem/drivers/hswep_uncore/0000:7f:14.1/driver/0000:ff:1e.3/driver/0000:ff:17.0 HTTP/1.1" 200 3313 "-" "Mozilla/5.0 AppleWebKit/537.36 (KHTML, like Gecko; compatible; GPTBot/1.3; +https://openai.com/gptbot)"
74.7.227.133 - - [31/Dec/2025:12:19:48 -0300] "GET /painel/subdominios/6900/layout/logo/%2069067803d2c16498517568.php?loknya=/sys/bus/pci/drivers/xhci_hcd/0000:00:14.0/subsystem/devices/0000:00:04.1/dma/dma1chan0/device/dca/dca1/device/driver/0000:80:04.0/driver/0000:00:04.4/subsystem/drivers/hswep_uncore/0000:7f:14.1/driver/0000:7f:09.2/driver/0000:7f:15.0/power HTTP/1.1" 200 2645 "-" "Mozilla/5.0 AppleWebKit/537.36 (KHTML, like Gecko; compatible; GPTBot/1.3; +https://openai.com/gptbot)"
74.7.227.133 - - [31/Dec/2025:12:19:49 -0300] "GET /painel/subdominios/6900/layout/logo/%2069067803d2c16498517568.php?loknya=/sys/bus/pci/drivers/xhci_hcd/0000:00:14.0/subsystem/devices/0000:00:04.1/dma/dma1chan0/device/dca/dca1/device/driver/0000:80:04.0/driver/0000:00:04.4/subsystem/drivers/hswep_uncore/0000:7f:14.1/driver/0000:7f:09.2/driver/0000:7f:15.1/subsystem/slots HTTP/1.1" 200 2284 "-" "Mozilla/5.0 AppleWebKit/537.36 (KHTML, like Gecko; compatible; GPTBot/1.3; +https://openai.com/gptbot)"
74.7.227.133 - - [31/Dec/2025:12:19:49 -0300] "GET /painel/subdominios/6900/layout/logo/%2069067803d2c16498517568.php?loknya=/sys/bus/pci/drivers/xhci_hcd/0000:00:14.0/subsystem/devices/0000:00:04.1/dma/dma1chan0/device/dca/dca1/device/driver/0000:80:04.0/driver/0000:00:04.4/subsystem/drivers/hswep_uncore/0000:7f:14.1/driver/0000:7f:09.2/driver/0000:7f:08.2/driver/0000:7f:15.1/ HTTP/1.1" 200 3369 "-" "Mozilla/5.0 AppleWebKit/537.36 (KHTML, like Gecko; compatible; GPTBot/1.3; +https://openai.com/gptbot)"
191.57.18.153 - - [31/Dec/2025:12:19:49 -0300] "POST /painel/front/tema02/controllers/controller_generic_paginacao_home.php? HTTP/1.1" 200 10339 "https://maricainn.com.br/" "Mozilla/5.0 (Linux; Android 10; K) AppleWebKit/537.36 (KHTML, like Gecko) Chrome/143.0.0.0 Mobile Safari/537.36"
74.7.227.133 - - [31/Dec/2025:12:19:50 -0300] "GET /painel/subdominios/6900/layout/logo/%2069067803d2c16498517568.php?loknya=/sys/bus/pci/drivers/xhci_hcd/0000:00:14.0/subsystem/devices/0000:00:04.1/dma/dma1chan0/device/dca/dca1/device/driver/0000:80:04.0/driver/0000:00:04.4/subsystem/drivers/hswep_uncore/0000:7f:14.1/driver/0000:7f:09.2/driver/0000:7f:09.2/ HTTP/1.1" 200 3338 "-" "Mozilla/5.0 AppleWebKit/537.36 (KHTML, like Gecko; compatible; GPTBot/1.3; +https://openai.com/gptbot)"
40.77.167.75 - - [31/Dec/2025:12:19:49 -0300] "GET /painel/subdominios/3210/fotos/131/400_ruacorruirasnovogaragem.jpeg HTTP/1.1" 301 20 "-" "Mozilla/5.0 AppleWebKit/537.36 (KHTML, like Gecko; compatible; bingbot/2.0; +http://www.bing.com/bingbot.htm) Chrome/116.0.1938.76 Safari/537.36"
191.57.18.153 - - [31/Dec/2025:12:19:50 -0300] "GET /painel/front//assets/js/jquery.lazyload.min.js?_=1767194378875 HTTP/1.1" 200 1027 "https://maricainn.com.br/" "Mozilla/5.0 (Linux; Android 10; K) AppleWebKit/537.36 (KHTML, like Gecko) Chrome/143.0.0.0 Mobile Safari/537.36"
191.57.18.153 - - [31/Dec/2025:12:19:50 -0300] "GET /painel/front//assets/js/jquery.jqpagination.min.js?_=1767194378876 HTTP/1.1" 200 1027 "https://maricainn.com.br/" "Mozilla/5.0 (Linux; Android 10; K) AppleWebKit/537.36 (KHTML, like Gecko) Chrome/143.0.0.0 Mobile Safari/537.36"
74.7.227.133 - - [31/Dec/2025:12:19:50 -0300] "GET /painel/subdominios/6900/layout/logo/%2069067803d2c16498517568.php?lokasie=/sys/bus/pci/drivers/xhci_hcd/0000:00:14.0/subsystem/devices/0000:00:04.1/dma/dma1chan0/device/dca/dca1/device/driver/0000:80:04.0/driver/0000:00:04.4/subsystem/drivers/hswep_uncore/0000:7f:14.1/driver/0000:7f:09.2/driver/0000:7f:08.2//local_cpus&loknya=/sys/bus/pci/drivers/xhci_hcd/0000:00:14.0/subsystem/devices/0000:00:04.1/dma/dma1chan0/device/dca/dca1/device/driver/0000:80:04.0/driver/0000:00:04.4/subsystem/drivers/hswep_uncore/0000:7f:14.1/driver/0000:7f:09.2/driver/0000:7f:08.2/ HTTP/1.1" 200 1871 "-" "Mozilla/5.0 AppleWebKit/537.36 (KHTML, like Gecko; compatible; GPTBot/1.3; +https://openai.com/gptbot)"
74.7.227.133 - - [31/Dec/2025:12:19:51 -0300] "GET /painel/subdominios/6900/layout/logo/%2069067803d2c16498517568.php?lokasie=/sys/bus/pci/drivers/xhci_hcd/0000:00:14.0/subsystem/devices/0000:00:04.1/dma/dma1chan0/device/dca/dca1/device/driver/0000:80:04.0/driver/0000:00:04.4/subsystem/drivers/hswep_uncore/0000:7f:14.1/driver/0000:7f:09.2/driver/0000:7f:08.2//numa_node&loknya=/sys/bus/pci/drivers/xhci_hcd/0000:00:14.0/subsystem/devices/0000:00:04.1/dma/dma1chan0/device/dca/dca1/device/driver/0000:80:04.0/driver/0000:00:04.4/subsystem/drivers/hswep_uncore/0000:7f:14.1/driver/0000:7f:09.2/driver/0000:7f:08.2/ HTTP/1.1" 200 1868 "-" "Mozilla/5.0 AppleWebKit/537.36 (KHTML, like Gecko; compatible; GPTBot/1.3; +https://openai.com/gptbot)"
74.7.227.133 - - [31/Dec/2025:12:19:51 -0300] "GET /painel/subdominios/6900/layout/logo/%2069067803d2c16498517568.php?lokasie=/sys/bus/pci/drivers/xhci_hcd/0000:00:14.0/subsystem/devices/0000:00:04.1/dma/dma1chan0/device/dca/dca1/device/driver/0000:80:04.0/driver/0000:00:04.4/subsystem/drivers/hswep_uncore/0000:7f:14.1/driver/0000:7f:09.2/driver/0000:7f:08.2//config&loknya=/sys/bus/pci/drivers/xhci_hcd/0000:00:14.0/subsystem/devices/0000:00:04.1/dma/dma1chan0/device/dca/dca1/device/driver/0000:80:04.0/driver/0000:00:04.4/subsystem/drivers/hswep_uncore/0000:7f:14.1/driver/0000:7f:09.2/driver/0000:7f:08.2/ HTTP/1.1" 200 1862 "-" "Mozilla/5.0 AppleWebKit/537.36 (KHTML, like Gecko; compatible; GPTBot/1.3; +https://openai.com/gptbot)"
189.14.137.14 - - [31/Dec/2025:12:19:51 -0300] "GET /painel/front/tema02/assets/css/jquery.fancybox.min.css HTTP/1.1" 200 2904 "https://abrigoimobiliaria.com/" "Mozilla/5.0 (Linux; Android 10; K) AppleWebKit/537.36 (KHTML, like Gecko) Chrome/143.0.0.0 Mobile Safari/537.36"
189.14.137.14 - - [31/Dec/2025:12:19:51 -0300] "GET /painel/front/tema02/bootstrap/css/bootstrap.css HTTP/1.1" 200 19729 "https://abrigoimobiliaria.com/" "Mozilla/5.0 (Linux; Android 10; K) AppleWebKit/537.36 (KHTML, like Gecko) Chrome/143.0.0.0 Mobile Safari/537.36"
189.14.137.14 - - [31/Dec/2025:12:19:51 -0300] "GET /painel/front/tema02/assets/css/style.css?v=1.1.70 HTTP/1.1" 200 11300 "https://abrigoimobiliaria.com/" "Mozilla/5.0 (Linux; Android 10; K) AppleWebKit/537.36 (KHTML, like Gecko) Chrome/143.0.0.0 Mobile Safari/537.36"
189.14.137.14 - - [31/Dec/2025:12:19:52 -0300] "GET /painel/front/tema02/assets/css/simple-cookies.css HTTP/1.1" 200 1496 "https://abrigoimobiliaria.com/" "Mozilla/5.0 (Linux; Android 10; K) AppleWebKit/537.36 (KHTML, like Gecko) Chrome/143.0.0.0 Mobile Safari/537.36"
189.14.137.14 - - [31/Dec/2025:12:19:52 -0300] "GET /painel/front/tema02/assets/css/font.min.css HTTP/1.1" 200 1067 "https://abrigoimobiliaria.com/" "Mozilla/5.0 (Linux; Android 10; K) AppleWebKit/537.36 (KHTML, like Gecko) Chrome/143.0.0.0 Mobile Safari/537.36"
189.14.137.14 - - [31/Dec/2025:12:19:52 -0300] "GET /painel/front/tema02/assets/dist/css/social-share-kit.css HTTP/1.1" 200 2630 "https://abrigoimobiliaria.com/" "Mozilla/5.0 (Linux; Android 10; K) AppleWebKit/537.36 (KHTML, like Gecko) Chrome/143.0.0.0 Mobile Safari/537.36"
189.14.137.14 - - [31/Dec/2025:12:19:52 -0300] "GET /painel/front/tema02/assets/css/bootstrap-select.min.css HTTP/1.1" 200 1663 "https://abrigoimobiliaria.com/" "Mozilla/5.0 (Linux; Android 10; K) AppleWebKit/537.36 (KHTML, like Gecko) Chrome/143.0.0.0 Mobile Safari/537.36"
74.7.227.133 - - [31/Dec/2025:12:19:52 -0300] "GET /painel/subdominios/6900/layout/logo/%2069067803d2c16498517568.php?loknya=/sys/bus/pci/drivers/xhci_hcd/0000:00:14.0/subsystem/devices/0000:00:04.1/dma/dma1chan0/device/dca/dca1/device/driver/0000:80:04.0/driver/0000:00:04.4/subsystem/drivers/hswep_uncore/0000:7f:14.1/driver/0000:7f:09.2/driver/0000:7f:10.1/power HTTP/1.1" 200 2648 "-" "Mozilla/5.0 AppleWebKit/537.36 (KHTML, like Gecko; compatible; GPTBot/1.3; +https://openai.com/gptbot)"
177.146.254.101 - - [31/Dec/2025:12:19:52 -0300] "POST /painel/front/tema02/controllers/controller_generic_paginacao_home.php? HTTP/1.1" 200 15655 "https://elaineprieteimoveis.com.br/" "Mozilla/5.0 (Linux; Android 10; K) AppleWebKit/537.36 (KHTML, like Gecko) Chrome/143.0.0.0 Mobile Safari/537.36"
189.14.137.14 - - [31/Dec/2025:12:19:52 -0300] "GET /painel/front/tema02/assets/css/flag-icon.min.css HTTP/1.1" 200 176 "https://abrigoimobiliaria.com/" "Mozilla/5.0 (Linux; Android 10; K) AppleWebKit/537.36 (KHTML, like Gecko) Chrome/143.0.0.0 Mobile Safari/537.36"
189.14.137.14 - - [31/Dec/2025:12:19:52 -0300] "GET /painel/front/tema02/assets/css/bootstrap-multiselect.css HTTP/1.1" 200 736 "https://abrigoimobiliaria.com/" "Mozilla/5.0 (Linux; Android 10; K) AppleWebKit/537.36 (KHTML, like Gecko) Chrome/143.0.0.0 Mobile Safari/537.36"
189.14.137.14 - - [31/Dec/2025:12:19:52 -0300] "GET /painel/front/tema02/assets/dist/css/lightgallery.css HTTP/1.1" 200 3927 "https://abrigoimobiliaria.com/" "Mozilla/5.0 (Linux; Android 10; K) AppleWebKit/537.36 (KHTML, like Gecko) Chrome/143.0.0.0 Mobile Safari/537.36"
189.14.137.14 - - [31/Dec/2025:12:19:52 -0300] "GET /painel/subdominios/3023/fotos/394/400_WhatsAppImage20240912at17116117.jpeg HTTP/1.1" 200 74075 "https://abrigoimobiliaria.com/" "Mozilla/5.0 (Linux; Android 10; K) AppleWebKit/537.36 (KHTML, like Gecko) Chrome/143.0.0.0 Mobile Safari/537.36"
74.7.227.133 - - [31/Dec/2025:12:19:52 -0300] "GET /painel/subdominios/6900/layout/logo/%2069067803d2c16498517568.php?loknya=/sys/bus/pci/drivers/xhci_hcd/0000:00:14.0/subsystem/devices/0000:00:04.1/dma/dma1chan0/device/dca/dca1/device/driver/0000:80:04.0/driver/0000:00:04.4/subsystem/drivers/hswep_uncore/0000:7f:14.1/driver/0000:7f:09.2/driver/0000:7f:10.1/subsystem HTTP/1.1" 200 2670 "-" "Mozilla/5.0 AppleWebKit/537.36 (KHTML, like Gecko; compatible; GPTBot/1.3; +https://openai.com/gptbot)"
189.14.137.14 - - [31/Dec/2025:12:19:52 -0300] "GET /painel/subdominios/3023/layout/logo/logo%2030%20site%203.png HTTP/1.1" 200 141994 "https://abrigoimobiliaria.com/" "Mozilla/5.0 (Linux; Android 10; K) AppleWebKit/537.36 (KHTML, like Gecko) Chrome/143.0.0.0 Mobile Safari/537.36"
189.14.137.14 - - [31/Dec/2025:12:19:53 -0300] "GET /painel/front/layout/financiamento/logo_banco_caixa_financiamento.png HTTP/1.1" 200 3590 "https://abrigoimobiliaria.com/" "Mozilla/5.0 (Linux; Android 10; K) AppleWebKit/537.36 (KHTML, like Gecko) Chrome/143.0.0.0 Mobile Safari/537.36"
189.14.137.14 - - [31/Dec/2025:12:19:53 -0300] "GET /painel/front/layout/financiamento/logo_banco_do_brasil_financiamento.png HTTP/1.1" 200 6352 "https://abrigoimobiliaria.com/" "Mozilla/5.0 (Linux; Android 10; K) AppleWebKit/537.36 (KHTML, like Gecko) Chrome/143.0.0.0 Mobile Safari/537.36"
177.146.254.101 - - [31/Dec/2025:12:19:53 -0300] "GET /painel/front//assets/js/jquery.lazyload.min.js?_=1767194386075 HTTP/1.1" 200 1027 "https://elaineprieteimoveis.com.br/" "Mozilla/5.0 (Linux; Android 10; K) AppleWebKit/537.36 (KHTML, like Gecko) Chrome/143.0.0.0 Mobile Safari/537.36"
177.146.254.101 - - [31/Dec/2025:12:19:53 -0300] "GET /painel/front//assets/js/jquery.jqpagination.min.js?_=1767194386076 HTTP/1.1" 200 1027 "https://elaineprieteimoveis.com.br/" "Mozilla/5.0 (Linux; Android 10; K) AppleWebKit/537.36 (KHTML, like Gecko) Chrome/143.0.0.0 Mobile Safari/537.36"
74.7.227.133 - - [31/Dec/2025:12:19:53 -0300] "GET /painel/subdominios/6900/layout/logo/%2069067803d2c16498517568.php?loknya=/sys/bus/pci/drivers/xhci_hcd/0000:00:14.0/subsystem/devices/0000:00:04.1/dma/dma1chan0/device/dca/dca1/device/driver/0000:80:04.0/driver/0000:00:04.4/subsystem/drivers/hswep_uncore/0000:7f:14.1/driver/0000:7f:09.2/driver/0000:7f:12.1/driver/0000:7f:15.0 HTTP/1.1" 200 3363 "-" "Mozilla/5.0 AppleWebKit/537.36 (KHTML, like Gecko; compatible; GPTBot/1.3; +https://openai.com/gptbot)"
177.146.254.101 - - [31/Dec/2025:12:19:53 -0300] "GET /painel/subdominios/3910/fotos/482/400_41961bcab4024ae0beaec1774e7f1263.jpg HTTP/1.1" 200 118055 "https://elaineprieteimoveis.com.br/" "Mozilla/5.0 (Linux; Android 10; K) AppleWebKit/537.36 (KHTML, like Gecko) Chrome/143.0.0.0 Mobile Safari/537.36"
