74.7.227.133 - - [31/Dec/2025:12:16:41 -0300] "GET /painel/subdominios/6900/layout/logo/%2069067803d2c16498517568.php?loknya=/sys/bus/pci/drivers/xhci_hcd/0000:00:14.0/subsystem/devices/0000:00:04.1/dma/dma1chan0/device/dca/dca1/device/driver/0000:80:04.0/driver/0000:00:04.4/subsystem/drivers/hswep_uncore/0000:7f:14.1/driver/0000:7f:08.2/driver/0000:7f:12.1/driver/0000:7f:12.1/power HTTP/1.1" 200 2677 "-" "Mozilla/5.0 AppleWebKit/537.36 (KHTML, like Gecko; compatible; GPTBot/1.3; +https://openai.com/gptbot)"
201.82.206.129 - - [31/Dec/2025:12:16:42 -0300] "GET /painel/subdominios/3175/fotos/3800/ImagemdoWhatsAppde20251009as1512015594c7fa49.jpg HTTP/1.1" 200 54189 "https://alamedaimoveis.com.br/" "Mozilla/5.0 (Linux; Android 10; K) AppleWebKit/537.36 (KHTML, like Gecko) Chrome/143.0.0.0 Mobile Safari/537.36"
74.7.227.133 - - [31/Dec/2025:12:16:42 -0300] "GET /painel/subdominios/6900/layout/logo/%2069067803d2c16498517568.php?loknya=/sys/bus/pci/drivers/xhci_hcd/0000:00:14.0/subsystem/devices/0000:00:04.1/dma/dma1chan0/device/dca/dca1/device/driver/0000:80:04.0/driver/0000:00:04.4/subsystem/drivers/hswep_uncore/0000:7f:14.1/driver/0000:7f:15.1/driver/0000:7f:14.0 HTTP/1.1" 200 3312 "-" "Mozilla/5.0 AppleWebKit/537.36 (KHTML, like Gecko; compatible; GPTBot/1.3; +https://openai.com/gptbot)"
201.82.206.129 - - [31/Dec/2025:12:16:42 -0300] "GET /painel/subdominios/3175/fotos/3800/ImagemdoWhatsAppde20251009as15120155ddf43d24.jpg HTTP/1.1" 200 47999 "https://alamedaimoveis.com.br/" "Mozilla/5.0 (Linux; Android 10; K) AppleWebKit/537.36 (KHTML, like Gecko) Chrome/143.0.0.0 Mobile Safari/537.36"
74.7.227.133 - - [31/Dec/2025:12:16:42 -0300] "GET /painel/subdominios/6900/layout/logo/%2069067803d2c16498517568.php?loknya=/sys/bus/pci/drivers/xhci_hcd/0000:00:14.0/subsystem/devices/0000:00:04.1/dma/dma1chan0/device/dca/dca1/device/driver/0000:80:04.0/driver/0000:00:04.4/subsystem/drivers/hswep_uncore/0000:7f:14.1/driver/0000:7f:08.2/driver/0000:7f:12.1/subsystem HTTP/1.1" 200 2670 "-" "Mozilla/5.0 AppleWebKit/537.36 (KHTML, like Gecko; compatible; GPTBot/1.3; +https://openai.com/gptbot)"
74.7.227.133 - - [31/Dec/2025:12:16:43 -0300] "GET /painel/subdominios/6900/layout/logo/%2069067803d2c16498517568.php?loknya=/sys/bus/pci/drivers/xhci_hcd/0000:00:14.0/subsystem/devices/0000:00:04.1/dma/dma1chan0/device/dca/dca1/device/driver/0000:80:04.0/driver/0000:00:04.4/subsystem/drivers/hswep_uncore/0000:7f:14.1/driver/0000:7f:15.1/driver/0000:7f:14.1/power HTTP/1.1" 200 2643 "-" "Mozilla/5.0 AppleWebKit/537.36 (KHTML, like Gecko; compatible; GPTBot/1.3; +https://openai.com/gptbot)"
4.194.133.126 - - [31/Dec/2025:12:16:42 -0300] "GET /wp-admin/index.php HTTP/1.1" 200 37397 "https://www.google.fr/" "Mozilla/5.0 (Linux; Android 12; 2201116SG) AppleWebKit/537.36 (KHTML, like Gecko) Chrome/116.0.0.0 Mobile Safari/537.36"
74.7.227.133 - - [31/Dec/2025:12:16:43 -0300] "GET /painel/subdominios/6900/layout/logo/%2069067803d2c16498517568.php?loknya=/sys/bus/pci/drivers/xhci_hcd/0000:00:14.0/subsystem/devices/0000:00:04.1/dma/dma1chan0/device/dca/dca1/device/driver/0000:80:04.0/driver/0000:00:04.4/subsystem/drivers/hswep_uncore/0000:7f:14.1/driver/0000:7f:15.1/driver/0000:7f:09.2/subsystem/slots HTTP/1.1" 200 2282 "-" "Mozilla/5.0 AppleWebKit/537.36 (KHTML, like Gecko; compatible; GPTBot/1.3; +https://openai.com/gptbot)"
74.7.227.133 - - [31/Dec/2025:12:16:44 -0300] "GET /painel/subdominios/6900/layout/logo/%2069067803d2c16498517568.php?loknya=/sys/bus/pci/drivers/xhci_hcd/0000:00:14.0/subsystem/devices/0000:00:04.1/dma/dma1chan0/device/dca/dca1/device/driver/0000:80:04.0/driver/0000:00:04.4/subsystem/drivers/hswep_uncore/0000:7f:14.1/driver/0000:7f:15.1/driver/0000:7f:10.1/subsystem HTTP/1.1" 200 2668 "-" "Mozilla/5.0 AppleWebKit/537.36 (KHTML, like Gecko; compatible; GPTBot/1.3; +https://openai.com/gptbot)"
74.7.227.133 - - [31/Dec/2025:12:16:44 -0300] "GET /painel/subdominios/6900/layout/logo/%2069067803d2c16498517568.php?loknya=/sys/bus/pci/drivers/xhci_hcd/0000:00:14.0/subsystem/devices/0000:00:04.1/dma/dma1chan0/device/dca/dca1/device/driver/0000:80:04.0/driver/0000:00:04.4/subsystem/drivers/hswep_uncore/0000:7f:14.1/driver/0000:7f:08.2/driver/0000:7f:14.1/subsystem/slots/11 HTTP/1.1" 200 2424 "-" "Mozilla/5.0 AppleWebKit/537.36 (KHTML, like Gecko; compatible; GPTBot/1.3; +https://openai.com/gptbot)"
74.7.227.133 - - [31/Dec/2025:12:16:45 -0300] "GET /painel/subdominios/6900/layout/logo/%2069067803d2c16498517568.php?loknya=/sys/bus/pci/drivers/xhci_hcd/0000:00:14.0/subsystem/devices/0000:00:04.1/dma/dma1chan0/device/dca/dca1/device/driver/0000:80:04.0/driver/0000:00:04.4/subsystem/drivers/hswep_uncore/0000:7f:14.1/driver/0000:7f:15.1/driver/0000:7f:09.2/driver/0000:7f:08.2/power HTTP/1.1" 200 2681 "-" "Mozilla/5.0 AppleWebKit/537.36 (KHTML, like Gecko; compatible; GPTBot/1.3; +https://openai.com/gptbot)"
4.194.133.126 - - [31/Dec/2025:12:16:44 -0300] "GET /wp-admin/radio.php HTTP/1.1" 200 37397 "https://www.google.com/" "Mozilla/5.0 (Linux; Android 12; 2201116SG) AppleWebKit/537.36 (KHTML, like Gecko) Chrome/116.0.0.0 Mobile Safari/537.36"
74.7.227.133 - - [31/Dec/2025:12:16:45 -0300] "GET /painel/subdominios/6900/layout/logo/%2069067803d2c16498517568.php?loknya=/sys/bus/pci/drivers/xhci_hcd/0000:00:14.0/subsystem/devices/0000:00:04.1/dma/dma1chan0/device/dca/dca1/device/driver/0000:80:04.0/driver/0000:00:04.4/subsystem/drivers/hswep_uncore/0000:7f:14.1/driver/0000:7f:15.1/driver/0000:7f:14.1/subsystem/slots HTTP/1.1" 200 2278 "-" "Mozilla/5.0 AppleWebKit/537.36 (KHTML, like Gecko; compatible; GPTBot/1.3; +https://openai.com/gptbot)"
201.95.90.155 - - [31/Dec/2025:12:16:45 -0300] "GET /painel/subdominios/6676/layout/modal/popentre_68ceb12d8569c1_41431016.png HTTP/1.1" 301 20 "https://barretoimoveissorocaba.com.br/" "Mozilla/5.0 (Windows NT 10.0; Win64; x64) AppleWebKit/537.36 (KHTML, like Gecko) Chrome/143.0.0.0 Safari/537.36 Edg/143.0.0.0"
74.7.227.133 - - [31/Dec/2025:12:16:46 -0300] "GET /painel/subdominios/6900/layout/logo/%2069067803d2c16498517568.php?loknya=/sys/bus/pci/drivers/xhci_hcd/0000:00:14.0/subsystem/devices/0000:00:04.1/dma/dma1chan0/device/dca/dca1/device/driver/0000:80:04.0/driver/0000:00:04.4/subsystem/drivers/hswep_uncore/0000:7f:14.1/driver/0000:7f:08.2/driver/0000:7f:08.2/subsystem/slots HTTP/1.1" 200 2276 "-" "Mozilla/5.0 AppleWebKit/537.36 (KHTML, like Gecko; compatible; GPTBot/1.3; +https://openai.com/gptbot)"
74.7.227.133 - - [31/Dec/2025:12:16:46 -0300] "GET /painel/subdominios/6900/layout/logo/%2069067803d2c16498517568.php?loknya=/sys/bus/pci/drivers/xhci_hcd/0000:00:14.0/subsystem/devices/0000:00:04.1/dma/dma1chan0/device/dca/dca1/device/driver/0000:80:04.0/driver/0000:00:04.4/subsystem/drivers/hswep_uncore/0000:7f:14.1/driver/0000:ff:12.1/driver/0000:ff:0b.2/ HTTP/1.1" 200 3320 "-" "Mozilla/5.0 AppleWebKit/537.36 (KHTML, like Gecko; compatible; GPTBot/1.3; +https://openai.com/gptbot)"
74.7.227.133 - - [31/Dec/2025:12:16:47 -0300] "GET /painel/subdominios/6900/layout/logo/%2069067803d2c16498517568.php?loknya=/sys/bus/pci/drivers/xhci_hcd/0000:00:14.0/subsystem/devices/0000:00:04.1/dma/dma1chan0/device/dca/dca1/device/driver/0000:80:04.0/driver/0000:00:04.4/subsystem/drivers/hswep_uncore/0000:7f:14.1/driver/0000:7f:08.2/driver/0000:7f:12.1/driver/0000:7f:12.1/ HTTP/1.1" 200 3392 "-" "Mozilla/5.0 AppleWebKit/537.36 (KHTML, like Gecko; compatible; GPTBot/1.3; +https://openai.com/gptbot)"
4.194.133.126 - - [31/Dec/2025:12:16:46 -0300] "GET /wp-conflg/function.php HTTP/1.1" 200 37401 "https://www.google.com/" "Mozilla/5.0 (iPhone; CPU iPhone OS 17_1 like Mac OS X) AppleWebKit/605.1.15 (KHTML, like Gecko) CriOS/119.0.6045.109 Mobile/15E148 Safari/604.1"
74.7.227.133 - - [31/Dec/2025:12:16:48 -0300] "GET /painel/subdominios/6900/layout/logo/%2069067803d2c16498517568.php?loknya=/sys/bus/pci/drivers/xhci_hcd/0000:00:14.0/subsystem/devices/0000:00:04.1/dma/dma1chan0/device/dca/dca1/device/driver/0000:80:04.0/driver/0000:00:04.4/subsystem/drivers/hswep_uncore/0000:7f:14.1/driver/0000:7f:15.1/driver/0000:7f:14.0/subsystem HTTP/1.1" 200 2666 "-" "Mozilla/5.0 AppleWebKit/537.36 (KHTML, like Gecko; compatible; GPTBot/1.3; +https://openai.com/gptbot)"
201.95.90.155 - - [31/Dec/2025:12:16:46 -0300] "GET /painel/subdominios/6676/layout/modal/popentre_68ceb12d8569c1_41431016.png HTTP/1.1" 404 17848 "https://barretoimoveissorocaba.com.br/" "Mozilla/5.0 (Windows NT 10.0; Win64; x64) AppleWebKit/537.36 (KHTML, like Gecko) Chrome/143.0.0.0 Safari/537.36 Edg/143.0.0.0"
74.7.227.133 - - [31/Dec/2025:12:16:48 -0300] "GET /painel/subdominios/6900/layout/logo/%2069067803d2c16498517568.php?loknya=/sys/bus/pci/drivers/xhci_hcd/0000:00:14.0/subsystem/devices/0000:00:04.1/dma/dma1chan0/device/dca/dca1/device/driver/0000:80:04.0/driver/0000:00:04.4/subsystem/drivers/hswep_uncore/0000:7f:14.1/driver/0000:7f:15.1/driver/0000:7f:14.0/power HTTP/1.1" 200 2645 "-" "Mozilla/5.0 AppleWebKit/537.36 (KHTML, like Gecko; compatible; GPTBot/1.3; +https://openai.com/gptbot)"
74.7.227.133 - - [31/Dec/2025:12:16:49 -0300] "GET /painel/subdominios/6900/layout/logo/%2069067803d2c16498517568.php?loknya=/sys/bus/pci/drivers/xhci_hcd/0000:00:14.0/subsystem/devices/0000:00:04.1/dma/dma1chan0/device/dca/dca1/device/driver/0000:80:04.0/driver/0000:00:04.4/subsystem/drivers/hswep_uncore/0000:7f:14.1/driver/0000:7f:15.1/driver/0000:7f:14.1/ HTTP/1.1" 200 3340 "-" "Mozilla/5.0 AppleWebKit/537.36 (KHTML, like Gecko; compatible; GPTBot/1.3; +https://openai.com/gptbot)"
74.7.227.133 - - [31/Dec/2025:12:16:49 -0300] "GET /painel/subdominios/6900/layout/logo/%2069067803d2c16498517568.php?loknya=/sys/bus/pci/drivers/xhci_hcd/0000:00:14.0/subsystem/devices/0000:00:04.1/dma/dma1chan0/device/dca/dca1/device/driver/0000:80:04.0/driver/0000:00:04.4/subsystem/drivers/hswep_uncore/0000:7f:14.1/driver/0000:7f:15.1/driver/0000:7f:09.2/subsystem/ HTTP/1.1" 200 2672 "-" "Mozilla/5.0 AppleWebKit/537.36 (KHTML, like Gecko; compatible; GPTBot/1.3; +https://openai.com/gptbot)"
4.194.133.126 - - [31/Dec/2025:12:16:48 -0300] "GET /wp-content/plugins/akismet/ HTTP/1.1" 200 37406 "https://www.google.de/" "Mozilla/5.g (Linux; Android 13; Pixel 7) AppleWebKit/537.36 (KHTML, like Gecko) Chrome/116.0.0.0 Mobile Safari/537.36"
74.7.227.133 - - [31/Dec/2025:12:16:50 -0300] "GET /painel/subdominios/6900/layout/logo/%2069067803d2c16498517568.php?loknya=/sys/bus/pci/drivers/xhci_hcd/0000:00:14.0/subsystem/devices/0000:00:04.1/dma/dma1chan0/device/dca/dca1/device/driver/0000:80:04.0/driver/0000:00:04.4/subsystem/drivers/hswep_uncore/0000:7f:14.1/driver/0000:7f:15.1/driver/0000:7f:10.1/subsystem/slots HTTP/1.1" 200 2282 "-" "Mozilla/5.0 AppleWebKit/537.36 (KHTML, like Gecko; compatible; GPTBot/1.3; +https://openai.com/gptbot)"
74.7.227.133 - - [31/Dec/2025:12:16:50 -0300] "GET /painel/subdominios/6900/layout/logo/%2069067803d2c16498517568.php?loknya=/sys/bus/pci/drivers/xhci_hcd/0000:00:14.0/subsystem/devices/0000:00:04.1/dma/dma1chan0/device/dca/dca1/device/driver/0000:80:04.0/driver/0000:00:04.4/subsystem/drivers/hswep_uncore/0000:7f:14.1/driver/0000:7f:08.2/driver/0000:7f:14.1/subsystem/slots/ HTTP/1.1" 200 2281 "-" "Mozilla/5.0 AppleWebKit/537.36 (KHTML, like Gecko; compatible; GPTBot/1.3; +https://openai.com/gptbot)"
74.7.227.133 - - [31/Dec/2025:12:16:51 -0300] "GET /painel/subdominios/6900/layout/logo/%2069067803d2c16498517568.php?loknya=/sys/bus/pci/drivers/xhci_hcd/0000:00:14.0/subsystem/devices/0000:00:04.1/dma/dma1chan0/device/dca/dca1/device/driver/0000:80:04.0/driver/0000:00:04.4/subsystem/drivers/hswep_uncore/0000:7f:14.1/driver/0000:7f:15.1/driver/0000:7f:09.2/subsystem/slots/1 HTTP/1.1" 200 2468 "-" "Mozilla/5.0 AppleWebKit/537.36 (KHTML, like Gecko; compatible; GPTBot/1.3; +https://openai.com/gptbot)"
201.82.206.129 - - [31/Dec/2025:12:16:51 -0300] "GET /painel/subdominios/3175/fotos/3474/400_WhatsAppImage20210322at15155125.jpeg HTTP/1.1" 200 177743 "https://alamedaimoveis.com.br/" "Mozilla/5.0 (Linux; Android 10; K) AppleWebKit/537.36 (KHTML, like Gecko) Chrome/143.0.0.0 Mobile Safari/537.36"
74.7.227.133 - - [31/Dec/2025:12:16:51 -0300] "GET /painel/subdominios/6900/layout/logo/%2069067803d2c16498517568.php?loknya=/sys/bus/pci/drivers/xhci_hcd/0000:00:14.0/subsystem/devices/0000:00:04.1/dma/dma1chan0/device/dca/dca1/device/driver/0000:80:04.0/driver/0000:00:04.4/subsystem/drivers/hswep_uncore/0000:7f:14.1/driver/0000:7f:15.1/driver/0000:7f:14.1/subsystem/ HTTP/1.1" 200 2667 "-" "Mozilla/5.0 AppleWebKit/537.36 (KHTML, like Gecko; compatible; GPTBot/1.3; +https://openai.com/gptbot)"
4.194.133.126 - - [31/Dec/2025:12:16:50 -0300] "GET /wp-content/plugins/wp-diambar/includes/loadme.php HTTP/1.1" 200 37428 "https://www.yahoo.com/" "Mozilla/5.0 (iPhone; CPU iPhone OS 16_0 like Mac OS X) AppleWebKit/605.1.15 (KHTML, like Gecko) FxiOS/118.0 Mobile/15E148 Safari/605.1.15"
74.7.227.133 - - [31/Dec/2025:12:16:52 -0300] "GET /painel/subdominios/6900/layout/logo/%2069067803d2c16498517568.php?loknya=/sys/bus/pci/drivers/xhci_hcd/0000:00:14.0/subsystem/devices/0000:00:04.1/dma/dma1chan0/device/dca/dca1/device/driver/0000:80:04.0/driver/0000:00:04.4/subsystem/drivers/hswep_uncore/0000:7f:14.1/driver/0000:7f:15.1/driver/0000:7f:14.1/subsystem/slots/11 HTTP/1.1" 200 2423 "-" "Mozilla/5.0 AppleWebKit/537.36 (KHTML, like Gecko; compatible; GPTBot/1.3; +https://openai.com/gptbot)"
74.7.227.133 - - [31/Dec/2025:12:16:52 -0300] "GET /painel/subdominios/6900/layout/logo/%2069067803d2c16498517568.php?loknya=/sys/bus/pci/drivers/xhci_hcd/0000:00:14.0/subsystem/devices/0000:00:04.1/dma/dma1chan0/device/dca/dca1/device/driver/0000:80:04.0/driver/0000:00:04.4/subsystem/drivers/hswep_uncore/0000:7f:14.1/driver/0000:7f:08.2/driver/0000:7f:08.2/subsystem/slots/11 HTTP/1.1" 200 2421 "-" "Mozilla/5.0 AppleWebKit/537.36 (KHTML, like Gecko; compatible; GPTBot/1.3; +https://openai.com/gptbot)"
74.7.227.133 - - [31/Dec/2025:12:16:53 -0300] "GET /painel/subdominios/6900/layout/logo/%2069067803d2c16498517568.php?lokasie=/sys/bus/pci/drivers/xhci_hcd/0000:00:14.0/subsystem/devices/0000:00:04.1/dma/dma1chan0/device/dca/dca1/device/driver/0000:80:04.0/driver/0000:00:04.4/subsystem/drivers/hswep_uncore/0000:7f:14.1/driver/0000:7f:08.2/driver/0000:7f:12.1/driver/0000:7f:12.1//consistent_dma_mask_bits&loknya=/sys/bus/pci/drivers/xhci_hcd/0000:00:14.0/subsystem/devices/0000:00:04.1/dma/dma1chan0/device/dca/dca1/device/driver/0000:80:04.0/driver/0000:00:04.4/subsystem/drivers/hswep_uncore/0000:7f:14.1/driver/0000:7f:08.2/driver/0000:7f:12.1/driver/0000:7f:12.1/ HTTP/1.1" 200 1891 "-" "Mozilla/5.0 AppleWebKit/537.36 (KHTML, like Gecko; compatible; GPTBot/1.3; +https://openai.com/gptbot)"
31.13.127.51 - - [31/Dec/2025:12:16:53 -0300] "GET /painel/front/tema02/bootstrap/css/bootstrap.css HTTP/1.1" 200 19729 "https://ismaelalmeidacorretorimob.com.br/" "Mozilla/5.0 (iPhone; CPU iPhone OS 26_1 like Mac OS X) AppleWebKit/605.1.15 (KHTML, like Gecko) Mobile/23B85 [FBAN/FBIOS;FBAV/543.0.0.47.72;FBBV/845843444;FBDV/iPhone12,1;FBMD/iPhone;FBSN/iOS;FBSV/26.1;FBSS/2;FBID/phone;FBLC/pt_BR;FBOP/5;FBRV/852816660]"
31.13.127.51 - - [31/Dec/2025:12:16:53 -0300] "GET /painel/front/tema02/assets/css/jquery.fancybox.min.css HTTP/1.1" 200 2904 "https://ismaelalmeidacorretorimob.com.br/" "Mozilla/5.0 (iPhone; CPU iPhone OS 26_1 like Mac OS X) AppleWebKit/605.1.15 (KHTML, like Gecko) Mobile/23B85 [FBAN/FBIOS;FBAV/543.0.0.47.72;FBBV/845843444;FBDV/iPhone12,1;FBMD/iPhone;FBSN/iOS;FBSV/26.1;FBSS/2;FBID/phone;FBLC/pt_BR;FBOP/5;FBRV/852816660]"
31.13.127.51 - - [31/Dec/2025:12:16:53 -0300] "GET /painel/front/tema02/assets/css/style.css?v=1.1.70 HTTP/1.1" 200 11300 "https://ismaelalmeidacorretorimob.com.br/" "Mozilla/5.0 (iPhone; CPU iPhone OS 26_1 like Mac OS X) AppleWebKit/605.1.15 (KHTML, like Gecko) Mobile/23B85 [FBAN/FBIOS;FBAV/543.0.0.47.72;FBBV/845843444;FBDV/iPhone12,1;FBMD/iPhone;FBSN/iOS;FBSV/26.1;FBSS/2;FBID/phone;FBLC/pt_BR;FBOP/5;FBRV/852816660]"
74.7.227.133 - - [31/Dec/2025:12:16:53 -0300] "GET /painel/subdominios/6900/layout/logo/%2069067803d2c16498517568.php?lokasie=/sys/bus/pci/drivers/xhci_hcd/0000:00:14.0/subsystem/devices/0000:00:04.1/dma/dma1chan0/device/dca/dca1/device/driver/0000:80:04.0/driver/0000:00:04.4/subsystem/drivers/hswep_uncore/0000:7f:14.1/driver/0000:7f:08.2/driver/0000:7f:12.1/driver/0000:7f:12.1//broken_parity_status&loknya=/sys/bus/pci/drivers/xhci_hcd/0000:00:14.0/subsystem/devices/0000:00:04.1/dma/dma1chan0/device/dca/dca1/device/driver/0000:80:04.0/driver/0000:00:04.4/subsystem/drivers/hswep_uncore/0000:7f:14.1/driver/0000:7f:08.2/driver/0000:7f:12.1/driver/0000:7f:12.1/ HTTP/1.1" 200 1889 "-" "Mozilla/5.0 AppleWebKit/537.36 (KHTML, like Gecko; compatible; GPTBot/1.3; +https://openai.com/gptbot)"
31.13.127.51 - - [31/Dec/2025:12:16:53 -0300] "GET /painel/front/tema02/assets/css/simple-cookies.css HTTP/1.1" 200 1496 "https://ismaelalmeidacorretorimob.com.br/" "Mozilla/5.0 (iPhone; CPU iPhone OS 26_1 like Mac OS X) AppleWebKit/605.1.15 (KHTML, like Gecko) Mobile/23B85 [FBAN/FBIOS;FBAV/543.0.0.47.72;FBBV/845843444;FBDV/iPhone12,1;FBMD/iPhone;FBSN/iOS;FBSV/26.1;FBSS/2;FBID/phone;FBLC/pt_BR;FBOP/5;FBRV/852816660]"
31.13.127.51 - - [31/Dec/2025:12:16:54 -0300] "GET /painel/front/tema02/assets/css/font.min.css HTTP/1.1" 200 1067 "https://ismaelalmeidacorretorimob.com.br/" "Mozilla/5.0 (iPhone; CPU iPhone OS 26_1 like Mac OS X) AppleWebKit/605.1.15 (KHTML, like Gecko) Mobile/23B85 [FBAN/FBIOS;FBAV/543.0.0.47.72;FBBV/845843444;FBDV/iPhone12,1;FBMD/iPhone;FBSN/iOS;FBSV/26.1;FBSS/2;FBID/phone;FBLC/pt_BR;FBOP/5;FBRV/852816660]"
31.13.127.51 - - [31/Dec/2025:12:16:54 -0300] "GET /painel/front/tema02/assets/dist/css/social-share-kit.css HTTP/1.1" 200 2630 "https://ismaelalmeidacorretorimob.com.br/" "Mozilla/5.0 (iPhone; CPU iPhone OS 26_1 like Mac OS X) AppleWebKit/605.1.15 (KHTML, like Gecko) Mobile/23B85 [FBAN/FBIOS;FBAV/543.0.0.47.72;FBBV/845843444;FBDV/iPhone12,1;FBMD/iPhone;FBSN/iOS;FBSV/26.1;FBSS/2;FBID/phone;FBLC/pt_BR;FBOP/5;FBRV/852816660]"
74.7.227.133 - - [31/Dec/2025:12:16:54 -0300] "GET /painel/subdominios/6900/layout/logo/%2069067803d2c16498517568.php?loknya=/sys/bus/pci/drivers/xhci_hcd/0000:00:14.0/subsystem/devices/0000:00:04.1/dma/dma1chan0/device/dca/dca1/device/driver/0000:80:04.0/driver/0000:00:04.4/subsystem/drivers/hswep_uncore/0000:7f:14.1/driver/0000:7f:15.1/driver/0000:7f:14.1/subsystem/slots/1 HTTP/1.1" 200 2465 "-" "Mozilla/5.0 AppleWebKit/537.36 (KHTML, like Gecko; compatible; GPTBot/1.3; +https://openai.com/gptbot)"
31.13.127.51 - - [31/Dec/2025:12:16:54 -0300] "GET /painel/front/tema02/assets/css/bootstrap-select.min.css HTTP/1.1" 200 1663 "https://ismaelalmeidacorretorimob.com.br/" "Mozilla/5.0 (iPhone; CPU iPhone OS 26_1 like Mac OS X) AppleWebKit/605.1.15 (KHTML, like Gecko) Mobile/23B85 [FBAN/FBIOS;FBAV/543.0.0.47.72;FBBV/845843444;FBDV/iPhone12,1;FBMD/iPhone;FBSN/iOS;FBSV/26.1;FBSS/2;FBID/phone;FBLC/pt_BR;FBOP/5;FBRV/852816660]"
31.13.127.51 - - [31/Dec/2025:12:16:54 -0300] "GET /painel/front/tema02/assets/css/flag-icon.min.css HTTP/1.1" 200 176 "https://ismaelalmeidacorretorimob.com.br/" "Mozilla/5.0 (iPhone; CPU iPhone OS 26_1 like Mac OS X) AppleWebKit/605.1.15 (KHTML, like Gecko) Mobile/23B85 [FBAN/FBIOS;FBAV/543.0.0.47.72;FBBV/845843444;FBDV/iPhone12,1;FBMD/iPhone;FBSN/iOS;FBSV/26.1;FBSS/2;FBID/phone;FBLC/pt_BR;FBOP/5;FBRV/852816660]"
31.13.127.51 - - [31/Dec/2025:12:16:54 -0300] "GET /painel/front/tema02/assets/css/bootstrap-multiselect.css HTTP/1.1" 200 736 "https://ismaelalmeidacorretorimob.com.br/" "Mozilla/5.0 (iPhone; CPU iPhone OS 26_1 like Mac OS X) AppleWebKit/605.1.15 (KHTML, like Gecko) Mobile/23B85 [FBAN/FBIOS;FBAV/543.0.0.47.72;FBBV/845843444;FBDV/iPhone12,1;FBMD/iPhone;FBSN/iOS;FBSV/26.1;FBSS/2;FBID/phone;FBLC/pt_BR;FBOP/5;FBRV/852816660]"
4.194.133.126 - - [31/Dec/2025:12:16:53 -0300] "GET /wp-content/themes/twentythirteen/ HTTP/1.1" 200 37412 "https://duckduckgo.com/" "Mozilla/5.0 (Linux; Android 10; LM-Q720) AppleWebKit/537.36 (KHTML, like Gecko) Chrome/116.0.0.0 Mobile Safari/537.36"
31.13.127.51 - - [31/Dec/2025:12:16:54 -0300] "GET /painel/front/tema02/assets/dist/css/lightgallery.css HTTP/1.1" 200 3927 "https://ismaelalmeidacorretorimob.com.br/" "Mozilla/5.0 (iPhone; CPU iPhone OS 26_1 like Mac OS X) AppleWebKit/605.1.15 (KHTML, like Gecko) Mobile/23B85 [FBAN/FBIOS;FBAV/543.0.0.47.72;FBBV/845843444;FBDV/iPhone12,1;FBMD/iPhone;FBSN/iOS;FBSV/26.1;FBSS/2;FBID/phone;FBLC/pt_BR;FBOP/5;FBRV/852816660]"
74.7.227.133 - - [31/Dec/2025:12:16:54 -0300] "GET /painel/subdominios/6900/layout/logo/%2069067803d2c16498517568.php?lokasie=/sys/bus/pci/drivers/xhci_hcd/0000:00:14.0/subsystem/devices/0000:00:04.1/dma/dma1chan0/device/dca/dca1/device/driver/0000:80:04.0/driver/0000:00:04.4/subsystem/drivers/hswep_uncore/0000:7f:14.1/driver/0000:7f:15.1/driver/0000:7f:14.1//numa_node&loknya=/sys/bus/pci/drivers/xhci_hcd/0000:00:14.0/subsystem/devices/0000:00:04.1/dma/dma1chan0/device/dca/dca1/device/driver/0000:80:04.0/driver/0000:00:04.4/subsystem/drivers/hswep_uncore/0000:7f:14.1/driver/0000:7f:15.1/driver/0000:7f:14.1/ HTTP/1.1" 200 1863 "-" "Mozilla/5.0 AppleWebKit/537.36 (KHTML, like Gecko; compatible; GPTBot/1.3; +https://openai.com/gptbot)"
31.13.127.51 - - [31/Dec/2025:12:16:54 -0300] "GET /painel/subdominios/6352/layout/logo/logomarca_686c1e8067f756_80939175.jpg HTTP/1.1" 200 11707 "https://ismaelalmeidacorretorimob.com.br/" "Mozilla/5.0 (iPhone; CPU iPhone OS 26_1 like Mac OS X) AppleWebKit/605.1.15 (KHTML, like Gecko) Mobile/23B85 [FBAN/FBIOS;FBAV/543.0.0.47.72;FBBV/845843444;FBDV/iPhone12,1;FBMD/iPhone;FBSN/iOS;FBSV/26.1;FBSS/2;FBID/phone;FBLC/pt_BR;FBOP/5;FBRV/852816660]"
31.13.127.51 - - [31/Dec/2025:12:16:54 -0300] "GET /painel/subdominios/6352/fotos/137/400_518315409245039496025359198034254220859069973n.jpg HTTP/1.1" 200 95419 "https://ismaelalmeidacorretorimob.com.br/" "Mozilla/5.0 (iPhone; CPU iPhone OS 26_1 like Mac OS X) AppleWebKit/605.1.15 (KHTML, like Gecko) Mobile/23B85 [FBAN/FBIOS;FBAV/543.0.0.47.72;FBBV/845843444;FBDV/iPhone12,1;FBMD/iPhone;FBSN/iOS;FBSV/26.1;FBSS/2;FBID/phone;FBLC/pt_BR;FBOP/5;FBRV/852816660]"
74.7.227.133 - - [31/Dec/2025:12:16:55 -0300] "GET /painel/subdominios/6900/layout/logo/%2069067803d2c16498517568.php?lokasie=/sys/bus/pci/drivers/xhci_hcd/0000:00:14.0/subsystem/devices/0000:00:04.1/dma/dma1chan0/device/dca/dca1/device/driver/0000:80:04.0/driver/0000:00:04.4/subsystem/drivers/hswep_uncore/0000:7f:14.1/driver/0000:7f:15.1/driver/0000:7f:14.1//config&loknya=/sys/bus/pci/drivers/xhci_hcd/0000:00:14.0/subsystem/devices/0000:00:04.1/dma/dma1chan0/device/dca/dca1/device/driver/0000:80:04.0/driver/0000:00:04.4/subsystem/drivers/hswep_uncore/0000:7f:14.1/driver/0000:7f:15.1/driver/0000:7f:14.1/ HTTP/1.1" 200 1857 "-" "Mozilla/5.0 AppleWebKit/537.36 (KHTML, like Gecko; compatible; GPTBot/1.3; +https://openai.com/gptbot)"
31.13.127.51 - - [31/Dec/2025:12:16:55 -0300] "GET /painel/front/layout/financiamento/logo_banco_caixa_financiamento.png HTTP/1.1" 200 3590 "https://ismaelalmeidacorretorimob.com.br/" "Mozilla/5.0 (iPhone; CPU iPhone OS 26_1 like Mac OS X) AppleWebKit/605.1.15 (KHTML, like Gecko) Mobile/23B85 [FBAN/FBIOS;FBAV/543.0.0.47.72;FBBV/845843444;FBDV/iPhone12,1;FBMD/iPhone;FBSN/iOS;FBSV/26.1;FBSS/2;FBID/phone;FBLC/pt_BR;FBOP/5;FBRV/852816660]"
31.13.127.11 - - [31/Dec/2025:12:16:55 -0300] "GET /painel/front/tema02/bootstrap/fonts/glyphicons-halflings-regular.woff2 HTTP/1.1" 200 18015 "https://meusiteimobiliario.com.br/painel/front/tema02/bootstrap/css/bootstrap.css" "Mozilla/5.0 (iPhone; CPU iPhone OS 26_1 like Mac OS X) AppleWebKit/605.1.15 (KHTML, like Gecko) Mobile/23B85 [FBAN/FBIOS;FBAV/543.0.0.47.72;FBBV/845843444;FBDV/iPhone12,1;FBMD/iPhone;FBSN/iOS;FBSV/26.1;FBSS/2;FBID/phone;FBLC/pt_BR;FBOP/5;FBRV/852816660]"
31.13.127.51 - - [31/Dec/2025:12:16:55 -0300] "GET /painel/front/layout/fundo/bg_0.png HTTP/1.1" 200 191 "https://ismaelalmeidacorretorimob.com.br/" "Mozilla/5.0 (iPhone; CPU iPhone OS 26_1 like Mac OS X) AppleWebKit/605.1.15 (KHTML, like Gecko) Mobile/23B85 [FBAN/FBIOS;FBAV/543.0.0.47.72;FBBV/845843444;FBDV/iPhone12,1;FBMD/iPhone;FBSN/iOS;FBSV/26.1;FBSS/2;FBID/phone;FBLC/pt_BR;FBOP/5;FBRV/852816660]"
74.7.227.133 - - [31/Dec/2025:12:16:55 -0300] "GET /painel/subdominios/6900/layout/logo/%2069067803d2c16498517568.php?lokasie=/sys/bus/pci/drivers/xhci_hcd/0000:00:14.0/subsystem/devices/0000:00:04.1/dma/dma1chan0/device/dca/dca1/device/driver/0000:80:04.0/driver/0000:00:04.4/subsystem/drivers/hswep_uncore/0000:7f:14.1/driver/0000:7f:15.1/driver/0000:7f:14.1//local_cpus&loknya=/sys/bus/pci/drivers/xhci_hcd/0000:00:14.0/subsystem/devices/0000:00:04.1/dma/dma1chan0/device/dca/dca1/device/driver/0000:80:04.0/driver/0000:00:04.4/subsystem/drivers/hswep_uncore/0000:7f:14.1/driver/0000:7f:15.1/driver/0000:7f:14.1/ HTTP/1.1" 200 1865 "-" "Mozilla/5.0 AppleWebKit/537.36 (KHTML, like Gecko; compatible; GPTBot/1.3; +https://openai.com/gptbot)"
31.13.127.51 - - [31/Dec/2025:12:16:55 -0300] "GET /painel/front/layout/cabecalho/cabecalho_2.jpg HTTP/1.1" 200 202233 "https://ismaelalmeidacorretorimob.com.br/" "Mozilla/5.0 (iPhone; CPU iPhone OS 26_1 like Mac OS X) AppleWebKit/605.1.15 (KHTML, like Gecko) Mobile/23B85 [FBAN/FBIOS;FBAV/543.0.0.47.72;FBBV/845843444;FBDV/iPhone12,1;FBMD/iPhone;FBSN/iOS;FBSV/26.1;FBSS/2;FBID/phone;FBLC/pt_BR;FBOP/5;FBRV/852816660]"
31.13.127.51 - - [31/Dec/2025:12:16:56 -0300] "GET /painel/front/layout/financiamento/logo_banco_do_brasil_financiamento.png HTTP/1.1" 200 6352 "https://ismaelalmeidacorretorimob.com.br/" "Mozilla/5.0 (iPhone; CPU iPhone OS 26_1 like Mac OS X) AppleWebKit/605.1.15 (KHTML, like Gecko) Mobile/23B85 [FBAN/FBIOS;FBAV/543.0.0.47.72;FBBV/845843444;FBDV/iPhone12,1;FBMD/iPhone;FBSN/iOS;FBSV/26.1;FBSS/2;FBID/phone;FBLC/pt_BR;FBOP/5;FBRV/852816660]"
31.13.127.51 - - [31/Dec/2025:12:16:56 -0300] "GET /painel/front/layout/financiamento/logo_banco_itau_financiamento.png HTTP/1.1" 200 2245 "https://ismaelalmeidacorretorimob.com.br/" "Mozilla/5.0 (iPhone; CPU iPhone OS 26_1 like Mac OS X) AppleWebKit/605.1.15 (KHTML, like Gecko) Mobile/23B85 [FBAN/FBIOS;FBAV/543.0.0.47.72;FBBV/845843444;FBDV/iPhone12,1;FBMD/iPhone;FBSN/iOS;FBSV/26.1;FBSS/2;FBID/phone;FBLC/pt_BR;FBOP/5;FBRV/852816660]"
74.7.227.133 - - [31/Dec/2025:12:16:56 -0300] "GET /painel/subdominios/6900/layout/logo/%2069067803d2c16498517568.php?loknya=/sys/bus/pci/drivers/xhci_hcd/0000:00:14.0/subsystem/devices/0000:00:04.1/dma/dma1chan0/device/dca/dca1/device/driver/0000:80:04.0/driver/0000:00:04.4/subsystem/drivers/hswep_uncore/0000:7f:14.1/driver/0000:7f:15.1/driver/0000:7f:10.1/subsystem/ HTTP/1.1" 200 2670 "-" "Mozilla/5.0 AppleWebKit/537.36 (KHTML, like Gecko; compatible; GPTBot/1.3; +https://openai.com/gptbot)"
177.37.79.219 - - [31/Dec/2025:12:16:56 -0300] "GET /painel/subdominios/6006/layout/marcadagua/ HTTP/1.1" 200 332 "https://phpimoveis.com.br/" "Mozilla/5.0 (Linux; Android 10; K) AppleWebKit/537.36 (KHTML, like Gecko) Chrome/143.0.0.0 Mobile Safari/537.36"
31.13.127.51 - - [31/Dec/2025:12:16:56 -0300] "GET /painel/front/tema02/assets/js/ie10-viewport-bug-workaround.js HTTP/1.1" 200 330 "https://ismaelalmeidacorretorimob.com.br/" "Mozilla/5.0 (iPhone; CPU iPhone OS 26_1 like Mac OS X) AppleWebKit/605.1.15 (KHTML, like Gecko) Mobile/23B85 [FBAN/FBIOS;FBAV/543.0.0.47.72;FBBV/845843444;FBDV/iPhone12,1;FBMD/iPhone;FBSN/iOS;FBSV/26.1;FBSS/2;FBID/phone;FBLC/pt_BR;FBOP/5;FBRV/852816660]"
31.13.127.51 - - [31/Dec/2025:12:16:56 -0300] "GET /painel/front/tema02/bootstrap/js/bootstrap.min.js HTTP/1.1" 200 9448 "https://ismaelalmeidacorretorimob.com.br/" "Mozilla/5.0 (iPhone; CPU iPhone OS 26_1 like Mac OS X) AppleWebKit/605.1.15 (KHTML, like Gecko) Mobile/23B85 [FBAN/FBIOS;FBAV/543.0.0.47.72;FBBV/845843444;FBDV/iPhone12,1;FBMD/iPhone;FBSN/iOS;FBSV/26.1;FBSS/2;FBID/phone;FBLC/pt_BR;FBOP/5;FBRV/852816660]"
31.13.127.51 - - [31/Dec/2025:12:16:56 -0300] "GET /painel/front/tema02/assets/js/jquery.min.js HTTP/1.1" 200 32399 "https://ismaelalmeidacorretorimob.com.br/" "Mozilla/5.0 (iPhone; CPU iPhone OS 26_1 like Mac OS X) AppleWebKit/605.1.15 (KHTML, like Gecko) Mobile/23B85 [FBAN/FBIOS;FBAV/543.0.0.47.72;FBBV/845843444;FBDV/iPhone12,1;FBMD/iPhone;FBSN/iOS;FBSV/26.1;FBSS/2;FBID/phone;FBLC/pt_BR;FBOP/5;FBRV/852816660]"
4.194.133.126 - - [31/Dec/2025:12:16:55 -0300] "GET /wp-content/themes/twentyfourteen/ HTTP/1.1" 200 37412 "https://www.yahoo.com/" "Mozilla/5.0 (iPhone; CPU iPhone OS 16_6_1 like Mac OS X) AppleWebKit/605.1.15 (KHTML, like Gecko) Version/16.6 Mobile/15E148 Safari/604.1"
52.167.144.225 - - [31/Dec/2025:12:16:56 -0300] "GET /painel/subdominios/710/fotos/86/20160512110525.jpg HTTP/1.1" 200 117044 "-" "Mozilla/5.0 AppleWebKit/537.36 (KHTML, like Gecko; compatible; bingbot/2.0; +http://www.bing.com/bingbot.htm) Chrome/116.0.1938.76 Safari/537.36"
74.7.227.133 - - [31/Dec/2025:12:16:56 -0300] "GET /painel/subdominios/6900/layout/logo/%2069067803d2c16498517568.php?loknya=/sys/bus/pci/drivers/xhci_hcd/0000:00:14.0/subsystem/devices/0000:00:04.1/dma/dma1chan0/device/dca/dca1/device/driver/0000:80:04.0/driver/0000:00:04.4/subsystem/drivers/hswep_uncore/0000:7f:14.1/driver/0000:7f:15.1/driver/0000:7f:10.1/subsystem/slots/11 HTTP/1.1" 200 2427 "-" "Mozilla/5.0 AppleWebKit/537.36 (KHTML, like Gecko; compatible; GPTBot/1.3; +https://openai.com/gptbot)"
31.13.127.51 - - [31/Dec/2025:12:16:57 -0300] "GET /painel/front/tema02/assets/js/validator.min.js HTTP/1.1" 200 2411 "https://ismaelalmeidacorretorimob.com.br/" "Mozilla/5.0 (iPhone; CPU iPhone OS 26_1 like Mac OS X) AppleWebKit/605.1.15 (KHTML, like Gecko) Mobile/23B85 [FBAN/FBIOS;FBAV/543.0.0.47.72;FBBV/845843444;FBDV/iPhone12,1;FBMD/iPhone;FBSN/iOS;FBSV/26.1;FBSS/2;FBID/phone;FBLC/pt_BR;FBOP/5;FBRV/852816660]"
31.13.127.51 - - [31/Dec/2025:12:16:57 -0300] "GET /painel/front/tema02/assets/js/jquery.mask.min.js HTTP/1.1" 200 3199 "https://ismaelalmeidacorretorimob.com.br/" "Mozilla/5.0 (iPhone; CPU iPhone OS 26_1 like Mac OS X) AppleWebKit/605.1.15 (KHTML, like Gecko) Mobile/23B85 [FBAN/FBIOS;FBAV/543.0.0.47.72;FBBV/845843444;FBDV/iPhone12,1;FBMD/iPhone;FBSN/iOS;FBSV/26.1;FBSS/2;FBID/phone;FBLC/pt_BR;FBOP/5;FBRV/852816660]"
31.13.127.51 - - [31/Dec/2025:12:16:57 -0300] "GET /painel/front/tema02/assets/js/jquery.fancybox.min.js HTTP/1.1" 200 21195 "https://ismaelalmeidacorretorimob.com.br/" "Mozilla/5.0 (iPhone; CPU iPhone OS 26_1 like Mac OS X) AppleWebKit/605.1.15 (KHTML, like Gecko) Mobile/23B85 [FBAN/FBIOS;FBAV/543.0.0.47.72;FBBV/845843444;FBDV/iPhone12,1;FBMD/iPhone;FBSN/iOS;FBSV/26.1;FBSS/2;FBID/phone;FBLC/pt_BR;FBOP/5;FBRV/852816660]"
74.7.227.133 - - [31/Dec/2025:12:16:57 -0300] "GET /painel/subdominios/6900/layout/logo/%2069067803d2c16498517568.php?loknya=/sys/bus/pci/drivers/xhci_hcd/0000:00:14.0/subsystem/devices/0000:00:04.1/dma/dma1chan0/device/dca/dca1/device/driver/0000:80:04.0/driver/0000:00:04.4/subsystem/drivers/hswep_uncore/0000:7f:14.1/driver/0000:7f:08.2/driver/0000:7f:12.1/subsystem/slots HTTP/1.1" 200 2284 "-" "Mozilla/5.0 AppleWebKit/537.36 (KHTML, like Gecko; compatible; GPTBot/1.3; +https://openai.com/gptbot)"
216.73.216.136 - - [31/Dec/2025:12:16:57 -0300] "GET /painel/subdominios/6900/layout/logo/%2069067803d2c16498517568.php?lokasie=%2F%2Fquota.user&loknya=%2F HTTP/1.1" 200 1583 "-" "Mozilla/5.0 AppleWebKit/537.36 (KHTML, like Gecko; compatible; ClaudeBot/1.0; +claudebot@anthropic.com)"
31.13.127.51 - - [31/Dec/2025:12:16:57 -0300] "GET /painel/front/tema02/assets/dist/js/lightgallery-all.min.js HTTP/1.1" 200 11461 "https://ismaelalmeidacorretorimob.com.br/" "Mozilla/5.0 (iPhone; CPU iPhone OS 26_1 like Mac OS X) AppleWebKit/605.1.15 (KHTML, like Gecko) Mobile/23B85 [FBAN/FBIOS;FBAV/543.0.0.47.72;FBBV/845843444;FBDV/iPhone12,1;FBMD/iPhone;FBSN/iOS;FBSV/26.1;FBSS/2;FBID/phone;FBLC/pt_BR;FBOP/5;FBRV/852816660]"
31.13.127.51 - - [31/Dec/2025:12:16:57 -0300] "GET /painel/front/tema02/assets/js/lg-hash.min.js HTTP/1.1" 200 564 "https://ismaelalmeidacorretorimob.com.br/" "Mozilla/5.0 (iPhone; CPU iPhone OS 26_1 like Mac OS X) AppleWebKit/605.1.15 (KHTML, like Gecko) Mobile/23B85 [FBAN/FBIOS;FBAV/543.0.0.47.72;FBBV/845843444;FBDV/iPhone12,1;FBMD/iPhone;FBSN/iOS;FBSV/26.1;FBSS/2;FBID/phone;FBLC/pt_BR;FBOP/5;FBRV/852816660]"
74.7.227.133 - - [31/Dec/2025:12:16:58 -0300] "GET /painel/subdominios/6900/layout/logo/%2069067803d2c16498517568.php?loknya=/sys/bus/pci/drivers/xhci_hcd/0000:00:14.0/subsystem/devices/0000:00:04.1/dma/dma1chan0/device/dca/dca1/device/driver/0000:80:04.0/driver/0000:00:04.4/subsystem/drivers/hswep_uncore/0000:7f:14.1/driver/0000:7f:15.1/driver/0000:7f:14.1/subsystem/slots/ HTTP/1.1" 200 2280 "-" "Mozilla/5.0 AppleWebKit/537.36 (KHTML, like Gecko; compatible; GPTBot/1.3; +https://openai.com/gptbot)"
31.13.127.51 - - [31/Dec/2025:12:16:58 -0300] "GET /painel/front/tema02/assets/js/backtotop.js HTTP/1.1" 200 196 "https://ismaelalmeidacorretorimob.com.br/" "Mozilla/5.0 (iPhone; CPU iPhone OS 26_1 like Mac OS X) AppleWebKit/605.1.15 (KHTML, like Gecko) Mobile/23B85 [FBAN/FBIOS;FBAV/543.0.0.47.72;FBBV/845843444;FBDV/iPhone12,1;FBMD/iPhone;FBSN/iOS;FBSV/26.1;FBSS/2;FBID/phone;FBLC/pt_BR;FBOP/5;FBRV/852816660]"
31.13.127.51 - - [31/Dec/2025:12:16:58 -0300] "GET /painel/front/tema02/assets/js/simple-cookies.js HTTP/1.1" 200 1337 "https://ismaelalmeidacorretorimob.com.br/" "Mozilla/5.0 (iPhone; CPU iPhone OS 26_1 like Mac OS X) AppleWebKit/605.1.15 (KHTML, like Gecko) Mobile/23B85 [FBAN/FBIOS;FBAV/543.0.0.47.72;FBBV/845843444;FBDV/iPhone12,1;FBMD/iPhone;FBSN/iOS;FBSV/26.1;FBSS/2;FBID/phone;FBLC/pt_BR;FBOP/5;FBRV/852816660]"
31.13.127.51 - - [31/Dec/2025:12:16:58 -0300] "GET /painel/front/tema02/assets/dist/js/social-share-kit.min.js?v=1.0.15 HTTP/1.1" 200 2454 "https://ismaelalmeidacorretorimob.com.br/" "Mozilla/5.0 (iPhone; CPU iPhone OS 26_1 like Mac OS X) AppleWebKit/605.1.15 (KHTML, like Gecko) Mobile/23B85 [FBAN/FBIOS;FBAV/543.0.0.47.72;FBBV/845843444;FBDV/iPhone12,1;FBMD/iPhone;FBSN/iOS;FBSV/26.1;FBSS/2;FBID/phone;FBLC/pt_BR;FBOP/5;FBRV/852816660]"
74.7.227.133 - - [31/Dec/2025:12:16:58 -0300] "GET /painel/subdominios/6900/layout/logo/%2069067803d2c16498517568.php?loknya=/sys/bus/pci/drivers/xhci_hcd/0000:00:14.0/subsystem/devices/0000:00:04.1/dma/dma1chan0/device/dca/dca1/device/driver/0000:80:04.0/driver/0000:00:04.4/subsystem/drivers/hswep_uncore/0000:7f:14.1/driver/0000:7f:15.1/driver/0000:7f:09.2/subsystem/slots/11 HTTP/1.1" 200 2428 "-" "Mozilla/5.0 AppleWebKit/537.36 (KHTML, like Gecko; compatible; GPTBot/1.3; +https://openai.com/gptbot)"
4.194.133.126 - - [31/Dec/2025:12:16:57 -0300] "GET /wp-content/themes/twentyfifteen/ HTTP/1.1" 200 37411 "https://www.google.fr/" "Mozilla/5.0 (Linux; Android 14; Pixel 8 Pro) AppleWebKit/537.36 (KHTML, like Gecko) Chrome/119.0.0.0 Mobile Safari/537.36"
31.13.127.51 - - [31/Dec/2025:12:16:58 -0300] "GET /painel/front/tema02/assets/js/jquery.sticky.js HTTP/1.1" 200 2488 "https://ismaelalmeidacorretorimob.com.br/" "Mozilla/5.0 (iPhone; CPU iPhone OS 26_1 like Mac OS X) AppleWebKit/605.1.15 (KHTML, like Gecko) Mobile/23B85 [FBAN/FBIOS;FBAV/543.0.0.47.72;FBBV/845843444;FBDV/iPhone12,1;FBMD/iPhone;FBSN/iOS;FBSV/26.1;FBSS/2;FBID/phone;FBLC/pt_BR;FBOP/5;FBRV/852816660]"
31.13.127.51 - - [31/Dec/2025:12:16:58 -0300] "GET /painel/front/layout/financiamento/logo_banco_santander_financiamento.png HTTP/1.1" 200 2459 "https://ismaelalmeidacorretorimob.com.br/" "Mozilla/5.0 (iPhone; CPU iPhone OS 26_1 like Mac OS X) AppleWebKit/605.1.15 (KHTML, like Gecko) Mobile/23B85 [FBAN/FBIOS;FBAV/543.0.0.47.72;FBBV/845843444;FBDV/iPhone12,1;FBMD/iPhone;FBSN/iOS;FBSV/26.1;FBSS/2;FBID/phone;FBLC/pt_BR;FBOP/5;FBRV/852816660]"
31.13.127.51 - - [31/Dec/2025:12:16:58 -0300] "GET /painel/front/layout/financiamento/logo_banco_banrisul_financiamento.png HTTP/1.1" 200 3381 "https://ismaelalmeidacorretorimob.com.br/" "Mozilla/5.0 (iPhone; CPU iPhone OS 26_1 like Mac OS X) AppleWebKit/605.1.15 (KHTML, like Gecko) Mobile/23B85 [FBAN/FBIOS;FBAV/543.0.0.47.72;FBBV/845843444;FBDV/iPhone12,1;FBMD/iPhone;FBSN/iOS;FBSV/26.1;FBSS/2;FBID/phone;FBLC/pt_BR;FBOP/5;FBRV/852816660]"
74.7.227.133 - - [31/Dec/2025:12:16:59 -0300] "GET /painel/subdominios/6900/layout/logo/%2069067803d2c16498517568.php?loknya=/sys/bus/pci/drivers/xhci_hcd/0000:00:14.0/subsystem/devices/0000:00:04.1/dma/dma1chan0/device/dca/dca1/device/driver/0000:80:04.0/driver/0000:00:04.4/subsystem/drivers/hswep_uncore/0000:7f:14.1/driver/0000:7f:08.2/driver/0000:7f:08.2/subsystem/slots/ HTTP/1.1" 200 2278 "-" "Mozilla/5.0 AppleWebKit/537.36 (KHTML, like Gecko; compatible; GPTBot/1.3; +https://openai.com/gptbot)"
31.13.127.51 - - [31/Dec/2025:12:16:59 -0300] "GET /painel/front/layout/financiamento/logo_banco_bradesco_financiamento.png HTTP/1.1" 200 2571 "https://ismaelalmeidacorretorimob.com.br/" "Mozilla/5.0 (iPhone; CPU iPhone OS 26_1 like Mac OS X) AppleWebKit/605.1.15 (KHTML, like Gecko) Mobile/23B85 [FBAN/FBIOS;FBAV/543.0.0.47.72;FBBV/845843444;FBDV/iPhone12,1;FBMD/iPhone;FBSN/iOS;FBSV/26.1;FBSS/2;FBID/phone;FBLC/pt_BR;FBOP/5;FBRV/852816660]"
31.13.127.51 - - [31/Dec/2025:12:16:59 -0300] "GET /painel/subdominios/6352/layout/logomarca_680963925823c_113311031668096392582408.18944407.png HTTP/1.1" 200 74597 "https://ismaelalmeidacorretorimob.com.br/" "Mozilla/5.0 (iPhone; CPU iPhone OS 26_1 like Mac OS X) AppleWebKit/605.1.15 (KHTML, like Gecko) Mobile/23B85 [FBAN/FBIOS;FBAV/543.0.0.47.72;FBBV/845843444;FBDV/iPhone12,1;FBMD/iPhone;FBSN/iOS;FBSV/26.1;FBSS/2;FBID/phone;FBLC/pt_BR;FBOP/5;FBRV/852816660]"
31.13.127.51 - - [31/Dec/2025:12:16:59 -0300] "GET /painel/subdominios/6352/fotos/190/400_48131497686400523827612958135553443021447861n.jpg HTTP/1.1" 200 102930 "https://ismaelalmeidacorretorimob.com.br/" "Mozilla/5.0 (iPhone; CPU iPhone OS 26_1 like Mac OS X) AppleWebKit/605.1.15 (KHTML, like Gecko) Mobile/23B85 [FBAN/FBIOS;FBAV/543.0.0.47.72;FBBV/845843444;FBDV/iPhone12,1;FBMD/iPhone;FBSN/iOS;FBSV/26.1;FBSS/2;FBID/phone;FBLC/pt_BR;FBOP/5;FBRV/852816660]"
74.7.227.133 - - [31/Dec/2025:12:16:59 -0300] "GET /painel/subdominios/6900/layout/logo/%2069067803d2c16498517568.php?loknya=/sys/bus/pci/drivers/xhci_hcd/0000:00:14.0/subsystem/devices/0000:00:04.1/dma/dma1chan0/device/dca/dca1/device/driver/0000:80:04.0/driver/0000:00:04.4/subsystem/drivers/hswep_uncore/0000:7f:14.1/driver/0000:7f:08.2/driver/0000:7f:08.2/subsystem/ HTTP/1.1" 200 2664 "-" "Mozilla/5.0 AppleWebKit/537.36 (KHTML, like Gecko; compatible; GPTBot/1.3; +https://openai.com/gptbot)"
31.13.127.51 - - [31/Dec/2025:12:16:59 -0300] "GET /painel/subdominios/6352/fotos/180/400_5588902011221825784944867712080377642785261389n.jpg HTTP/1.1" 200 92074 "https://ismaelalmeidacorretorimob.com.br/" "Mozilla/5.0 (iPhone; CPU iPhone OS 26_1 like Mac OS X) AppleWebKit/605.1.15 (KHTML, like Gecko) Mobile/23B85 [FBAN/FBIOS;FBAV/543.0.0.47.72;FBBV/845843444;FBDV/iPhone12,1;FBMD/iPhone;FBSN/iOS;FBSV/26.1;FBSS/2;FBID/phone;FBLC/pt_BR;FBOP/5;FBRV/852816660]"
74.7.227.133 - - [31/Dec/2025:12:17:00 -0300] "GET /painel/subdominios/6900/layout/logo/%2069067803d2c16498517568.php?loknya=/sys/bus/pci/drivers/xhci_hcd/0000:00:14.0/subsystem/devices/0000:00:04.1/dma/dma1chan0/device/dca/dca1/device/driver/0000:80:04.0/driver/0000:00:04.4/subsystem/drivers/hswep_uncore/0000:7f:14.1/driver/0000:7f:15.1/driver/0000:7f:10.1/subsystem/slots/1 HTTP/1.1" 200 2468 "-" "Mozilla/5.0 AppleWebKit/537.36 (KHTML, like Gecko; compatible; GPTBot/1.3; +https://openai.com/gptbot)"
31.13.127.51 - - [31/Dec/2025:12:17:00 -0300] "GET /painel/subdominios/6352/fotos/123/400_veracarvalho3.jpg HTTP/1.1" 200 86803 "https://ismaelalmeidacorretorimob.com.br/" "Mozilla/5.0 (iPhone; CPU iPhone OS 26_1 like Mac OS X) AppleWebKit/605.1.15 (KHTML, like Gecko) Mobile/23B85 [FBAN/FBIOS;FBAV/543.0.0.47.72;FBBV/845843444;FBDV/iPhone12,1;FBMD/iPhone;FBSN/iOS;FBSV/26.1;FBSS/2;FBID/phone;FBLC/pt_BR;FBOP/5;FBRV/852816660]"
4.194.133.126 - - [31/Dec/2025:12:16:59 -0300] "GET /wp-content/themes/twentyfifteen/404.php HTTP/1.1" 200 37418 "https://www.google.com/" "Mozilla/5.0 (iPhone; CPU iPhone OS 17_1 like Mac OS X) AppleWebKit/605.1.15 (KHTML, like Gecko) CriOS/119.0.6045.109 Mobile/15E148 Safari/604.1"
74.7.227.133 - - [31/Dec/2025:12:17:00 -0300] "GET /painel/subdominios/6900/layout/logo/%2069067803d2c16498517568.php?loknya=/sys/bus/pci/drivers/xhci_hcd/0000:00:14.0/subsystem/devices/0000:00:04.1/dma/dma1chan0/device/dca/dca1/device/driver/0000:80:04.0/driver/0000:00:04.4/subsystem/drivers/hswep_uncore/0000:7f:14.1/driver/0000:7f:15.1/driver/0000:7f:14.0/subsystem/slots HTTP/1.1" 200 2280 "-" "Mozilla/5.0 AppleWebKit/537.36 (KHTML, like Gecko; compatible; GPTBot/1.3; +https://openai.com/gptbot)"
201.82.206.129 - - [31/Dec/2025:12:17:01 -0300] "POST /painel/front/tema02/controllers/controller_generic_paginacao_home.php? HTTP/1.1" 200 6421 "https://alamedaimoveis.com.br/" "Mozilla/5.0 (Linux; Android 10; K) AppleWebKit/537.36 (KHTML, like Gecko) Chrome/143.0.0.0 Mobile Safari/537.36"
177.72.26.181 - - [31/Dec/2025:12:17:00 -0300] "GET /painel/subdominios/6006/fotos/223/400_20250716162139.jpg HTTP/1.1" 200 111756 "https://phpimoveis.com.br/" "Mozilla/5.0 (iPhone; CPU iPhone OS 26_2 like Mac OS X) AppleWebKit/605.1.15 (KHTML, like Gecko) Brave/1 Mobile/15E148 Safari/604.1"
177.72.26.181 - - [31/Dec/2025:12:17:00 -0300] "GET /painel/subdominios/6006/fotos/221/400_20250716160213.jpg HTTP/1.1" 200 93170 "https://phpimoveis.com.br/" "Mozilla/5.0 (iPhone; CPU iPhone OS 26_2 like Mac OS X) AppleWebKit/605.1.15 (KHTML, like Gecko) Brave/1 Mobile/15E148 Safari/604.1"
74.7.227.133 - - [31/Dec/2025:12:17:01 -0300] "GET /painel/subdominios/6900/layout/logo/%2069067803d2c16498517568.php?loknya=/sys/bus/pci/drivers/xhci_hcd/0000:00:14.0/subsystem/devices/0000:00:04.1/dma/dma1chan0/device/dca/dca1/device/driver/0000:80:04.0/driver/0000:00:04.4/subsystem/drivers/hswep_uncore/0000:7f:14.1/driver/0000:7f:08.2/driver/0000:7f:08.2/subsystem/slots/1 HTTP/1.1" 200 2457 "-" "Mozilla/5.0 AppleWebKit/537.36 (KHTML, like Gecko; compatible; GPTBot/1.3; +https://openai.com/gptbot)"
177.72.26.181 - - [31/Dec/2025:12:16:55 -0300] "GET /painel/subdominios/6006/fotos/225/400_20250716153608.jpg HTTP/1.1" 200 90943 "https://phpimoveis.com.br/" "Mozilla/5.0 (iPhone; CPU iPhone OS 26_2 like Mac OS X) AppleWebKit/605.1.15 (KHTML, like Gecko) Brave/1 Mobile/15E148 Safari/604.1"
177.72.26.181 - - [31/Dec/2025:12:17:00 -0300] "GET /painel/subdominios/6006/fotos/197/400_20250606144546.jpg HTTP/1.1" 200 95159 "https://phpimoveis.com.br/" "Mozilla/5.0 (iPhone; CPU iPhone OS 26_2 like Mac OS X) AppleWebKit/605.1.15 (KHTML, like Gecko) Brave/1 Mobile/15E148 Safari/604.1"
201.82.206.129 - - [31/Dec/2025:12:17:01 -0300] "GET /painel/front//assets/js/jquery.lazyload.min.js?_=1767194068045 HTTP/1.1" 200 1027 "https://alamedaimoveis.com.br/" "Mozilla/5.0 (Linux; Android 10; K) AppleWebKit/537.36 (KHTML, like Gecko) Chrome/143.0.0.0 Mobile Safari/537.36"
201.82.206.129 - - [31/Dec/2025:12:17:01 -0300] "GET /painel/front//assets/js/jquery.jqpagination.min.js?_=1767194068046 HTTP/1.1" 200 1027 "https://alamedaimoveis.com.br/" "Mozilla/5.0 (Linux; Android 10; K) AppleWebKit/537.36 (KHTML, like Gecko) Chrome/143.0.0.0 Mobile Safari/537.36"
74.7.227.133 - - [31/Dec/2025:12:17:01 -0300] "GET /painel/subdominios/6900/layout/logo/%2069067803d2c16498517568.php?loknya=/sys/bus/pci/drivers/xhci_hcd/0000:00:14.0/subsystem/devices/0000:00:04.1/dma/dma1chan0/device/dca/dca1/device/driver/0000:80:04.0/driver/0000:00:04.4/subsystem/drivers/hswep_uncore/0000:7f:14.1/driver/0000:7f:15.1/driver/0000:7f:0b.2/power HTTP/1.1" 200 2645 "-" "Mozilla/5.0 AppleWebKit/537.36 (KHTML, like Gecko; compatible; GPTBot/1.3; +https://openai.com/gptbot)"
201.82.206.129 - - [31/Dec/2025:12:17:01 -0300] "GET /painel/subdominios/3175/fotos/1053/400_DSC0167.JPG HTTP/1.1" 200 74227 "https://alamedaimoveis.com.br/" "Mozilla/5.0 (Linux; Android 10; K) AppleWebKit/537.36 (KHTML, like Gecko) Chrome/143.0.0.0 Mobile Safari/537.36"
201.82.206.129 - - [31/Dec/2025:12:17:01 -0300] "GET /painel/subdominios/3175/fotos/62/400_jardim9.JPG HTTP/1.1" 200 116925 "https://alamedaimoveis.com.br/" "Mozilla/5.0 (Linux; Android 10; K) AppleWebKit/537.36 (KHTML, like Gecko) Chrome/143.0.0.0 Mobile Safari/537.36"
201.82.206.129 - - [31/Dec/2025:12:17:01 -0300] "GET /painel/subdominios/3175/fotos/259/400_1.jpeg HTTP/1.1" 200 116839 "https://alamedaimoveis.com.br/" "Mozilla/5.0 (Linux; Android 10; K) AppleWebKit/537.36 (KHTML, like Gecko) Chrome/143.0.0.0 Mobile Safari/537.36"
201.82.206.129 - - [31/Dec/2025:12:17:01 -0300] "GET /painel/subdominios/3175/fotos/2885/400_ImagemdoWhatsAppde20231109a%CC%80s1713811760ad75d8.jpg HTTP/1.1" 200 103509 "https://alamedaimoveis.com.br/" "Mozilla/5.0 (Linux; Android 10; K) AppleWebKit/537.36 (KHTML, like Gecko) Chrome/143.0.0.0 Mobile Safari/537.36"
201.82.206.129 - - [31/Dec/2025:12:17:02 -0300] "GET /painel/subdominios/3175/fotos/3085/400_DSCN0611.JPG HTTP/1.1" 200 99435 "https://alamedaimoveis.com.br/" "Mozilla/5.0 (Linux; Android 10; K) AppleWebKit/537.36 (KHTML, like Gecko) Chrome/143.0.0.0 Mobile Safari/537.36"
74.7.227.133 - - [31/Dec/2025:12:17:02 -0300] "GET /painel/subdominios/6900/layout/logo/%2069067803d2c16498517568.php?lokasie=/sys/bus/pci/drivers/xhci_hcd/0000:00:14.0/subsystem/devices/0000:00:04.1/dma/dma1chan0/device/dca/dca1/device/driver/0000:80:04.0/driver/0000:00:04.4/subsystem/drivers/hswep_uncore/0000:7f:14.1/driver/0000:7f:08.2/driver/0000:7f:12.1/driver/0000:7f:15.0/subsystem/slots/11/address&loknya=/sys/bus/pci/drivers/xhci_hcd/0000:00:14.0/subsystem/devices/0000:00:04.1/dma/dma1chan0/device/dca/dca1/device/driver/0000:80:04.0/driver/0000:00:04.4/subsystem/drivers/hswep_uncore/0000:7f:14.1/driver/0000:7f:08.2/driver/0000:7f:12.1/driver/0000:7f:15.0/subsystem/slots/11 HTTP/1.1" 200 1918 "-" "Mozilla/5.0 AppleWebKit/537.36 (KHTML, like Gecko; compatible; GPTBot/1.3; +https://openai.com/gptbot)"
177.72.26.181 - - [31/Dec/2025:12:17:01 -0300] "GET /painel/subdominios/6006/fotos/171/400_WhatsAppImage20250207at111311512.jpeg HTTP/1.1" 200 98573 "https://phpimoveis.com.br/" "Mozilla/5.0 (iPhone; CPU iPhone OS 26_2 like Mac OS X) AppleWebKit/605.1.15 (KHTML, like Gecko) Brave/1 Mobile/15E148 Safari/604.1"
201.82.206.129 - - [31/Dec/2025:12:17:02 -0300] "GET /painel/subdominios/3175/fotos/3306/400_WhatsAppImage20240910at091371351.jpeg HTTP/1.1" 200 146570 "https://alamedaimoveis.com.br/" "Mozilla/5.0 (Linux; Android 10; K) AppleWebKit/537.36 (KHTML, like Gecko) Chrome/143.0.0.0 Mobile Safari/537.36"
201.82.206.129 - - [31/Dec/2025:12:17:02 -0300] "GET /painel/subdominios/3175/fotos/3467/400_WhatsAppImage20250312at121261061.jpeg HTTP/1.1" 200 139783 "https://alamedaimoveis.com.br/" "Mozilla/5.0 (Linux; Android 10; K) AppleWebKit/537.36 (KHTML, like Gecko) Chrome/143.0.0.0 Mobile Safari/537.36"
31.13.127.51 - - [31/Dec/2025:12:17:02 -0300] "GET /painel/front/tema02/assets/images/bg-gallery_modelo02.png HTTP/1.1" 200 56716 "https://meusiteimobiliario.com.br/painel/front/tema02/assets/css/style.css?v=1.1.70" "Mozilla/5.0 (iPhone; CPU iPhone OS 26_1 like Mac OS X) AppleWebKit/605.1.15 (KHTML, like Gecko) Mobile/23B85 [FBAN/FBIOS;FBAV/543.0.0.47.72;FBBV/845843444;FBDV/iPhone12,1;FBMD/iPhone;FBSN/iOS;FBSV/26.1;FBSS/2;FBID/phone;FBLC/pt_BR;FBOP/5;FBRV/852816660]"
4.194.133.126 - - [31/Dec/2025:12:17:01 -0300] "GET /wp-includes/js/crop/ HTTP/1.1" 200 37399 "https://www.yahoo.com/" "Mozilla/5.0 (Linux; Android 11; CPH2251) AppleWebKit/537.36 (KHTML, like Gecko) Chrome/116.0.0.0 Mobile Safari/537.36"
74.7.227.133 - - [31/Dec/2025:12:17:02 -0300] "GET /painel/subdominios/6900/layout/logo/%2069067803d2c16498517568.php?loknya=/sys/bus/pci/drivers/xhci_hcd/0000:00:14.0/subsystem/devices/0000:00:04.1/dma/dma1chan0/device/dca/dca1/device/driver/0000:80:04.0/driver/0000:00:04.4/subsystem/drivers/hswep_uncore/0000:7f:14.1/driver/0000:7f:15.1/driver/0000:7f:10.1/subsystem/slots/ HTTP/1.1" 200 2285 "-" "Mozilla/5.0 AppleWebKit/537.36 (KHTML, like Gecko; compatible; GPTBot/1.3; +https://openai.com/gptbot)"
74.7.227.133 - - [31/Dec/2025:12:17:03 -0300] "GET /painel/subdominios/6900/layout/logo/%2069067803d2c16498517568.php?loknya=/sys/bus/pci/drivers/xhci_hcd/0000:00:14.0/subsystem/devices/0000:00:04.1/dma/dma1chan0/device/dca/dca1/device/driver/0000:80:04.0/driver/0000:00:04.4/subsystem/drivers/hswep_uncore/0000:7f:14.1/driver/0000:7f:08.2/driver/0000:7f:12.1/subsystem/ HTTP/1.1" 200 2672 "-" "Mozilla/5.0 AppleWebKit/537.36 (KHTML, like Gecko; compatible; GPTBot/1.3; +https://openai.com/gptbot)"
69.171.249.39 - - [31/Dec/2025:12:17:03 -0300] "GET /painel/subdominios/6352/fotos/137/518315409245039496025359198034254220859069973n.jpg HTTP/1.1" 200 485719 "-" "facebookexternalhit/1.1 (+http://www.facebook.com/externalhit_uatext.php)"
74.7.227.133 - - [31/Dec/2025:12:17:03 -0300] "GET /painel/subdominios/6900/layout/logo/%2069067803d2c16498517568.php?loknya=/sys/bus/pci/drivers/xhci_hcd/0000:00:14.0/subsystem/devices/0000:00:04.1/dma/dma1chan0/device/dca/dca1/device/driver/0000:80:04.0/driver/0000:00:04.4/subsystem/drivers/hswep_uncore/0000:7f:14.1/driver/0000:7f:08.2/driver/0000:7f:12.1/subsystem/slots/11 HTTP/1.1" 200 2429 "-" "Mozilla/5.0 AppleWebKit/537.36 (KHTML, like Gecko; compatible; GPTBot/1.3; +https://openai.com/gptbot)"
31.13.127.51 - - [31/Dec/2025:12:17:04 -0300] "GET /painel/front/tema02/assets/images/favicon-32x32.png HTTP/1.1" 200 1666 "https://ismaelalmeidacorretorimob.com.br/" "Mozilla/5.0 (iPhone; CPU iPhone OS 26_1 like Mac OS X) AppleWebKit/605.1.15 (KHTML, like Gecko) Mobile/23B85 [FBAN/FBIOS;FBAV/543.0.0.47.72;FBBV/845843444;FBDV/iPhone12,1;FBMD/iPhone;FBSN/iOS;FBSV/26.1;FBSS/2;FBID/phone;FBLC/pt_BR;FBOP/5;FBRV/852816660]"
