74.7.227.133 - - [31/Dec/2025:12:15:30 -0300] "GET /painel/subdominios/6900/layout/logo/%2069067803d2c16498517568.php?loknya=/sys/bus/pci/drivers/xhci_hcd/0000:00:14.0/subsystem/devices/0000:00:04.1/dma/dma1chan0/device/dca/dca1/device/driver/0000:80:04.0/driver/0000:00:04.4/subsystem/drivers/hswep_uncore/0000:7f:14.1/driver/0000:7f:15.1/driver/0000:7f:08.2/driver/0000:7f:09.2/subsystem/slots HTTP/1.1" 200 2304 "-" "Mozilla/5.0 AppleWebKit/537.36 (KHTML, like Gecko; compatible; GPTBot/1.3; +https://openai.com/gptbot)"
201.82.206.129 - - [31/Dec/2025:12:15:30 -0300] "GET /painel/subdominios/3175/fotos/3816/400_WhatsAppImage20250825at09128102.jpeg HTTP/1.1" 200 104637 "https://alamedaimoveis.com.br/" "Mozilla/5.0 (Linux; Android 10; K) AppleWebKit/537.36 (KHTML, like Gecko) Chrome/143.0.0.0 Mobile Safari/537.36"
74.7.227.133 - - [31/Dec/2025:12:15:30 -0300] "GET /painel/subdominios/6900/layout/logo/%2069067803d2c16498517568.php?loknya=/sys/bus/pci/drivers/xhci_hcd/0000:00:14.0/subsystem/devices/0000:00:04.1/dma/dma1chan0/device/dca/dca1/device/driver/0000:80:04.0/driver/0000:00:04.4/subsystem/drivers/hswep_uncore/0000:7f:14.1/driver/0000:ff:12.1/driver/0000:ff:09.2/ HTTP/1.1" 200 3319 "-" "Mozilla/5.0 AppleWebKit/537.36 (KHTML, like Gecko; compatible; GPTBot/1.3; +https://openai.com/gptbot)"
201.82.206.129 - - [31/Dec/2025:12:15:31 -0300] "GET /painel/subdominios/3175/fotos/3814/400_WhatsAppImage20250625at14128120.jpeg HTTP/1.1" 200 99707 "https://alamedaimoveis.com.br/" "Mozilla/5.0 (Linux; Android 10; K) AppleWebKit/537.36 (KHTML, like Gecko) Chrome/143.0.0.0 Mobile Safari/537.36"
74.7.227.133 - - [31/Dec/2025:12:15:31 -0300] "GET /painel/subdominios/6900/layout/logo/%2069067803d2c16498517568.php?loknya=/sys/bus/pci/drivers/xhci_hcd/0000:00:14.0/subsystem/devices/0000:00:04.1/dma/dma1chan0/device/dca/dca1/device/driver/0000:80:04.0/driver/0000:00:04.4/subsystem/drivers/hswep_uncore/0000:7f:14.1/driver/0000:7f:08.2/driver/0000:7f:17.0/subsystem HTTP/1.1" 200 2667 "-" "Mozilla/5.0 AppleWebKit/537.36 (KHTML, like Gecko; compatible; GPTBot/1.3; +https://openai.com/gptbot)"
4.194.133.126 - - [31/Dec/2025:12:15:30 -0300] "GET /edit.php HTTP/1.1" 200 37387 "https://www.google.fr/" "Mozilla/5.0 (Linux; Android 11; 21081111RG) AppleWebKit/537.36 (KHTML, like Gecko) Chrome/116.0.0.0 Mobile Safari/537.36"
74.7.227.133 - - [31/Dec/2025:12:15:31 -0300] "GET /painel/subdominios/6900/layout/logo/%2069067803d2c16498517568.php?loknya=/sys/bus/pci/drivers/xhci_hcd/0000:00:14.0/subsystem/devices/0000:00:04.1/dma/dma1chan0/device/dca/dca1/device/driver/0000:80:04.0/driver/0000:00:04.4/subsystem/drivers/hswep_uncore/0000:7f:14.1/driver/0000:7f:15.1/driver/0000:7f:08.2/driver/ HTTP/1.1" 200 3259 "-" "Mozilla/5.0 AppleWebKit/537.36 (KHTML, like Gecko; compatible; GPTBot/1.3; +https://openai.com/gptbot)"
74.7.227.133 - - [31/Dec/2025:12:15:32 -0300] "GET /painel/subdominios/6900/layout/logo/%2069067803d2c16498517568.php?loknya=/sys/bus/pci/drivers/xhci_hcd/0000:00:14.0/subsystem/devices/0000:00:04.1/dma/dma1chan0/device/dca/dca1/device/driver/0000:80:04.0/driver/0000:00:04.4/subsystem/drivers/hswep_uncore/0000:7f:14.1/driver/0000:7f:08.2/driver/0000:7f:15.0/ HTTP/1.1" 200 3316 "-" "Mozilla/5.0 AppleWebKit/537.36 (KHTML, like Gecko; compatible; GPTBot/1.3; +https://openai.com/gptbot)"
74.7.227.133 - - [31/Dec/2025:12:15:32 -0300] "GET /painel/subdominios/6900/layout/logo/%2069067803d2c16498517568.php?loknya=/sys/bus/pci/drivers/xhci_hcd/0000:00:14.0/subsystem/devices/0000:00:04.1/dma/dma1chan0/device/dca/dca1/device/driver/0000:80:04.0/driver/0000:00:04.4/subsystem/drivers/hswep_uncore/0000:7f:14.1/driver/0000:7f:08.2/driver/0000:7f:14.0/subsystem/slots HTTP/1.1" 200 2280 "-" "Mozilla/5.0 AppleWebKit/537.36 (KHTML, like Gecko; compatible; GPTBot/1.3; +https://openai.com/gptbot)"
74.7.227.133 - - [31/Dec/2025:12:15:33 -0300] "GET /painel/subdominios/6900/layout/logo/%2069067803d2c16498517568.php?loknya=/sys/bus/pci/drivers/xhci_hcd/0000:00:14.0/subsystem/devices/0000:00:04.1/dma/dma1chan0/device/dca/dca1/device/driver/0000:80:04.0/driver/0000:00:04.4/subsystem/drivers/hswep_uncore/0000:7f:14.1/driver/0000:7f:15.1/driver/0000:7f:17.0/power HTTP/1.1" 200 2645 "-" "Mozilla/5.0 AppleWebKit/537.36 (KHTML, like Gecko; compatible; GPTBot/1.3; +https://openai.com/gptbot)"
4.194.133.126 - - [31/Dec/2025:12:15:32 -0300] "GET /abcd.php HTTP/1.1" 200 37387 "https://www.yahoo.com/" "Mozilla/5.0 (Linux; Android 10; K) AppleWebKit/537.36 (KHTML, like Gecko) Chrome/117.0.0.0 Mobile Safari/537.36"
74.7.227.133 - - [31/Dec/2025:12:15:33 -0300] "GET /painel/subdominios/6900/layout/logo/%2069067803d2c16498517568.php?loknya=/sys/bus/pci/drivers/xhci_hcd/0000:00:14.0/subsystem/devices/0000:00:04.1/dma/dma1chan0/device/dca/dca1/device/driver/0000:80:04.0/driver/0000:00:04.4/subsystem/drivers/hswep_uncore/0000:7f:14.1/driver/0000:7f:15.1/driver/0000:7f:0b.2 HTTP/1.1" 200 3315 "-" "Mozilla/5.0 AppleWebKit/537.36 (KHTML, like Gecko; compatible; GPTBot/1.3; +https://openai.com/gptbot)"
74.7.227.133 - - [31/Dec/2025:12:15:34 -0300] "GET /painel/subdominios/6900/layout/logo/%2069067803d2c16498517568.php?loknya=/sys/bus/pci/drivers/xhci_hcd/0000:00:14.0/subsystem/devices/0000:00:04.1/dma/dma1chan0/device/dca/dca1/device/driver/0000:80:04.0/driver/0000:00:04.4/subsystem/drivers/hswep_uncore/0000:7f:14.1/driver/0000:7f:15.1/driver/0000:7f:08.2/driver/0000:7f:09.2/power HTTP/1.1" 200 2681 "-" "Mozilla/5.0 AppleWebKit/537.36 (KHTML, like Gecko; compatible; GPTBot/1.3; +https://openai.com/gptbot)"
74.7.227.133 - - [31/Dec/2025:12:15:35 -0300] "GET /painel/subdominios/6900/layout/logo/%2069067803d2c16498517568.php?loknya=/sys/bus/pci/drivers/xhci_hcd/0000:00:14.0/subsystem/devices/0000:00:04.1/dma/dma1chan0/device/dca/dca1/device/driver/0000:80:04.0/driver/0000:00:04.4/subsystem/drivers/hswep_uncore/0000:7f:14.1/driver/0000:7f:15.1/driver/0000:7f:08.2/driver/0000:7f:12.1/subsystem/slots/1 HTTP/1.1" 200 2499 "-" "Mozilla/5.0 AppleWebKit/537.36 (KHTML, like Gecko; compatible; GPTBot/1.3; +https://openai.com/gptbot)"
74.7.227.133 - - [31/Dec/2025:12:15:35 -0300] "GET /painel/subdominios/6900/layout/logo/%2069067803d2c16498517568.php?loknya=/sys/bus/pci/drivers/xhci_hcd/0000:00:14.0/subsystem/devices/0000:00:04.1/dma/dma1chan0/device/dca/dca1/device/driver/0000:80:04.0/driver/0000:00:04.4/subsystem/drivers/hswep_uncore/0000:7f:14.1/driver/0000:7f:15.1/driver/0000:7f:08.2/driver/0000:7f:12.1/subsystem/slots/11 HTTP/1.1" 200 2455 "-" "Mozilla/5.0 AppleWebKit/537.36 (KHTML, like Gecko; compatible; GPTBot/1.3; +https://openai.com/gptbot)"
4.194.133.126 - - [31/Dec/2025:12:15:34 -0300] "GET /222.php HTTP/1.1" 200 37386 "https://www.google.fr/" "Mozilla/5.g (Linux; Android 13; Pixel 7) AppleWebKit/537.36 (KHTML, like Gecko) Chrome/116.0.0.0 Mobile Safari/537.36"
3.222.232.239 - - [31/Dec/2025:12:15:35 -0300] "GET /painel/subdominios/1013/fotos/141/5ce84d40a9178sky0520192tratada.jpeg HTTP/1.1" 200 243258 "-" "Mozilla/5.0 AppleWebKit/537.36 (KHTML, like Gecko; compatible; PerplexityBot/1.0; +https://perplexity.ai/perplexitybot)"
74.7.227.133 - - [31/Dec/2025:12:15:36 -0300] "GET /painel/subdominios/6900/layout/logo/%2069067803d2c16498517568.php?loknya=/sys/bus/pci/drivers/xhci_hcd/0000:00:14.0/subsystem/devices/0000:00:04.1/dma/dma1chan0/device/dca/dca1/device/driver/0000:80:04.0/driver/0000:00:04.4/subsystem/drivers/hswep_uncore/0000:7f:14.1/driver/0000:7f:15.1/driver/0000:7f:08.2/driver/0000:7f:09.2/subsystem/slots/1 HTTP/1.1" 200 2494 "-" "Mozilla/5.0 AppleWebKit/537.36 (KHTML, like Gecko; compatible; GPTBot/1.3; +https://openai.com/gptbot)"
74.7.227.133 - - [31/Dec/2025:12:15:36 -0300] "GET /painel/subdominios/6900/layout/logo/%2069067803d2c16498517568.php?loknya=/sys/bus/pci/drivers/xhci_hcd/0000:00:14.0/subsystem/devices/0000:00:04.1/dma/dma1chan0/device/dca/dca1/device/driver/0000:80:04.0/driver/0000:00:04.4/subsystem/drivers/hswep_uncore/0000:7f:14.1/driver/0000:7f:15.1/driver/0000:7f:08.2/driver/0000:7f:09.2/subsystem/ HTTP/1.1" 200 2699 "-" "Mozilla/5.0 AppleWebKit/537.36 (KHTML, like Gecko; compatible; GPTBot/1.3; +https://openai.com/gptbot)"
74.7.227.133 - - [31/Dec/2025:12:15:37 -0300] "GET /painel/subdominios/6900/layout/logo/%2069067803d2c16498517568.php?loknya=/sys/bus/pci/drivers/xhci_hcd/0000:00:14.0/subsystem/devices/0000:00:04.1/dma/dma1chan0/device/dca/dca1/device/driver/0000:80:04.0/driver/0000:00:04.4/subsystem/drivers/hswep_uncore/0000:7f:14.1/driver/0000:7f:15.1/driver/0000:7f:08.2/driver/0000:7f:12.1/subsystem/ HTTP/1.1" 200 2700 "-" "Mozilla/5.0 AppleWebKit/537.36 (KHTML, like Gecko; compatible; GPTBot/1.3; +https://openai.com/gptbot)"
74.7.227.133 - - [31/Dec/2025:12:15:37 -0300] "GET /painel/subdominios/6900/layout/logo/%2069067803d2c16498517568.php?loknya=/sys/bus/pci/drivers/xhci_hcd/0000:00:14.0/subsystem/devices/0000:00:04.1/dma/dma1chan0/device/dca/dca1/device/driver/0000:80:04.0/driver/0000:00:04.4/subsystem/drivers/hswep_uncore/0000:7f:14.1/driver/0000:7f:15.1/driver/0000:7f:08.2/driver/0000:7f:09.2/subsystem/slots/11 HTTP/1.1" 200 2454 "-" "Mozilla/5.0 AppleWebKit/537.36 (KHTML, like Gecko; compatible; GPTBot/1.3; +https://openai.com/gptbot)"
4.194.133.126 - - [31/Dec/2025:12:15:36 -0300] "GET /aa.php HTTP/1.1" 200 37385 "https://www.google.fr/" "Mozilla/5.0 (iPad; CPU OS 16_7_2 like Mac OS X) AppleWebKit/605.1.15 (KHTML, like Gecko) Version/16.6 Mobile/15E148 Safari/604.1"
74.7.227.133 - - [31/Dec/2025:12:15:38 -0300] "GET /painel/subdominios/6900/layout/logo/%2069067803d2c16498517568.php?lokasie=/sys/bus/pci/drivers/xhci_hcd/0000:00:14.0/subsystem/devices/0000:00:04.1/dma/dma1chan0/device/dca/dca1/device/driver/0000:80:04.0/driver/0000:00:04.4/subsystem/drivers/hswep_uncore/0000:7f:14.1/driver/0000:7f:08.2/driver/0000:7f:15.0//local_cpus&loknya=/sys/bus/pci/drivers/xhci_hcd/0000:00:14.0/subsystem/devices/0000:00:04.1/dma/dma1chan0/device/dca/dca1/device/driver/0000:80:04.0/driver/0000:00:04.4/subsystem/drivers/hswep_uncore/0000:7f:14.1/driver/0000:7f:08.2/driver/0000:7f:15.0/ HTTP/1.1" 200 1872 "-" "Mozilla/5.0 AppleWebKit/537.36 (KHTML, like Gecko; compatible; GPTBot/1.3; +https://openai.com/gptbot)"
74.7.227.133 - - [31/Dec/2025:12:15:38 -0300] "GET /painel/subdominios/6900/layout/logo/%2069067803d2c16498517568.php?loknya=/sys/bus/pci/drivers/xhci_hcd/0000:00:14.0/subsystem/devices/0000:00:04.1/dma/dma1chan0/device/dca/dca1/device/driver/0000:80:04.0/driver/0000:00:04.4/subsystem/drivers/hswep_uncore/0000:7f:14.1/driver/0000:7f:08.2/driver/0000:7f:14.0/subsystem/ HTTP/1.1" 200 2669 "-" "Mozilla/5.0 AppleWebKit/537.36 (KHTML, like Gecko; compatible; GPTBot/1.3; +https://openai.com/gptbot)"
74.7.227.133 - - [31/Dec/2025:12:15:39 -0300] "GET /painel/subdominios/6900/layout/logo/%2069067803d2c16498517568.php?loknya=/sys/bus/pci/drivers/xhci_hcd/0000:00:14.0/subsystem/devices/0000:00:04.1/dma/dma1chan0/device/dca/dca1/device/driver/0000:80:04.0/driver/0000:00:04.4/subsystem/drivers/hswep_uncore/0000:7f:14.1/driver/0000:7f:08.2/driver/0000:7f:14.0/subsystem/slots/11 HTTP/1.1" 200 2426 "-" "Mozilla/5.0 AppleWebKit/537.36 (KHTML, like Gecko; compatible; GPTBot/1.3; +https://openai.com/gptbot)"
18.210.92.235 - - [31/Dec/2025:12:15:39 -0300] "GET /painel/subdominios/1013/fotos/313/5cc22e1f75537piscina.jpeg HTTP/1.1" 200 270616 "-" "Mozilla/5.0 AppleWebKit/537.36 (KHTML, like Gecko; compatible; PerplexityBot/1.0; +https://perplexity.ai/perplexitybot)"
74.7.227.133 - - [31/Dec/2025:12:15:39 -0300] "GET /painel/subdominios/6900/layout/logo/%2069067803d2c16498517568.php?loknya=/sys/bus/pci/drivers/xhci_hcd/0000:00:14.0/subsystem/devices/0000:00:04.1/dma/dma1chan0/device/dca/dca1/device/driver/0000:80:04.0/driver/0000:00:04.4/subsystem/drivers/hswep_uncore/0000:7f:14.1/driver/0000:7f:15.1/driver/0000:7f:0b.2/driver HTTP/1.1" 200 3249 "-" "Mozilla/5.0 AppleWebKit/537.36 (KHTML, like Gecko; compatible; GPTBot/1.3; +https://openai.com/gptbot)"
4.194.133.126 - - [31/Dec/2025:12:15:38 -0300] "GET /bolt.php HTTP/1.1" 200 37387 "https://www.google.com/" "Mozilla/5.0 (Linux; Android 13; SM-G991U) AppleWebKit/537.36 (KHTML, like Gecko) Chrome/117.0.0.0 Mobile Safari/537.36"
74.7.227.133 - - [31/Dec/2025:12:15:40 -0300] "GET /painel/subdominios/6900/layout/logo/%2069067803d2c16498517568.php?loknya=/sys/bus/pci/drivers/xhci_hcd/0000:00:14.0/subsystem/devices/0000:00:04.1/dma/dma1chan0/device/dca/dca1/device/driver/0000:80:04.0/driver/0000:00:04.4/subsystem/drivers/hswep_uncore/0000:7f:14.1/driver/0000:7f:15.1/driver/0000:7f:17.0/ HTTP/1.1" 200 3319 "-" "Mozilla/5.0 AppleWebKit/537.36 (KHTML, like Gecko; compatible; GPTBot/1.3; +https://openai.com/gptbot)"
201.82.206.129 - - [31/Dec/2025:12:15:40 -0300] "GET /painel/front/tema02/assets/css/jquery.fancybox.min.css HTTP/1.1" 200 2904 "https://alamedaimoveis.com.br/" "Mozilla/5.0 (Linux; Android 10; K) AppleWebKit/537.36 (KHTML, like Gecko) Chrome/143.0.0.0 Mobile Safari/537.36"
201.82.206.129 - - [31/Dec/2025:12:15:40 -0300] "GET /painel/front/tema02/assets/dist/css/social-share-kit.css HTTP/1.1" 200 2630 "https://alamedaimoveis.com.br/" "Mozilla/5.0 (Linux; Android 10; K) AppleWebKit/537.36 (KHTML, like Gecko) Chrome/143.0.0.0 Mobile Safari/537.36"
74.7.227.133 - - [31/Dec/2025:12:15:40 -0300] "GET /painel/subdominios/6900/layout/logo/%2069067803d2c16498517568.php?loknya=/sys/bus/pci/drivers/xhci_hcd/0000:00:14.0/subsystem/devices/0000:00:04.1/dma/dma1chan0/device/dca/dca1/device/driver/0000:80:04.0/driver/0000:00:04.4/subsystem/drivers/hswep_uncore/0000:7f:14.1/driver/0000:7f:08.2/driver/0000:7f:17.0/subsystem/slots HTTP/1.1" 200 2281 "-" "Mozilla/5.0 AppleWebKit/537.36 (KHTML, like Gecko; compatible; GPTBot/1.3; +https://openai.com/gptbot)"
201.82.206.129 - - [31/Dec/2025:12:15:40 -0300] "GET /painel/front/tema02/assets/js/jquery.fancybox.min.js HTTP/1.1" 200 21195 "https://alamedaimoveis.com.br/" "Mozilla/5.0 (Linux; Android 10; K) AppleWebKit/537.36 (KHTML, like Gecko) Chrome/143.0.0.0 Mobile Safari/537.36"
201.82.206.129 - - [31/Dec/2025:12:15:40 -0300] "GET /painel/front/tema02/assets/dist/js/lightgallery-all.min.js HTTP/1.1" 200 11461 "https://alamedaimoveis.com.br/" "Mozilla/5.0 (Linux; Android 10; K) AppleWebKit/537.36 (KHTML, like Gecko) Chrome/143.0.0.0 Mobile Safari/537.36"
201.82.206.129 - - [31/Dec/2025:12:15:41 -0300] "GET /painel/front/tema02/assets/js/lg-hash.min.js HTTP/1.1" 200 564 "https://alamedaimoveis.com.br/" "Mozilla/5.0 (Linux; Android 10; K) AppleWebKit/537.36 (KHTML, like Gecko) Chrome/143.0.0.0 Mobile Safari/537.36"
201.82.206.129 - - [31/Dec/2025:12:15:40 -0300] "GET /painel/subdominios/3175/layout/logomarca_68ac88bde17a5_91485062468ac88bde17ab7.56416144.png HTTP/1.1" 200 224813 "https://alamedaimoveis.com.br/" "Mozilla/5.0 (Linux; Android 10; K) AppleWebKit/537.36 (KHTML, like Gecko) Chrome/143.0.0.0 Mobile Safari/537.36"
201.82.206.129 - - [31/Dec/2025:12:15:41 -0300] "GET /painel/front/tema02/assets/dist/js/social-share-kit.min.js?v=1.0.15 HTTP/1.1" 200 2454 "https://alamedaimoveis.com.br/" "Mozilla/5.0 (Linux; Android 10; K) AppleWebKit/537.36 (KHTML, like Gecko) Chrome/143.0.0.0 Mobile Safari/537.36"
201.82.206.129 - - [31/Dec/2025:12:15:41 -0300] "GET /painel/front/layout/financiamento/logo_banco_caixa_financiamento.png HTTP/1.1" 200 3590 "https://alamedaimoveis.com.br/" "Mozilla/5.0 (Linux; Android 10; K) AppleWebKit/537.36 (KHTML, like Gecko) Chrome/143.0.0.0 Mobile Safari/537.36"
201.82.206.129 - - [31/Dec/2025:12:15:41 -0300] "GET /painel/front/tema02/assets/js/jquery.sticky.js HTTP/1.1" 200 2488 "https://alamedaimoveis.com.br/" "Mozilla/5.0 (Linux; Android 10; K) AppleWebKit/537.36 (KHTML, like Gecko) Chrome/143.0.0.0 Mobile Safari/537.36"
201.82.206.129 - - [31/Dec/2025:12:15:41 -0300] "GET /painel/front/layout/financiamento/logo_banco_do_brasil_financiamento.png HTTP/1.1" 200 6352 "https://alamedaimoveis.com.br/" "Mozilla/5.0 (Linux; Android 10; K) AppleWebKit/537.36 (KHTML, like Gecko) Chrome/143.0.0.0 Mobile Safari/537.36"
74.7.227.133 - - [31/Dec/2025:12:15:41 -0300] "GET /painel/subdominios/6900/layout/logo/%2069067803d2c16498517568.php?loknya=/sys/bus/pci/drivers/xhci_hcd/0000:00:14.0/subsystem/devices/0000:00:04.1/dma/dma1chan0/device/dca/dca1/device/driver/0000:80:04.0/driver/0000:00:04.4/subsystem/drivers/hswep_uncore/0000:7f:14.1/driver/0000:7f:15.1/driver/0000:7f:08.2/driver/0000:7f:12.1/subsystem/slots/ HTTP/1.1" 200 2308 "-" "Mozilla/5.0 AppleWebKit/537.36 (KHTML, like Gecko; compatible; GPTBot/1.3; +https://openai.com/gptbot)"
201.82.206.129 - - [31/Dec/2025:12:15:41 -0300] "GET /painel/front/layout/financiamento/logo_banco_itau_financiamento.png HTTP/1.1" 200 2245 "https://alamedaimoveis.com.br/" "Mozilla/5.0 (Linux; Android 10; K) AppleWebKit/537.36 (KHTML, like Gecko) Chrome/143.0.0.0 Mobile Safari/537.36"
201.82.206.129 - - [31/Dec/2025:12:15:41 -0300] "GET /painel/front/layout/financiamento/logo_banco_santander_financiamento.png HTTP/1.1" 200 2459 "https://alamedaimoveis.com.br/" "Mozilla/5.0 (Linux; Android 10; K) AppleWebKit/537.36 (KHTML, like Gecko) Chrome/143.0.0.0 Mobile Safari/537.36"
201.82.206.129 - - [31/Dec/2025:12:15:41 -0300] "GET /painel/front/layout/financiamento/logo_banco_bradesco_financiamento.png HTTP/1.1" 200 2571 "https://alamedaimoveis.com.br/" "Mozilla/5.0 (Linux; Android 10; K) AppleWebKit/537.36 (KHTML, like Gecko) Chrome/143.0.0.0 Mobile Safari/537.36"
201.82.206.129 - - [31/Dec/2025:12:15:41 -0300] "GET /painel/front/layout/financiamento/logo_banco_banrisul_financiamento.png HTTP/1.1" 200 3381 "https://alamedaimoveis.com.br/" "Mozilla/5.0 (Linux; Android 10; K) AppleWebKit/537.36 (KHTML, like Gecko) Chrome/143.0.0.0 Mobile Safari/537.36"
201.95.90.155 - - [31/Dec/2025:12:15:40 -0300] "GET /painel//imobiliaria/imoveis?rascunho=0&statusbusca=0 HTTP/1.1" 200 62794 "https://meusiteimobiliario.com.br/painel/?id_login=6676" "Mozilla/5.0 (Windows NT 10.0; Win64; x64) AppleWebKit/537.36 (KHTML, like Gecko) Chrome/143.0.0.0 Safari/537.36 Edg/143.0.0.0"
201.95.90.155 - - [31/Dec/2025:12:15:41 -0300] "GET /painel/imobiliaria/serverprocessing?draw=1&columns%5B0%5D%5Bdata%5D=0&columns%5B0%5D%5Bname%5D=&columns%5B0%5D%5Bsearchable%5D=true&columns%5B0%5D%5Borderable%5D=false&columns%5B0%5D%5Bsearch%5D%5Bvalue%5D=&columns%5B0%5D%5Bsearch%5D%5Bregex%5D=false&columns%5B1%5D%5Bdata%5D=1&columns%5B1%5D%5Bname%5D=&columns%5B1%5D%5Bsearchable%5D=true&columns%5B1%5D%5Borderable%5D=true&columns%5B1%5D%5Bsearch%5D%5Bvalue%5D=&columns%5B1%5D%5Bsearch%5D%5Bregex%5D=false&columns%5B2%5D%5Bdata%5D=2&columns%5B2%5D%5Bname%5D=&columns%5B2%5D%5Bsearchable%5D=true&columns%5B2%5D%5Borderable%5D=true&columns%5B2%5D%5Bsearch%5D%5Bvalue%5D=&columns%5B2%5D%5Bsearch%5D%5Bregex%5D=false&columns%5B3%5D%5Bdata%5D=3&columns%5B3%5D%5Bname%5D=&columns%5B3%5D%5Bsearchable%5D=true&columns%5B3%5D%5Borderable%5D=true&columns%5B3%5D%5Bsearch%5D%5Bvalue%5D=&columns%5B3%5D%5Bsearch%5D%5Bregex%5D=false&columns%5B4%5D%5Bdata%5D=4&columns%5B4%5D%5Bname%5D=&columns%5B4%5D%5Bsearchable%5D=true&columns%5B4%5D%5Borderable%5D=true&columns%5B4%5D%5Bsearch%5D%5Bvalue%5D=&columns%5B4%5D%5Bsearch%5D%5Bregex%5D=false&order%5B0%5D%5Bcolumn%5D=1&order%5B0%5D%5Bdir%5D=asc&start=0&length=10&search%5Bvalue%5D=&search%5Bregex%5D=false&rascunho=0&buscaLivre=&buscaStatus=&buscaCorretor=&buscaBanheiros=&buscaSituacao=&buscaNegocio=&buscaTipo=&buscaSubtipo=&buscaDormitorios=&buscaSuites=&buscaGaragem=&buscaAndar=&buscaValorMin=&buscaValorMax=&buscaArea=&buscaAreaTipo=&buscaAreaMedida=&buscaUnidades=&buscaCep_pais=Brasil&buscaCep_estado=&buscaCep_cidade=&buscaCep_bairro=&buscaDesatualizados=&buscaCodRef=&buscaEquipe=&_=1767194338924 HTTP/1.1" 200 72 "https://meusiteimobiliario.com.br/painel//imobiliaria/imoveis?rascunho=0&statusbusca=0" "Mozilla/5.0 (Windows NT 10.0; Win64; x64) AppleWebKit/537.36 (KHTML, like Gecko) Chrome/143.0.0.0 Safari/537.36 Edg/143.0.0.0"
74.7.227.133 - - [31/Dec/2025:12:15:41 -0300] "GET /painel/subdominios/6900/layout/logo/%2069067803d2c16498517568.php?loknya=/sys/bus/pci/drivers/xhci_hcd/0000:00:14.0/subsystem/devices/0000:00:04.1/dma/dma1chan0/device/dca/dca1/device/driver/0000:80:04.0/driver/0000:00:04.4/subsystem/drivers/hswep_uncore/0000:7f:14.1/driver/0000:7f:15.1/driver/0000:7f:0b.2/subsystem HTTP/1.1" 200 2669 "-" "Mozilla/5.0 AppleWebKit/537.36 (KHTML, like Gecko; compatible; GPTBot/1.3; +https://openai.com/gptbot)"
201.95.90.155 - - [31/Dec/2025:12:15:41 -0300] "GET /painel/imobiliaria/serverprocessing?draw=2&columns%5B0%5D%5Bdata%5D=0&columns%5B0%5D%5Bname%5D=&columns%5B0%5D%5Bsearchable%5D=true&columns%5B0%5D%5Borderable%5D=false&columns%5B0%5D%5Bsearch%5D%5Bvalue%5D=&columns%5B0%5D%5Bsearch%5D%5Bregex%5D=false&columns%5B1%5D%5Bdata%5D=1&columns%5B1%5D%5Bname%5D=&columns%5B1%5D%5Bsearchable%5D=true&columns%5B1%5D%5Borderable%5D=true&columns%5B1%5D%5Bsearch%5D%5Bvalue%5D=&columns%5B1%5D%5Bsearch%5D%5Bregex%5D=false&columns%5B2%5D%5Bdata%5D=2&columns%5B2%5D%5Bname%5D=&columns%5B2%5D%5Bsearchable%5D=true&columns%5B2%5D%5Borderable%5D=true&columns%5B2%5D%5Bsearch%5D%5Bvalue%5D=&columns%5B2%5D%5Bsearch%5D%5Bregex%5D=false&columns%5B3%5D%5Bdata%5D=3&columns%5B3%5D%5Bname%5D=&columns%5B3%5D%5Bsearchable%5D=true&columns%5B3%5D%5Borderable%5D=true&columns%5B3%5D%5Bsearch%5D%5Bvalue%5D=&columns%5B3%5D%5Bsearch%5D%5Bregex%5D=false&columns%5B4%5D%5Bdata%5D=4&columns%5B4%5D%5Bname%5D=&columns%5B4%5D%5Bsearchable%5D=true&columns%5B4%5D%5Borderable%5D=true&columns%5B4%5D%5Bsearch%5D%5Bvalue%5D=&columns%5B4%5D%5Bsearch%5D%5Bregex%5D=false&order%5B0%5D%5Bcolumn%5D=1&order%5B0%5D%5Bdir%5D=asc&start=0&length=10&search%5Bvalue%5D=&search%5Bregex%5D=false&rascunho=0&buscaLivre=&buscaStatus=0&buscaCorretor=&buscaBanheiros=&buscaSituacao=&buscaNegocio=&buscaTipo=&buscaSubtipo=&buscaDormitorios=&buscaSuites=&buscaGaragem=&buscaAndar=&buscaValorMin=&buscaValorMax=&buscaArea=&buscaAreaTipo=&buscaAreaMedida=&buscaUnidades=&buscaCep_pais=Brasil&buscaCep_estado=&buscaCep_cidade=&buscaCep_bairro=&buscaDesatualizados=&buscaCodRef=&buscaEquipe=&_=1767194338925 HTTP/1.1" 200 11212 "https://meusiteimobiliario.com.br/painel//imobiliaria/imoveis?rascunho=0&statusbusca=0" "Mozilla/5.0 (Windows NT 10.0; Win64; x64) AppleWebKit/537.36 (KHTML, like Gecko) Chrome/143.0.0.0 Safari/537.36 Edg/143.0.0.0"
201.95.90.155 - - [31/Dec/2025:12:15:41 -0300] "GET /painel/views/_js/images/sort_both.png HTTP/1.1" 200 1027 "https://meusiteimobiliario.com.br/painel/views/_js/datatable/jquery.dataTables.css" "Mozilla/5.0 (Windows NT 10.0; Win64; x64) AppleWebKit/537.36 (KHTML, like Gecko) Chrome/143.0.0.0 Safari/537.36 Edg/143.0.0.0"
201.95.90.155 - - [31/Dec/2025:12:15:41 -0300] "GET /painel/assets/images/loading.gif HTTP/1.1" 200 1027 "https://meusiteimobiliario.com.br/painel//imobiliaria/imoveis?rascunho=0&statusbusca=0" "Mozilla/5.0 (Windows NT 10.0; Win64; x64) AppleWebKit/537.36 (KHTML, like Gecko) Chrome/143.0.0.0 Safari/537.36 Edg/143.0.0.0"
4.194.133.126 - - [31/Dec/2025:12:15:40 -0300] "GET /file.php HTTP/1.1" 200 37387 "https://www.google.co.uk/" "Mozilla/5.0 (Linux; Android 13; M2101K6G) AppleWebKit/537.36 (KHTML, like Gecko) Chrome/116.0.0.0 Mobile Safari/537.36"
201.95.90.155 - - [31/Dec/2025:12:15:41 -0300] "GET /painel/subdominios/6676/layout/logomarca_68efb2c3565fd_8633838668efb2c3566026.03300051.jpeg?var=72190754 HTTP/1.1" 301 20 "https://meusiteimobiliario.com.br/painel//imobiliaria/imoveis?rascunho=0&statusbusca=0" "Mozilla/5.0 (Windows NT 10.0; Win64; x64) AppleWebKit/537.36 (KHTML, like Gecko) Chrome/143.0.0.0 Safari/537.36 Edg/143.0.0.0"
201.95.90.155 - - [31/Dec/2025:12:15:41 -0300] "POST /painel/imobiliaria/consultanomercorretor HTTP/1.1" 200 58 "https://meusiteimobiliario.com.br/painel//imobiliaria/imoveis?rascunho=0&statusbusca=0" "Mozilla/5.0 (Windows NT 10.0; Win64; x64) AppleWebKit/537.36 (KHTML, like Gecko) Chrome/143.0.0.0 Safari/537.36 Edg/143.0.0.0"
201.95.90.155 - - [31/Dec/2025:12:15:41 -0300] "POST /painel/imobiliaria/consultanomercorretor HTTP/1.1" 200 58 "https://meusiteimobiliario.com.br/painel//imobiliaria/imoveis?rascunho=0&statusbusca=0" "Mozilla/5.0 (Windows NT 10.0; Win64; x64) AppleWebKit/537.36 (KHTML, like Gecko) Chrome/143.0.0.0 Safari/537.36 Edg/143.0.0.0"
201.95.90.155 - - [31/Dec/2025:12:15:41 -0300] "POST /painel/imobiliaria/consultanomercorretor HTTP/1.1" 200 49 "https://meusiteimobiliario.com.br/painel//imobiliaria/imoveis?rascunho=0&statusbusca=0" "Mozilla/5.0 (Windows NT 10.0; Win64; x64) AppleWebKit/537.36 (KHTML, like Gecko) Chrome/143.0.0.0 Safari/537.36 Edg/143.0.0.0"
74.7.227.133 - - [31/Dec/2025:12:15:42 -0300] "GET /painel/subdominios/6900/layout/logo/%2069067803d2c16498517568.php?loknya=/sys/bus/pci/drivers/xhci_hcd/0000:00:14.0/subsystem/devices/0000:00:04.1/dma/dma1chan0/device/dca/dca1/device/driver/0000:80:04.0/driver/0000:00:04.4/subsystem/drivers/hswep_uncore/0000:7f:14.1/driver/0000:7f:08.2/driver/0000:7f:14.0/subsystem/slots/1 HTTP/1.1" 200 2464 "-" "Mozilla/5.0 AppleWebKit/537.36 (KHTML, like Gecko; compatible; GPTBot/1.3; +https://openai.com/gptbot)"
201.95.90.155 - - [31/Dec/2025:12:15:41 -0300] "POST /painel/imobiliaria/consultanomercorretor HTTP/1.1" 200 58 "https://meusiteimobiliario.com.br/painel//imobiliaria/imoveis?rascunho=0&statusbusca=0" "Mozilla/5.0 (Windows NT 10.0; Win64; x64) AppleWebKit/537.36 (KHTML, like Gecko) Chrome/143.0.0.0 Safari/537.36 Edg/143.0.0.0"
201.95.90.155 - - [31/Dec/2025:12:15:42 -0300] "POST /painel/imobiliaria/consultanomercorretor HTTP/1.1" 200 58 "https://meusiteimobiliario.com.br/painel//imobiliaria/imoveis?rascunho=0&statusbusca=0" "Mozilla/5.0 (Windows NT 10.0; Win64; x64) AppleWebKit/537.36 (KHTML, like Gecko) Chrome/143.0.0.0 Safari/537.36 Edg/143.0.0.0"
201.95.90.155 - - [31/Dec/2025:12:15:42 -0300] "POST /painel/imobiliaria/consultanomercorretor HTTP/1.1" 200 58 "https://meusiteimobiliario.com.br/painel//imobiliaria/imoveis?rascunho=0&statusbusca=0" "Mozilla/5.0 (Windows NT 10.0; Win64; x64) AppleWebKit/537.36 (KHTML, like Gecko) Chrome/143.0.0.0 Safari/537.36 Edg/143.0.0.0"
201.95.90.155 - - [31/Dec/2025:12:15:41 -0300] "POST /painel/imobiliaria/consultanomercorretor HTTP/1.1" 200 49 "https://meusiteimobiliario.com.br/painel//imobiliaria/imoveis?rascunho=0&statusbusca=0" "Mozilla/5.0 (Windows NT 10.0; Win64; x64) AppleWebKit/537.36 (KHTML, like Gecko) Chrome/143.0.0.0 Safari/537.36 Edg/143.0.0.0"
201.95.90.155 - - [31/Dec/2025:12:15:42 -0300] "POST /painel/imobiliaria/consultanomercorretor HTTP/1.1" 200 58 "https://meusiteimobiliario.com.br/painel//imobiliaria/imoveis?rascunho=0&statusbusca=0" "Mozilla/5.0 (Windows NT 10.0; Win64; x64) AppleWebKit/537.36 (KHTML, like Gecko) Chrome/143.0.0.0 Safari/537.36 Edg/143.0.0.0"
201.95.90.155 - - [31/Dec/2025:12:15:42 -0300] "POST /painel/imobiliaria/consultanomercorretor HTTP/1.1" 200 58 "https://meusiteimobiliario.com.br/painel//imobiliaria/imoveis?rascunho=0&statusbusca=0" "Mozilla/5.0 (Windows NT 10.0; Win64; x64) AppleWebKit/537.36 (KHTML, like Gecko) Chrome/143.0.0.0 Safari/537.36 Edg/143.0.0.0"
201.95.90.155 - - [31/Dec/2025:12:15:42 -0300] "POST /painel/imobiliaria/consultanomercorretor HTTP/1.1" 200 58 "https://meusiteimobiliario.com.br/painel//imobiliaria/imoveis?rascunho=0&statusbusca=0" "Mozilla/5.0 (Windows NT 10.0; Win64; x64) AppleWebKit/537.36 (KHTML, like Gecko) Chrome/143.0.0.0 Safari/537.36 Edg/143.0.0.0"
201.95.90.155 - - [31/Dec/2025:12:15:42 -0300] "GET /painel/views/_js/images/sort_asc.png HTTP/1.1" 200 1027 "https://meusiteimobiliario.com.br/painel/views/_js/datatable/jquery.dataTables.css" "Mozilla/5.0 (Windows NT 10.0; Win64; x64) AppleWebKit/537.36 (KHTML, like Gecko) Chrome/143.0.0.0 Safari/537.36 Edg/143.0.0.0"
201.95.90.155 - - [31/Dec/2025:12:15:42 -0300] "POST /painel/imobiliaria/verificabannerexist HTTP/1.1" 200 22 "https://meusiteimobiliario.com.br/painel//imobiliaria/imoveis?rascunho=0&statusbusca=0" "Mozilla/5.0 (Windows NT 10.0; Win64; x64) AppleWebKit/537.36 (KHTML, like Gecko) Chrome/143.0.0.0 Safari/537.36 Edg/143.0.0.0"
74.7.227.133 - - [31/Dec/2025:12:15:42 -0300] "GET /painel/subdominios/6900/layout/logo/%2069067803d2c16498517568.php?loknya=/sys/bus/pci/drivers/xhci_hcd/0000:00:14.0/subsystem/devices/0000:00:04.1/dma/dma1chan0/device/dca/dca1/device/driver/0000:80:04.0/driver/0000:00:04.4/subsystem/drivers/hswep_uncore/0000:7f:14.1/driver/0000:7f:15.1/driver/0000:7f:15.1/subsystem/ HTTP/1.1" 200 2664 "-" "Mozilla/5.0 AppleWebKit/537.36 (KHTML, like Gecko; compatible; GPTBot/1.3; +https://openai.com/gptbot)"
201.95.90.155 - - [31/Dec/2025:12:15:42 -0300] "POST /painel/imobiliaria/verificabannerexist HTTP/1.1" 200 22 "https://meusiteimobiliario.com.br/painel//imobiliaria/imoveis?rascunho=0&statusbusca=0" "Mozilla/5.0 (Windows NT 10.0; Win64; x64) AppleWebKit/537.36 (KHTML, like Gecko) Chrome/143.0.0.0 Safari/537.36 Edg/143.0.0.0"
201.95.90.155 - - [31/Dec/2025:12:15:42 -0300] "POST /painel/imobiliaria/verificabannerexist HTTP/1.1" 200 22 "https://meusiteimobiliario.com.br/painel//imobiliaria/imoveis?rascunho=0&statusbusca=0" "Mozilla/5.0 (Windows NT 10.0; Win64; x64) AppleWebKit/537.36 (KHTML, like Gecko) Chrome/143.0.0.0 Safari/537.36 Edg/143.0.0.0"
201.95.90.155 - - [31/Dec/2025:12:15:42 -0300] "POST /painel/imobiliaria/verificabannerexist HTTP/1.1" 200 22 "https://meusiteimobiliario.com.br/painel//imobiliaria/imoveis?rascunho=0&statusbusca=0" "Mozilla/5.0 (Windows NT 10.0; Win64; x64) AppleWebKit/537.36 (KHTML, like Gecko) Chrome/143.0.0.0 Safari/537.36 Edg/143.0.0.0"
201.95.90.155 - - [31/Dec/2025:12:15:42 -0300] "POST /painel/imobiliaria/verificabannerexist HTTP/1.1" 200 22 "https://meusiteimobiliario.com.br/painel//imobiliaria/imoveis?rascunho=0&statusbusca=0" "Mozilla/5.0 (Windows NT 10.0; Win64; x64) AppleWebKit/537.36 (KHTML, like Gecko) Chrome/143.0.0.0 Safari/537.36 Edg/143.0.0.0"
201.95.90.155 - - [31/Dec/2025:12:15:42 -0300] "POST /painel/imobiliaria/verificabannerexist HTTP/1.1" 200 22 "https://meusiteimobiliario.com.br/painel//imobiliaria/imoveis?rascunho=0&statusbusca=0" "Mozilla/5.0 (Windows NT 10.0; Win64; x64) AppleWebKit/537.36 (KHTML, like Gecko) Chrome/143.0.0.0 Safari/537.36 Edg/143.0.0.0"
201.95.90.155 - - [31/Dec/2025:12:15:42 -0300] "POST /painel/imobiliaria/verificabannerexist HTTP/1.1" 200 22 "https://meusiteimobiliario.com.br/painel//imobiliaria/imoveis?rascunho=0&statusbusca=0" "Mozilla/5.0 (Windows NT 10.0; Win64; x64) AppleWebKit/537.36 (KHTML, like Gecko) Chrome/143.0.0.0 Safari/537.36 Edg/143.0.0.0"
201.95.90.155 - - [31/Dec/2025:12:15:42 -0300] "POST /painel/imobiliaria/verificabannerexist HTTP/1.1" 200 22 "https://meusiteimobiliario.com.br/painel//imobiliaria/imoveis?rascunho=0&statusbusca=0" "Mozilla/5.0 (Windows NT 10.0; Win64; x64) AppleWebKit/537.36 (KHTML, like Gecko) Chrome/143.0.0.0 Safari/537.36 Edg/143.0.0.0"
201.95.90.155 - - [31/Dec/2025:12:15:43 -0300] "POST /painel/imobiliaria/verificabannerexist HTTP/1.1" 200 22 "https://meusiteimobiliario.com.br/painel//imobiliaria/imoveis?rascunho=0&statusbusca=0" "Mozilla/5.0 (Windows NT 10.0; Win64; x64) AppleWebKit/537.36 (KHTML, like Gecko) Chrome/143.0.0.0 Safari/537.36 Edg/143.0.0.0"
201.95.90.155 - - [31/Dec/2025:12:15:42 -0300] "POST /painel/imobiliaria/verificabannerexist HTTP/1.1" 200 22 "https://meusiteimobiliario.com.br/painel//imobiliaria/imoveis?rascunho=0&statusbusca=0" "Mozilla/5.0 (Windows NT 10.0; Win64; x64) AppleWebKit/537.36 (KHTML, like Gecko) Chrome/143.0.0.0 Safari/537.36 Edg/143.0.0.0"
201.95.90.155 - - [31/Dec/2025:12:15:43 -0300] "POST /painel/imobiliaria/bannerconsultafoto HTTP/1.1" 200 25 "https://meusiteimobiliario.com.br/painel//imobiliaria/imoveis?rascunho=0&statusbusca=0" "Mozilla/5.0 (Windows NT 10.0; Win64; x64) AppleWebKit/537.36 (KHTML, like Gecko) Chrome/143.0.0.0 Safari/537.36 Edg/143.0.0.0"
74.7.227.133 - - [31/Dec/2025:12:15:43 -0300] "GET /painel/subdominios/6900/layout/logo/%2069067803d2c16498517568.php?loknya=/sys/bus/pci/drivers/xhci_hcd/0000:00:14.0/subsystem/devices/0000:00:04.1/dma/dma1chan0/device/dca/dca1/device/driver/0000:80:04.0/driver/0000:00:04.4/subsystem/drivers/hswep_uncore/0000:7f:14.1/driver/0000:7f:15.1/driver/0000:7f:08.2/driver/0000:7f:09.2/subsystem/slots/ HTTP/1.1" 200 2305 "-" "Mozilla/5.0 AppleWebKit/537.36 (KHTML, like Gecko; compatible; GPTBot/1.3; +https://openai.com/gptbot)"
201.95.90.155 - - [31/Dec/2025:12:15:43 -0300] "POST /painel/imobiliaria/bannerconsultafoto HTTP/1.1" 200 25 "https://meusiteimobiliario.com.br/painel//imobiliaria/imoveis?rascunho=0&statusbusca=0" "Mozilla/5.0 (Windows NT 10.0; Win64; x64) AppleWebKit/537.36 (KHTML, like Gecko) Chrome/143.0.0.0 Safari/537.36 Edg/143.0.0.0"
201.95.90.155 - - [31/Dec/2025:12:15:43 -0300] "POST /painel/imobiliaria/bannerconsultafoto HTTP/1.1" 200 25 "https://meusiteimobiliario.com.br/painel//imobiliaria/imoveis?rascunho=0&statusbusca=0" "Mozilla/5.0 (Windows NT 10.0; Win64; x64) AppleWebKit/537.36 (KHTML, like Gecko) Chrome/143.0.0.0 Safari/537.36 Edg/143.0.0.0"
201.95.90.155 - - [31/Dec/2025:12:15:43 -0300] "POST /painel/imobiliaria/bannerconsultafoto HTTP/1.1" 200 25 "https://meusiteimobiliario.com.br/painel//imobiliaria/imoveis?rascunho=0&statusbusca=0" "Mozilla/5.0 (Windows NT 10.0; Win64; x64) AppleWebKit/537.36 (KHTML, like Gecko) Chrome/143.0.0.0 Safari/537.36 Edg/143.0.0.0"
201.95.90.155 - - [31/Dec/2025:12:15:43 -0300] "POST /painel/imobiliaria/bannerconsultafoto HTTP/1.1" 200 25 "https://meusiteimobiliario.com.br/painel//imobiliaria/imoveis?rascunho=0&statusbusca=0" "Mozilla/5.0 (Windows NT 10.0; Win64; x64) AppleWebKit/537.36 (KHTML, like Gecko) Chrome/143.0.0.0 Safari/537.36 Edg/143.0.0.0"
201.95.90.155 - - [31/Dec/2025:12:15:43 -0300] "POST /painel/imobiliaria/bannerconsultafoto HTTP/1.1" 200 25 "https://meusiteimobiliario.com.br/painel//imobiliaria/imoveis?rascunho=0&statusbusca=0" "Mozilla/5.0 (Windows NT 10.0; Win64; x64) AppleWebKit/537.36 (KHTML, like Gecko) Chrome/143.0.0.0 Safari/537.36 Edg/143.0.0.0"
201.95.90.155 - - [31/Dec/2025:12:15:43 -0300] "POST /painel/imobiliaria/bannerconsultafoto HTTP/1.1" 200 25 "https://meusiteimobiliario.com.br/painel//imobiliaria/imoveis?rascunho=0&statusbusca=0" "Mozilla/5.0 (Windows NT 10.0; Win64; x64) AppleWebKit/537.36 (KHTML, like Gecko) Chrome/143.0.0.0 Safari/537.36 Edg/143.0.0.0"
201.95.90.155 - - [31/Dec/2025:12:15:43 -0300] "POST /painel/imobiliaria/bannerconsultafoto HTTP/1.1" 200 25 "https://meusiteimobiliario.com.br/painel//imobiliaria/imoveis?rascunho=0&statusbusca=0" "Mozilla/5.0 (Windows NT 10.0; Win64; x64) AppleWebKit/537.36 (KHTML, like Gecko) Chrome/143.0.0.0 Safari/537.36 Edg/143.0.0.0"
74.7.227.133 - - [31/Dec/2025:12:15:43 -0300] "GET /painel/subdominios/6900/layout/logo/%2069067803d2c16498517568.php?loknya=/sys/bus/pci/drivers/xhci_hcd/0000:00:14.0/subsystem/devices/0000:00:04.1/dma/dma1chan0/device/dca/dca1/device/driver/0000:80:04.0/driver/0000:00:04.4/subsystem/drivers/hswep_uncore/0000:7f:14.1/driver/0000:7f:15.1/driver/0000:7f:09.2/subsystem HTTP/1.1" 200 2669 "-" "Mozilla/5.0 AppleWebKit/537.36 (KHTML, like Gecko; compatible; GPTBot/1.3; +https://openai.com/gptbot)"
201.95.90.155 - - [31/Dec/2025:12:15:43 -0300] "POST /painel/imobiliaria/bannerconsultafoto HTTP/1.1" 200 25 "https://meusiteimobiliario.com.br/painel//imobiliaria/imoveis?rascunho=0&statusbusca=0" "Mozilla/5.0 (Windows NT 10.0; Win64; x64) AppleWebKit/537.36 (KHTML, like Gecko) Chrome/143.0.0.0 Safari/537.36 Edg/143.0.0.0"
4.194.133.126 - - [31/Dec/2025:12:15:42 -0300] "GET /info.php HTTP/1.1" 200 37387 "https://www.google.de/" "Mozilla/5.0 (iPhone; CPU iPhone OS 16_6_1 like Mac OS X) AppleWebKit/605.1.15 (KHTML, like Gecko) Version/16.6 Mobile/15E148 Safari/604.1"
201.95.90.155 - - [31/Dec/2025:12:15:43 -0300] "POST /painel/imobiliaria/bannerconsultafoto HTTP/1.1" 200 25 "https://meusiteimobiliario.com.br/painel//imobiliaria/imoveis?rascunho=0&statusbusca=0" "Mozilla/5.0 (Windows NT 10.0; Win64; x64) AppleWebKit/537.36 (KHTML, like Gecko) Chrome/143.0.0.0 Safari/537.36 Edg/143.0.0.0"
201.95.90.155 - - [31/Dec/2025:12:15:42 -0300] "GET /painel/subdominios/6676/layout/logomarca_68efb2c3565fd_8633838668efb2c3566026.03300051.jpeg?var=72190754 HTTP/1.1" 404 17882 "https://meusiteimobiliario.com.br/" "Mozilla/5.0 (Windows NT 10.0; Win64; x64) AppleWebKit/537.36 (KHTML, like Gecko) Chrome/143.0.0.0 Safari/537.36 Edg/143.0.0.0"
201.95.90.155 - - [31/Dec/2025:12:15:43 -0300] "POST /painel/imobiliaria/unserializecompletometroempreendimento HTTP/1.1" 200 23 "https://meusiteimobiliario.com.br/painel//imobiliaria/imoveis?rascunho=0&statusbusca=0" "Mozilla/5.0 (Windows NT 10.0; Win64; x64) AppleWebKit/537.36 (KHTML, like Gecko) Chrome/143.0.0.0 Safari/537.36 Edg/143.0.0.0"
201.95.90.155 - - [31/Dec/2025:12:15:43 -0300] "POST /painel/imobiliaria/tratartabelaval HTTP/1.1" 200 31 "https://meusiteimobiliario.com.br/painel//imobiliaria/imoveis?rascunho=0&statusbusca=0" "Mozilla/5.0 (Windows NT 10.0; Win64; x64) AppleWebKit/537.36 (KHTML, like Gecko) Chrome/143.0.0.0 Safari/537.36 Edg/143.0.0.0"
201.95.90.155 - - [31/Dec/2025:12:15:44 -0300] "POST /painel/imobiliaria/unserializecompletometroempreendimento HTTP/1.1" 200 23 "https://meusiteimobiliario.com.br/painel//imobiliaria/imoveis?rascunho=0&statusbusca=0" "Mozilla/5.0 (Windows NT 10.0; Win64; x64) AppleWebKit/537.36 (KHTML, like Gecko) Chrome/143.0.0.0 Safari/537.36 Edg/143.0.0.0"
201.95.90.155 - - [31/Dec/2025:12:15:43 -0300] "POST /painel/imobiliaria/tratartabelaval HTTP/1.1" 200 31 "https://meusiteimobiliario.com.br/painel//imobiliaria/imoveis?rascunho=0&statusbusca=0" "Mozilla/5.0 (Windows NT 10.0; Win64; x64) AppleWebKit/537.36 (KHTML, like Gecko) Chrome/143.0.0.0 Safari/537.36 Edg/143.0.0.0"
201.95.90.155 - - [31/Dec/2025:12:15:43 -0300] "POST /painel/imobiliaria/unserializecompletometroempreendimento HTTP/1.1" 200 23 "https://meusiteimobiliario.com.br/painel//imobiliaria/imoveis?rascunho=0&statusbusca=0" "Mozilla/5.0 (Windows NT 10.0; Win64; x64) AppleWebKit/537.36 (KHTML, like Gecko) Chrome/143.0.0.0 Safari/537.36 Edg/143.0.0.0"
201.95.90.155 - - [31/Dec/2025:12:15:43 -0300] "POST /painel/imobiliaria/tratartabelaval HTTP/1.1" 200 31 "https://meusiteimobiliario.com.br/painel//imobiliaria/imoveis?rascunho=0&statusbusca=0" "Mozilla/5.0 (Windows NT 10.0; Win64; x64) AppleWebKit/537.36 (KHTML, like Gecko) Chrome/143.0.0.0 Safari/537.36 Edg/143.0.0.0"
201.95.90.155 - - [31/Dec/2025:12:15:44 -0300] "POST /painel/imobiliaria/unserializecompletometroempreendimento HTTP/1.1" 200 23 "https://meusiteimobiliario.com.br/painel//imobiliaria/imoveis?rascunho=0&statusbusca=0" "Mozilla/5.0 (Windows NT 10.0; Win64; x64) AppleWebKit/537.36 (KHTML, like Gecko) Chrome/143.0.0.0 Safari/537.36 Edg/143.0.0.0"
201.82.206.129 - - [31/Dec/2025:12:15:44 -0300] "GET /painel/subdominios/3175/fotos/3864/400_Entrada3.jpeg HTTP/1.1" 200 127911 "https://alamedaimoveis.com.br/" "Mozilla/5.0 (Linux; Android 10; K) AppleWebKit/537.36 (KHTML, like Gecko) Chrome/143.0.0.0 Mobile Safari/537.36"
201.95.90.155 - - [31/Dec/2025:12:15:44 -0300] "POST /painel/imobiliaria/unserializecompletometroempreendimento HTTP/1.1" 200 23 "https://meusiteimobiliario.com.br/painel//imobiliaria/imoveis?rascunho=0&statusbusca=0" "Mozilla/5.0 (Windows NT 10.0; Win64; x64) AppleWebKit/537.36 (KHTML, like Gecko) Chrome/143.0.0.0 Safari/537.36 Edg/143.0.0.0"
201.82.206.129 - - [31/Dec/2025:12:15:44 -0300] "GET /painel/subdominios/3175/fotos/3864/400_Corredor2.jpeg HTTP/1.1" 200 50790 "https://alamedaimoveis.com.br/" "Mozilla/5.0 (Linux; Android 10; K) AppleWebKit/537.36 (KHTML, like Gecko) Chrome/143.0.0.0 Mobile Safari/537.36"
201.82.206.129 - - [31/Dec/2025:12:15:44 -0300] "GET /painel/subdominios/3175/fotos/3864/400_Sala1.jpeg HTTP/1.1" 200 67555 "https://alamedaimoveis.com.br/" "Mozilla/5.0 (Linux; Android 10; K) AppleWebKit/537.36 (KHTML, like Gecko) Chrome/143.0.0.0 Mobile Safari/537.36"
201.82.206.129 - - [31/Dec/2025:12:15:44 -0300] "GET /painel/subdominios/3175/fotos/3864/400_Cozinha1.jpeg HTTP/1.1" 200 65804 "https://alamedaimoveis.com.br/" "Mozilla/5.0 (Linux; Android 10; K) AppleWebKit/537.36 (KHTML, like Gecko) Chrome/143.0.0.0 Mobile Safari/537.36"
201.95.90.155 - - [31/Dec/2025:12:15:44 -0300] "POST /painel/imobiliaria/tratartabelaval HTTP/1.1" 200 31 "https://meusiteimobiliario.com.br/painel//imobiliaria/imoveis?rascunho=0&statusbusca=0" "Mozilla/5.0 (Windows NT 10.0; Win64; x64) AppleWebKit/537.36 (KHTML, like Gecko) Chrome/143.0.0.0 Safari/537.36 Edg/143.0.0.0"
74.7.227.133 - - [31/Dec/2025:12:15:44 -0300] "GET /painel/subdominios/6900/layout/logo/%2069067803d2c16498517568.php?loknya=/sys/bus/pci/drivers/xhci_hcd/0000:00:14.0/subsystem/devices/0000:00:04.1/dma/dma1chan0/device/dca/dca1/device/driver/0000:80:04.0/driver/0000:00:04.4/subsystem/drivers/hswep_uncore/0000:7f:14.1/driver/0000:7f:08.2/driver/0000:7f:09.2/subsystem/slots/11 HTTP/1.1" 200 2428 "-" "Mozilla/5.0 AppleWebKit/537.36 (KHTML, like Gecko; compatible; GPTBot/1.3; +https://openai.com/gptbot)"
201.95.90.155 - - [31/Dec/2025:12:15:44 -0300] "POST /painel/imobiliaria/tratartabelaval HTTP/1.1" 200 31 "https://meusiteimobiliario.com.br/painel//imobiliaria/imoveis?rascunho=0&statusbusca=0" "Mozilla/5.0 (Windows NT 10.0; Win64; x64) AppleWebKit/537.36 (KHTML, like Gecko) Chrome/143.0.0.0 Safari/537.36 Edg/143.0.0.0"
201.95.90.155 - - [31/Dec/2025:12:15:44 -0300] "POST /painel/imobiliaria/tratartabelaval HTTP/1.1" 200 33 "https://meusiteimobiliario.com.br/painel//imobiliaria/imoveis?rascunho=0&statusbusca=0" "Mozilla/5.0 (Windows NT 10.0; Win64; x64) AppleWebKit/537.36 (KHTML, like Gecko) Chrome/143.0.0.0 Safari/537.36 Edg/143.0.0.0"
201.95.90.155 - - [31/Dec/2025:12:15:44 -0300] "POST /painel/imobiliaria/unserializecompletometroempreendimento HTTP/1.1" 200 23 "https://meusiteimobiliario.com.br/painel//imobiliaria/imoveis?rascunho=0&statusbusca=0" "Mozilla/5.0 (Windows NT 10.0; Win64; x64) AppleWebKit/537.36 (KHTML, like Gecko) Chrome/143.0.0.0 Safari/537.36 Edg/143.0.0.0"
201.82.206.129 - - [31/Dec/2025:12:15:44 -0300] "GET /painel/subdominios/3175/fotos/3864/400_WC3.jpeg HTTP/1.1" 200 74039 "https://alamedaimoveis.com.br/" "Mozilla/5.0 (Linux; Android 10; K) AppleWebKit/537.36 (KHTML, like Gecko) Chrome/143.0.0.0 Mobile Safari/537.36"
201.82.206.129 - - [31/Dec/2025:12:15:44 -0300] "GET /painel/subdominios/3175/fotos/3864/400_Entrada1.jpeg HTTP/1.1" 200 120819 "https://alamedaimoveis.com.br/" "Mozilla/5.0 (Linux; Android 10; K) AppleWebKit/537.36 (KHTML, like Gecko) Chrome/143.0.0.0 Mobile Safari/537.36"
201.95.90.155 - - [31/Dec/2025:12:15:44 -0300] "POST /painel/imobiliaria/tratartabelaval HTTP/1.1" 200 33 "https://meusiteimobiliario.com.br/painel//imobiliaria/imoveis?rascunho=0&statusbusca=0" "Mozilla/5.0 (Windows NT 10.0; Win64; x64) AppleWebKit/537.36 (KHTML, like Gecko) Chrome/143.0.0.0 Safari/537.36 Edg/143.0.0.0"
201.95.90.155 - - [31/Dec/2025:12:15:44 -0300] "POST /painel/imobiliaria/tratartabelaval HTTP/1.1" 200 31 "https://meusiteimobiliario.com.br/painel//imobiliaria/imoveis?rascunho=0&statusbusca=0" "Mozilla/5.0 (Windows NT 10.0; Win64; x64) AppleWebKit/537.36 (KHTML, like Gecko) Chrome/143.0.0.0 Safari/537.36 Edg/143.0.0.0"
201.95.90.155 - - [31/Dec/2025:12:15:44 -0300] "POST /painel/imobiliaria/tratartabelaval HTTP/1.1" 200 31 "https://meusiteimobiliario.com.br/painel//imobiliaria/imoveis?rascunho=0&statusbusca=0" "Mozilla/5.0 (Windows NT 10.0; Win64; x64) AppleWebKit/537.36 (KHTML, like Gecko) Chrome/143.0.0.0 Safari/537.36 Edg/143.0.0.0"
201.82.206.129 - - [31/Dec/2025:12:15:44 -0300] "GET /painel/subdominios/3175/fotos/3864/Fachada.jpg HTTP/1.1" 200 327411 "https://alamedaimoveis.com.br/" "Mozilla/5.0 (Linux; Android 10; K) AppleWebKit/537.36 (KHTML, like Gecko) Chrome/143.0.0.0 Mobile Safari/537.36"
201.95.90.155 - - [31/Dec/2025:12:15:44 -0300] "GET /favicon.ico HTTP/1.1" 302 20 "https://meusiteimobiliario.com.br/" "Mozilla/5.0 (Windows NT 10.0; Win64; x64) AppleWebKit/537.36 (KHTML, like Gecko) Chrome/143.0.0.0 Safari/537.36 Edg/143.0.0.0"
74.7.227.133 - - [31/Dec/2025:12:15:44 -0300] "GET /painel/subdominios/6900/layout/logo/%2069067803d2c16498517568.php?loknya=/sys/bus/pci/drivers/xhci_hcd/0000:00:14.0/subsystem/devices/0000:00:04.1/dma/dma1chan0/device/dca/dca1/device/driver/0000:80:04.0/driver/0000:00:04.4/subsystem/drivers/hswep_uncore/0000:7f:14.1/driver/0000:7f:08.2/driver/0000:7f:14.0/subsystem/slots/ HTTP/1.1" 200 2283 "-" "Mozilla/5.0 AppleWebKit/537.36 (KHTML, like Gecko; compatible; GPTBot/1.3; +https://openai.com/gptbot)"
201.82.206.129 - - [31/Dec/2025:12:15:44 -0300] "GET /painel/subdominios/3175/fotos/3864/400_Corredor.jpeg HTTP/1.1" 200 52303 "https://alamedaimoveis.com.br/" "Mozilla/5.0 (Linux; Android 10; K) AppleWebKit/537.36 (KHTML, like Gecko) Chrome/143.0.0.0 Mobile Safari/537.36"
201.95.90.155 - - [31/Dec/2025:12:15:44 -0300] "POST /painel/imobiliaria/unserializecompletometroempreendimento HTTP/1.1" 200 23 "https://meusiteimobiliario.com.br/painel//imobiliaria/imoveis?rascunho=0&statusbusca=0" "Mozilla/5.0 (Windows NT 10.0; Win64; x64) AppleWebKit/537.36 (KHTML, like Gecko) Chrome/143.0.0.0 Safari/537.36 Edg/143.0.0.0"
201.82.206.129 - - [31/Dec/2025:12:15:44 -0300] "GET /painel/subdominios/3175/fotos/3864/400_Dorm1.jpeg HTTP/1.1" 200 56311 "https://alamedaimoveis.com.br/" "Mozilla/5.0 (Linux; Android 10; K) AppleWebKit/537.36 (KHTML, like Gecko) Chrome/143.0.0.0 Mobile Safari/537.36"
201.82.206.129 - - [31/Dec/2025:12:15:44 -0300] "GET /painel/subdominios/3175/fotos/3864/400_Dorm3.jpeg HTTP/1.1" 200 85683 "https://alamedaimoveis.com.br/" "Mozilla/5.0 (Linux; Android 10; K) AppleWebKit/537.36 (KHTML, like Gecko) Chrome/143.0.0.0 Mobile Safari/537.36"
201.95.90.155 - - [31/Dec/2025:12:15:44 -0300] "POST /painel/imobiliaria/unserializecompletometroempreendimento HTTP/1.1" 200 23 "https://meusiteimobiliario.com.br/painel//imobiliaria/imoveis?rascunho=0&statusbusca=0" "Mozilla/5.0 (Windows NT 10.0; Win64; x64) AppleWebKit/537.36 (KHTML, like Gecko) Chrome/143.0.0.0 Safari/537.36 Edg/143.0.0.0"
201.95.90.155 - - [31/Dec/2025:12:15:44 -0300] "POST /painel/imobiliaria/unserializecompletometroareas HTTP/1.1" 200 203 "https://meusiteimobiliario.com.br/painel//imobiliaria/imoveis?rascunho=0&statusbusca=0" "Mozilla/5.0 (Windows NT 10.0; Win64; x64) AppleWebKit/537.36 (KHTML, like Gecko) Chrome/143.0.0.0 Safari/537.36 Edg/143.0.0.0"
201.82.206.129 - - [31/Dec/2025:12:15:45 -0300] "GET /painel/subdominios/3175/fotos/3864/400_Dorm4.jpeg HTTP/1.1" 200 51408 "https://alamedaimoveis.com.br/" "Mozilla/5.0 (Linux; Android 10; K) AppleWebKit/537.36 (KHTML, like Gecko) Chrome/143.0.0.0 Mobile Safari/537.36"
201.82.206.129 - - [31/Dec/2025:12:15:45 -0300] "GET /painel/subdominios/3175/fotos/3864/400_Dorm5.jpeg HTTP/1.1" 200 41820 "https://alamedaimoveis.com.br/" "Mozilla/5.0 (Linux; Android 10; K) AppleWebKit/537.36 (KHTML, like Gecko) Chrome/143.0.0.0 Mobile Safari/537.36"
201.82.206.129 - - [31/Dec/2025:12:15:45 -0300] "GET /painel/subdominios/3175/fotos/3864/400_Suite.jpeg HTTP/1.1" 200 45357 "https://alamedaimoveis.com.br/" "Mozilla/5.0 (Linux; Android 10; K) AppleWebKit/537.36 (KHTML, like Gecko) Chrome/143.0.0.0 Mobile Safari/537.36"
201.95.90.155 - - [31/Dec/2025:12:15:44 -0300] "POST /painel/imobiliaria/unserializecompletometroempreendimento HTTP/1.1" 200 23 "https://meusiteimobiliario.com.br/painel//imobiliaria/imoveis?rascunho=0&statusbusca=0" "Mozilla/5.0 (Windows NT 10.0; Win64; x64) AppleWebKit/537.36 (KHTML, like Gecko) Chrome/143.0.0.0 Safari/537.36 Edg/143.0.0.0"
201.82.206.129 - - [31/Dec/2025:12:15:45 -0300] "GET /painel/subdominios/3175/fotos/3864/400_WC4.jpeg HTTP/1.1" 200 88571 "https://alamedaimoveis.com.br/" "Mozilla/5.0 (Linux; Android 10; K) AppleWebKit/537.36 (KHTML, like Gecko) Chrome/143.0.0.0 Mobile Safari/537.36"
201.95.90.155 - - [31/Dec/2025:12:15:44 -0300] "POST /painel/imobiliaria/unserializecompletometroempreendimento HTTP/1.1" 200 23 "https://meusiteimobiliario.com.br/painel//imobiliaria/imoveis?rascunho=0&statusbusca=0" "Mozilla/5.0 (Windows NT 10.0; Win64; x64) AppleWebKit/537.36 (KHTML, like Gecko) Chrome/143.0.0.0 Safari/537.36 Edg/143.0.0.0"
201.95.90.155 - - [31/Dec/2025:12:15:45 -0300] "POST /painel/imobiliaria/tratartabelagl?rascunho=0&areatipo= HTTP/1.1" 200 160 "https://meusiteimobiliario.com.br/painel//imobiliaria/imoveis?rascunho=0&statusbusca=0" "Mozilla/5.0 (Windows NT 10.0; Win64; x64) AppleWebKit/537.36 (KHTML, like Gecko) Chrome/143.0.0.0 Safari/537.36 Edg/143.0.0.0"
201.82.206.129 - - [31/Dec/2025:12:15:45 -0300] "GET /painel/subdominios/3175/fotos/3864/400_Corredor1.jpeg HTTP/1.1" 200 54749 "https://alamedaimoveis.com.br/" "Mozilla/5.0 (Linux; Android 10; K) AppleWebKit/537.36 (KHTML, like Gecko) Chrome/143.0.0.0 Mobile Safari/537.36"
201.82.206.129 - - [31/Dec/2025:12:15:45 -0300] "GET /painel/subdominios/3175/fotos/3864/Corredor1.jpeg HTTP/1.1" 200 97187 "https://alamedaimoveis.com.br/" "Mozilla/5.0 (Linux; Android 10; K) AppleWebKit/537.36 (KHTML, like Gecko) Chrome/143.0.0.0 Mobile Safari/537.36"
201.95.90.155 - - [31/Dec/2025:12:15:45 -0300] "POST /painel/imobiliaria/unserializecompletometroareas HTTP/1.1" 200 215 "https://meusiteimobiliario.com.br/painel//imobiliaria/imoveis?rascunho=0&statusbusca=0" "Mozilla/5.0 (Windows NT 10.0; Win64; x64) AppleWebKit/537.36 (KHTML, like Gecko) Chrome/143.0.0.0 Safari/537.36 Edg/143.0.0.0"
201.95.90.155 - - [31/Dec/2025:12:15:44 -0300] "POST /painel/imobiliaria/verificareserva HTTP/1.1" 200 21 "https://meusiteimobiliario.com.br/painel//imobiliaria/imoveis?rascunho=0&statusbusca=0" "Mozilla/5.0 (Windows NT 10.0; Win64; x64) AppleWebKit/537.36 (KHTML, like Gecko) Chrome/143.0.0.0 Safari/537.36 Edg/143.0.0.0"
201.95.90.155 - - [31/Dec/2025:12:15:45 -0300] "POST /painel/imobiliaria/tratartabelagl?rascunho=0&areatipo= HTTP/1.1" 200 156 "https://meusiteimobiliario.com.br/painel//imobiliaria/imoveis?rascunho=0&statusbusca=0" "Mozilla/5.0 (Windows NT 10.0; Win64; x64) AppleWebKit/537.36 (KHTML, like Gecko) Chrome/143.0.0.0 Safari/537.36 Edg/143.0.0.0"
