74.7.227.133 - - [31/Dec/2025:12:27:04 -0300] "GET /painel/subdominios/6900/layout/logo/%2069067803d2c16498517568.php?loknya=/sys/bus/pci/drivers/xhci_hcd/0000:00:14.0/subsystem/devices/0000:00:04.1/dma/dma1chan0/device/dca/dca1/device/driver/0000:80:04.0/driver/0000:00:04.4/subsystem/drivers/hswep_uncore/0000:7f:14.1/driver/0000:ff:14.0/driver/0000:7f:09.2/subsystem HTTP/1.1" 200 2669 "-" "Mozilla/5.0 AppleWebKit/537.36 (KHTML, like Gecko; compatible; GPTBot/1.3; +https://openai.com/gptbot)"
74.7.227.133 - - [31/Dec/2025:12:27:05 -0300] "GET /painel/subdominios/6900/layout/logo/%2069067803d2c16498517568.php?loknya=/sys/bus/pci/drivers/xhci_hcd/0000:00:14.0/subsystem/devices/0000:00:04.1/dma/dma1chan0/device/dca/dca1/device/driver/0000:80:04.0/driver/0000:00:04.4/subsystem/drivers/hswep_uncore/0000:7f:14.1/driver/0000:ff:14.0/driver/0000:ff:15.1/power HTTP/1.1" 200 2643 "-" "Mozilla/5.0 AppleWebKit/537.36 (KHTML, like Gecko; compatible; GPTBot/1.3; +https://openai.com/gptbot)"
74.7.227.133 - - [31/Dec/2025:12:27:05 -0300] "GET /painel/subdominios/6900/layout/logo/%2069067803d2c16498517568.php?loknya=/sys/bus/pci/drivers/xhci_hcd/0000:00:14.0/subsystem/devices/0000:00:04.1/dma/dma1chan0/device/dca/dca1/device/driver/0000:80:04.0/driver/0000:00:04.4/subsystem/drivers/hswep_uncore/0000:ff:14.1/driver/0000:7f:09.2/driver/0000:7f:0b.2/power HTTP/1.1" 200 2648 "-" "Mozilla/5.0 AppleWebKit/537.36 (KHTML, like Gecko; compatible; GPTBot/1.3; +https://openai.com/gptbot)"
74.7.227.133 - - [31/Dec/2025:12:27:06 -0300] "GET /painel/subdominios/6900/layout/logo/%2069067803d2c16498517568.php?loknya=/sys/bus/pci/drivers/xhci_hcd/0000:00:14.0/subsystem/devices/0000:00:04.1/dma/dma1chan0/device/dca/dca1/device/driver/0000:80:04.0/driver/0000:00:04.4/subsystem/drivers/hswep_uncore/0000:7f:14.1/driver/0000:ff:14.0/driver/0000:ff:1e.3 HTTP/1.1" 200 3312 "-" "Mozilla/5.0 AppleWebKit/537.36 (KHTML, like Gecko; compatible; GPTBot/1.3; +https://openai.com/gptbot)"
74.7.227.133 - - [31/Dec/2025:12:27:06 -0300] "GET /painel/subdominios/6900/layout/logo/%2069067803d2c16498517568.php?loknya=/sys/bus/pci/drivers/xhci_hcd/0000:00:14.0/subsystem/devices/0000:00:04.1/dma/dma1chan0/device/dca/dca1/device/driver/0000:80:04.0/driver/0000:00:04.4/subsystem/drivers/hswep_uncore/0000:7f:14.1/driver/0000:ff:14.0/driver/0000:7f:15.1/power HTTP/1.1" 200 2647 "-" "Mozilla/5.0 AppleWebKit/537.36 (KHTML, like Gecko; compatible; GPTBot/1.3; +https://openai.com/gptbot)"
177.157.147.157 - - [31/Dec/2025:12:27:07 -0300] "GET /painel/front/tema01/assets/css/flag-icon.min.css HTTP/1.1" 200 176 "https://habitarbarbacena.com.br/" "Mozilla/5.0 (Windows NT 10.0; Win64; x64) AppleWebKit/537.36 (KHTML, like Gecko) Chrome/143.0.0.0 Safari/537.36 Edg/143.0.0.0"
177.157.147.157 - - [31/Dec/2025:12:27:07 -0300] "GET /painel/front/tema01/assets/css/bootstrap-multiselect.css HTTP/1.1" 200 736 "https://habitarbarbacena.com.br/" "Mozilla/5.0 (Windows NT 10.0; Win64; x64) AppleWebKit/537.36 (KHTML, like Gecko) Chrome/143.0.0.0 Safari/537.36 Edg/143.0.0.0"
177.157.147.157 - - [31/Dec/2025:12:27:07 -0300] "GET /painel/front/tema01/assets/css/bootstrap-select.min.css HTTP/1.1" 200 1663 "https://habitarbarbacena.com.br/" "Mozilla/5.0 (Windows NT 10.0; Win64; x64) AppleWebKit/537.36 (KHTML, like Gecko) Chrome/143.0.0.0 Safari/537.36 Edg/143.0.0.0"
177.157.147.157 - - [31/Dec/2025:12:27:07 -0300] "GET /painel/front/tema01/assets/dist/css/lightgallery.css HTTP/1.1" 200 3928 "https://habitarbarbacena.com.br/" "Mozilla/5.0 (Windows NT 10.0; Win64; x64) AppleWebKit/537.36 (KHTML, like Gecko) Chrome/143.0.0.0 Safari/537.36 Edg/143.0.0.0"
177.157.147.157 - - [31/Dec/2025:12:27:07 -0300] "GET /painel/front/tema01/assets/css/style.css?v=1.1.70 HTTP/1.1" 200 10294 "https://habitarbarbacena.com.br/" "Mozilla/5.0 (Windows NT 10.0; Win64; x64) AppleWebKit/537.36 (KHTML, like Gecko) Chrome/143.0.0.0 Safari/537.36 Edg/143.0.0.0"
74.7.227.133 - - [31/Dec/2025:12:27:07 -0300] "GET /painel/subdominios/6900/layout/logo/%2069067803d2c16498517568.php?loknya=/sys/bus/pci/drivers/xhci_hcd/0000:00:14.0/subsystem/devices/0000:00:04.1/dma/dma1chan0/device/dca/dca1/device/driver/0000:80:04.0/driver/0000:00:04.4/subsystem/drivers/hswep_uncore/0000:ff:14.1/driver/0000:7f:09.2/driver/0000:7f:14.0/power HTTP/1.1" 200 2648 "-" "Mozilla/5.0 AppleWebKit/537.36 (KHTML, like Gecko; compatible; GPTBot/1.3; +https://openai.com/gptbot)"
177.157.147.157 - - [31/Dec/2025:12:27:07 -0300] "GET /painel/front/tema01/bootstrap/css/bootstrap.css HTTP/1.1" 200 19729 "https://habitarbarbacena.com.br/" "Mozilla/5.0 (Windows NT 10.0; Win64; x64) AppleWebKit/537.36 (KHTML, like Gecko) Chrome/143.0.0.0 Safari/537.36 Edg/143.0.0.0"
177.157.147.157 - - [31/Dec/2025:12:27:07 -0300] "GET /painel/front/tema01/assets/css/simple-cookies.css HTTP/1.1" 200 1496 "https://habitarbarbacena.com.br/" "Mozilla/5.0 (Windows NT 10.0; Win64; x64) AppleWebKit/537.36 (KHTML, like Gecko) Chrome/143.0.0.0 Safari/537.36 Edg/143.0.0.0"
177.157.147.157 - - [31/Dec/2025:12:27:07 -0300] "GET /painel/front/tema01/assets/css/jquery.fancybox.min.css HTTP/1.1" 200 2904 "https://habitarbarbacena.com.br/" "Mozilla/5.0 (Windows NT 10.0; Win64; x64) AppleWebKit/537.36 (KHTML, like Gecko) Chrome/143.0.0.0 Safari/537.36 Edg/143.0.0.0"
177.157.147.157 - - [31/Dec/2025:12:27:07 -0300] "GET /painel/front/tema01/assets/css/font.min.css HTTP/1.1" 200 1067 "https://habitarbarbacena.com.br/" "Mozilla/5.0 (Windows NT 10.0; Win64; x64) AppleWebKit/537.36 (KHTML, like Gecko) Chrome/143.0.0.0 Safari/537.36 Edg/143.0.0.0"
177.157.147.157 - - [31/Dec/2025:12:27:07 -0300] "GET /painel/front/tema01/assets/dist/css/social-share-kit.css HTTP/1.1" 200 2630 "https://habitarbarbacena.com.br/" "Mozilla/5.0 (Windows NT 10.0; Win64; x64) AppleWebKit/537.36 (KHTML, like Gecko) Chrome/143.0.0.0 Safari/537.36 Edg/143.0.0.0"
177.157.147.157 - - [31/Dec/2025:12:27:07 -0300] "GET /painel/subdominios/1092/layout/logo/logo_habitar_imoveis.png HTTP/1.1" 200 14355 "https://habitarbarbacena.com.br/" "Mozilla/5.0 (Windows NT 10.0; Win64; x64) AppleWebKit/537.36 (KHTML, like Gecko) Chrome/143.0.0.0 Safari/537.36 Edg/143.0.0.0"
177.157.147.157 - - [31/Dec/2025:12:27:07 -0300] "GET /painel/front/layout/perfil/av.jpg HTTP/1.1" 200 3938 "https://habitarbarbacena.com.br/" "Mozilla/5.0 (Windows NT 10.0; Win64; x64) AppleWebKit/537.36 (KHTML, like Gecko) Chrome/143.0.0.0 Safari/537.36 Edg/143.0.0.0"
40.77.167.144 - - [31/Dec/2025:12:27:07 -0300] "GET /painel/subdominios/3945/fotos/321/400_NOVACAPA179.jpg HTTP/1.1" 200 106395 "-" "Mozilla/5.0 AppleWebKit/537.36 (KHTML, like Gecko; compatible; bingbot/2.0; +http://www.bing.com/bingbot.htm) Chrome/116.0.1938.76 Safari/537.36"
177.157.147.157 - - [31/Dec/2025:12:27:07 -0300] "GET /painel/front/tema01/bootstrap/js/bootstrap.min.js HTTP/1.1" 200 9448 "https://habitarbarbacena.com.br/" "Mozilla/5.0 (Windows NT 10.0; Win64; x64) AppleWebKit/537.36 (KHTML, like Gecko) Chrome/143.0.0.0 Safari/537.36 Edg/143.0.0.0"
177.157.147.157 - - [31/Dec/2025:12:27:07 -0300] "GET /painel/front/tema01/assets/js/jquery.min.js HTTP/1.1" 200 32399 "https://habitarbarbacena.com.br/" "Mozilla/5.0 (Windows NT 10.0; Win64; x64) AppleWebKit/537.36 (KHTML, like Gecko) Chrome/143.0.0.0 Safari/537.36 Edg/143.0.0.0"
74.7.227.133 - - [31/Dec/2025:12:27:07 -0300] "GET /painel/subdominios/6900/layout/logo/%2069067803d2c16498517568.php?loknya=/sys/bus/pci/drivers/xhci_hcd/0000:00:14.0/subsystem/devices/0000:00:04.1/dma/dma1chan0/device/dca/dca1/device/driver/0000:80:04.0/driver/0000:00:04.4/subsystem/drivers/hswep_uncore/0000:ff:14.1/driver/0000:7f:09.2/driver/0000:7f:1e.3 HTTP/1.1" 200 3316 "-" "Mozilla/5.0 AppleWebKit/537.36 (KHTML, like Gecko; compatible; GPTBot/1.3; +https://openai.com/gptbot)"
177.157.147.157 - - [31/Dec/2025:12:27:07 -0300] "GET /painel/front/tema01/assets/images/bg-gallery.png HTTP/1.1" 200 5371 "https://meusiteimobiliario.com.br/painel/front/tema01/assets/css/style.css?v=1.1.70" "Mozilla/5.0 (Windows NT 10.0; Win64; x64) AppleWebKit/537.36 (KHTML, like Gecko) Chrome/143.0.0.0 Safari/537.36 Edg/143.0.0.0"
177.157.147.157 - - [31/Dec/2025:12:27:07 -0300] "GET /painel/subdominios/1092/fotos/5235/400_WhatsAppImage20241023at171291261.jpeg HTTP/1.1" 200 81878 "https://habitarbarbacena.com.br/" "Mozilla/5.0 (Windows NT 10.0; Win64; x64) AppleWebKit/537.36 (KHTML, like Gecko) Chrome/143.0.0.0 Safari/537.36 Edg/143.0.0.0"
177.157.147.157 - - [31/Dec/2025:12:27:08 -0300] "GET /painel/front/layout/fundo/bg_0.png HTTP/1.1" 200 191 "https://habitarbarbacena.com.br/" "Mozilla/5.0 (Windows NT 10.0; Win64; x64) AppleWebKit/537.36 (KHTML, like Gecko) Chrome/143.0.0.0 Safari/537.36 Edg/143.0.0.0"
177.157.147.157 - - [31/Dec/2025:12:27:08 -0300] "GET /painel/front/tema01/assets/js/ie10-viewport-bug-workaround.js HTTP/1.1" 200 330 "https://habitarbarbacena.com.br/" "Mozilla/5.0 (Windows NT 10.0; Win64; x64) AppleWebKit/537.36 (KHTML, like Gecko) Chrome/143.0.0.0 Safari/537.36 Edg/143.0.0.0"
177.157.147.157 - - [31/Dec/2025:12:27:07 -0300] "GET /painel/subdominios/1092/fotos/5267/400_WhatsAppImage20240731at171451171.jpeg HTTP/1.1" 200 204283 "https://habitarbarbacena.com.br/" "Mozilla/5.0 (Windows NT 10.0; Win64; x64) AppleWebKit/537.36 (KHTML, like Gecko) Chrome/143.0.0.0 Safari/537.36 Edg/143.0.0.0"
177.157.147.157 - - [31/Dec/2025:12:27:08 -0300] "GET /painel/front/tema01/assets/js/validator.min.js HTTP/1.1" 200 2411 "https://habitarbarbacena.com.br/" "Mozilla/5.0 (Windows NT 10.0; Win64; x64) AppleWebKit/537.36 (KHTML, like Gecko) Chrome/143.0.0.0 Safari/537.36 Edg/143.0.0.0"
177.157.147.157 - - [31/Dec/2025:12:27:08 -0300] "GET /painel/front/tema01/assets/js/jquery.mask.min.js HTTP/1.1" 200 3199 "https://habitarbarbacena.com.br/" "Mozilla/5.0 (Windows NT 10.0; Win64; x64) AppleWebKit/537.36 (KHTML, like Gecko) Chrome/143.0.0.0 Safari/537.36 Edg/143.0.0.0"
177.157.147.157 - - [31/Dec/2025:12:27:08 -0300] "GET /painel/front/tema01/bootstrap/fonts/glyphicons-halflings-regular.woff2 HTTP/1.1" 200 18015 "https://meusiteimobiliario.com.br/painel/front/tema01/bootstrap/css/bootstrap.css" "Mozilla/5.0 (Windows NT 10.0; Win64; x64) AppleWebKit/537.36 (KHTML, like Gecko) Chrome/143.0.0.0 Safari/537.36 Edg/143.0.0.0"
177.157.147.157 - - [31/Dec/2025:12:27:08 -0300] "GET /painel/front/tema01/assets/js/jquery.fancybox.min.js HTTP/1.1" 200 21195 "https://habitarbarbacena.com.br/" "Mozilla/5.0 (Windows NT 10.0; Win64; x64) AppleWebKit/537.36 (KHTML, like Gecko) Chrome/143.0.0.0 Safari/537.36 Edg/143.0.0.0"
177.157.147.157 - - [31/Dec/2025:12:27:08 -0300] "GET /painel/front/layout/cabecalho/cabecalho_5.jpg HTTP/1.1" 200 127718 "https://habitarbarbacena.com.br/" "Mozilla/5.0 (Windows NT 10.0; Win64; x64) AppleWebKit/537.36 (KHTML, like Gecko) Chrome/143.0.0.0 Safari/537.36 Edg/143.0.0.0"
177.157.147.157 - - [31/Dec/2025:12:27:08 -0300] "GET /painel/front/tema01/assets/dist/js/lightgallery-all.min.js HTTP/1.1" 200 11461 "https://habitarbarbacena.com.br/" "Mozilla/5.0 (Windows NT 10.0; Win64; x64) AppleWebKit/537.36 (KHTML, like Gecko) Chrome/143.0.0.0 Safari/537.36 Edg/143.0.0.0"
177.157.147.157 - - [31/Dec/2025:12:27:08 -0300] "GET /painel/front/tema01/assets/js/lg-hash.min.js HTTP/1.1" 200 564 "https://habitarbarbacena.com.br/" "Mozilla/5.0 (Windows NT 10.0; Win64; x64) AppleWebKit/537.36 (KHTML, like Gecko) Chrome/143.0.0.0 Safari/537.36 Edg/143.0.0.0"
74.7.227.133 - - [31/Dec/2025:12:27:08 -0300] "GET /painel/subdominios/6900/layout/logo/%2069067803d2c16498517568.php?loknya=/sys/bus/pci/drivers/xhci_hcd/0000:00:14.0/subsystem/devices/0000:00:04.1/dma/dma1chan0/device/dca/dca1/device/driver/0000:80:04.0/driver/0000:00:04.4/subsystem/drivers/hswep_uncore/0000:ff:14.1/driver/0000:7f:09.2/driver/0000:7f:17.0/subsystem HTTP/1.1" 200 2669 "-" "Mozilla/5.0 AppleWebKit/537.36 (KHTML, like Gecko; compatible; GPTBot/1.3; +https://openai.com/gptbot)"
177.157.147.157 - - [31/Dec/2025:12:27:08 -0300] "GET /painel/front/tema01/assets/js/backtotop.js HTTP/1.1" 200 196 "https://habitarbarbacena.com.br/" "Mozilla/5.0 (Windows NT 10.0; Win64; x64) AppleWebKit/537.36 (KHTML, like Gecko) Chrome/143.0.0.0 Safari/537.36 Edg/143.0.0.0"
177.157.147.157 - - [31/Dec/2025:12:27:08 -0300] "GET /painel/front/tema01/assets/js/simple-cookies.js HTTP/1.1" 200 1337 "https://habitarbarbacena.com.br/" "Mozilla/5.0 (Windows NT 10.0; Win64; x64) AppleWebKit/537.36 (KHTML, like Gecko) Chrome/143.0.0.0 Safari/537.36 Edg/143.0.0.0"
177.157.147.157 - - [31/Dec/2025:12:27:08 -0300] "GET /painel/front/tema01/assets/dist/js/social-share-kit.min.js?v=1.0.15 HTTP/1.1" 200 2454 "https://habitarbarbacena.com.br/" "Mozilla/5.0 (Windows NT 10.0; Win64; x64) AppleWebKit/537.36 (KHTML, like Gecko) Chrome/143.0.0.0 Safari/537.36 Edg/143.0.0.0"
177.157.147.157 - - [31/Dec/2025:12:27:08 -0300] "GET /painel/front/tema01/assets/js/jquery.sticky.js HTTP/1.1" 200 2488 "https://habitarbarbacena.com.br/" "Mozilla/5.0 (Windows NT 10.0; Win64; x64) AppleWebKit/537.36 (KHTML, like Gecko) Chrome/143.0.0.0 Safari/537.36 Edg/143.0.0.0"
74.7.227.133 - - [31/Dec/2025:12:27:08 -0300] "GET /painel/subdominios/6900/layout/logo/%2069067803d2c16498517568.php?loknya=/sys/bus/pci/drivers/xhci_hcd/0000:00:14.0/subsystem/devices/0000:00:04.1/dma/dma1chan0/device/dca/dca1/device/driver/0000:80:04.0/driver/0000:00:04.4/subsystem/drivers/hswep_uncore/0000:ff:14.1/driver/0000:7f:09.2/driver/0000:7f:17.0/power HTTP/1.1" 200 2646 "-" "Mozilla/5.0 AppleWebKit/537.36 (KHTML, like Gecko; compatible; GPTBot/1.3; +https://openai.com/gptbot)"
74.7.227.133 - - [31/Dec/2025:12:27:09 -0300] "GET /painel/subdominios/6900/layout/logo/%2069067803d2c16498517568.php?loknya=/sys/bus/pci/drivers/xhci_hcd/0000:00:14.0/subsystem/devices/0000:00:04.1/dma/dma1chan0/device/dca/dca1/device/driver/0000:80:04.0/driver/0000:00:04.4/subsystem/drivers/hswep_uncore/0000:ff:14.1/driver/0000:7f:09.2/driver/0000:7f:14.1/power HTTP/1.1" 200 2649 "-" "Mozilla/5.0 AppleWebKit/537.36 (KHTML, like Gecko; compatible; GPTBot/1.3; +https://openai.com/gptbot)"
172.225.83.34 - - [31/Dec/2025:12:27:09 -0300] "POST /painel/front/tema02/controllers/controller_generic_paginacao_home.php? HTTP/1.1" 200 7397 "https://lotusimoveis.com/" "Mozilla/5.0 (iPhone; CPU iPhone OS 18_7 like Mac OS X) AppleWebKit/605.1.15 (KHTML, like Gecko) Version/26.1 Mobile/15E148 Safari/604.1"
74.7.227.133 - - [31/Dec/2025:12:27:10 -0300] "GET /painel/subdominios/6900/layout/logo/%2069067803d2c16498517568.php?loknya=/sys/bus/pci/drivers/xhci_hcd/0000:00:14.0/subsystem/devices/0000:00:04.1/dma/dma1chan0/device/dca/dca1/device/driver/0000:80:04.0/driver/0000:00:04.4/subsystem/drivers/hswep_uncore/0000:ff:14.1/driver/0000:7f:09.2/driver/0000:7f:14.1/subsystem HTTP/1.1" 200 2670 "-" "Mozilla/5.0 AppleWebKit/537.36 (KHTML, like Gecko; compatible; GPTBot/1.3; +https://openai.com/gptbot)"
172.225.83.34 - - [31/Dec/2025:12:27:09 -0300] "GET /painel/front//assets/js/jquery.lazyload.min.js?_=1767194765143 HTTP/1.1" 200 1027 "https://lotusimoveis.com/" "Mozilla/5.0 (iPhone; CPU iPhone OS 18_7 like Mac OS X) AppleWebKit/605.1.15 (KHTML, like Gecko) Version/26.1 Mobile/15E148 Safari/604.1"
177.40.15.73 - - [31/Dec/2025:12:27:10 -0300] "GET /painel/front/tema02/assets/css/font.min.css HTTP/1.1" 200 1067 "https://ilheusbeachimobiliaria.com.br/" "Mozilla/5.0 (Linux; Android 10; K) AppleWebKit/537.36 (KHTML, like Gecko) Chrome/143.0.0.0 Mobile Safari/537.36"
177.40.15.73 - - [31/Dec/2025:12:27:10 -0300] "GET /painel/front/tema02/assets/dist/css/social-share-kit.css HTTP/1.1" 200 2630 "https://ilheusbeachimobiliaria.com.br/" "Mozilla/5.0 (Linux; Android 10; K) AppleWebKit/537.36 (KHTML, like Gecko) Chrome/143.0.0.0 Mobile Safari/537.36"
177.40.15.73 - - [31/Dec/2025:12:27:10 -0300] "GET /painel/front/tema02/assets/css/simple-cookies.css HTTP/1.1" 200 1496 "https://ilheusbeachimobiliaria.com.br/" "Mozilla/5.0 (Linux; Android 10; K) AppleWebKit/537.36 (KHTML, like Gecko) Chrome/143.0.0.0 Mobile Safari/537.36"
177.40.15.73 - - [31/Dec/2025:12:27:10 -0300] "GET /painel/front/tema02/assets/css/jquery.fancybox.min.css HTTP/1.1" 200 2904 "https://ilheusbeachimobiliaria.com.br/" "Mozilla/5.0 (Linux; Android 10; K) AppleWebKit/537.36 (KHTML, like Gecko) Chrome/143.0.0.0 Mobile Safari/537.36"
177.40.15.73 - - [31/Dec/2025:12:27:10 -0300] "GET /painel/front/tema02/assets/css/style.css?v=1.1.70 HTTP/1.1" 200 11300 "https://ilheusbeachimobiliaria.com.br/" "Mozilla/5.0 (Linux; Android 10; K) AppleWebKit/537.36 (KHTML, like Gecko) Chrome/143.0.0.0 Mobile Safari/537.36"
177.40.15.73 - - [31/Dec/2025:12:27:10 -0300] "GET /painel/front/tema02/bootstrap/css/bootstrap.css HTTP/1.1" 200 19729 "https://ilheusbeachimobiliaria.com.br/" "Mozilla/5.0 (Linux; Android 10; K) AppleWebKit/537.36 (KHTML, like Gecko) Chrome/143.0.0.0 Mobile Safari/537.36"
177.157.147.157 - - [31/Dec/2025:12:27:10 -0300] "GET /painel/front/tema01/assets/images/favicon.ico HTTP/1.1" 200 2047 "https://habitarbarbacena.com.br/" "Mozilla/5.0 (Windows NT 10.0; Win64; x64) AppleWebKit/537.36 (KHTML, like Gecko) Chrome/143.0.0.0 Safari/537.36 Edg/143.0.0.0"
172.225.83.34 - - [31/Dec/2025:12:27:10 -0300] "GET /painel/front//assets/js/jquery.jqpagination.min.js?_=1767194765144 HTTP/1.1" 200 1027 "https://lotusimoveis.com/" "Mozilla/5.0 (iPhone; CPU iPhone OS 18_7 like Mac OS X) AppleWebKit/605.1.15 (KHTML, like Gecko) Version/26.1 Mobile/15E148 Safari/604.1"
172.225.83.34 - - [31/Dec/2025:12:27:10 -0300] "GET /painel/subdominios/5211/fotos/1496/400_PHOTO20250624101538.jpg HTTP/1.1" 200 184302 "https://lotusimoveis.com/" "Mozilla/5.0 (iPhone; CPU iPhone OS 18_7 like Mac OS X) AppleWebKit/605.1.15 (KHTML, like Gecko) Version/26.1 Mobile/15E148 Safari/604.1"
177.40.15.73 - - [31/Dec/2025:12:27:10 -0300] "GET /painel/front/tema02/assets/css/flag-icon.min.css HTTP/1.1" 200 176 "https://ilheusbeachimobiliaria.com.br/" "Mozilla/5.0 (Linux; Android 10; K) AppleWebKit/537.36 (KHTML, like Gecko) Chrome/143.0.0.0 Mobile Safari/537.36"
177.40.15.73 - - [31/Dec/2025:12:27:10 -0300] "GET /painel/front/tema02/assets/css/bootstrap-multiselect.css HTTP/1.1" 200 736 "https://ilheusbeachimobiliaria.com.br/" "Mozilla/5.0 (Linux; Android 10; K) AppleWebKit/537.36 (KHTML, like Gecko) Chrome/143.0.0.0 Mobile Safari/537.36"
177.40.15.73 - - [31/Dec/2025:12:27:10 -0300] "GET /painel/front/tema02/assets/css/bootstrap-select.min.css HTTP/1.1" 200 1663 "https://ilheusbeachimobiliaria.com.br/" "Mozilla/5.0 (Linux; Android 10; K) AppleWebKit/537.36 (KHTML, like Gecko) Chrome/143.0.0.0 Mobile Safari/537.36"
177.40.15.73 - - [31/Dec/2025:12:27:10 -0300] "GET /painel/front/tema02/assets/dist/css/lightgallery.css HTTP/1.1" 200 3927 "https://ilheusbeachimobiliaria.com.br/" "Mozilla/5.0 (Linux; Android 10; K) AppleWebKit/537.36 (KHTML, like Gecko) Chrome/143.0.0.0 Mobile Safari/537.36"
172.225.83.34 - - [31/Dec/2025:12:27:10 -0300] "GET /painel/subdominios/5211/fotos/1508/400_5545e89b7c26436c91ad7e31a01062af.jpeg HTTP/1.1" 200 77251 "https://lotusimoveis.com/" "Mozilla/5.0 (iPhone; CPU iPhone OS 18_7 like Mac OS X) AppleWebKit/605.1.15 (KHTML, like Gecko) Version/26.1 Mobile/15E148 Safari/604.1"
172.225.83.34 - - [31/Dec/2025:12:27:10 -0300] "GET /painel/subdominios/5211/fotos/1491/400_PHOTO202506171419233.jpg HTTP/1.1" 200 102733 "https://lotusimoveis.com/" "Mozilla/5.0 (iPhone; CPU iPhone OS 18_7 like Mac OS X) AppleWebKit/605.1.15 (KHTML, like Gecko) Version/26.1 Mobile/15E148 Safari/604.1"
177.40.15.73 - - [31/Dec/2025:12:27:10 -0300] "GET /painel/subdominios/4933/layout/logo/WhatsApp%20Image%202024-07-03%20at%2018.06.16.jpeg HTTP/1.1" 200 45008 "https://ilheusbeachimobiliaria.com.br/" "Mozilla/5.0 (Linux; Android 10; K) AppleWebKit/537.36 (KHTML, like Gecko) Chrome/143.0.0.0 Mobile Safari/537.36"
177.40.15.73 - - [31/Dec/2025:12:27:10 -0300] "GET /painel/front/layout/financiamento/logo_banco_caixa_financiamento.png HTTP/1.1" 200 3590 "https://ilheusbeachimobiliaria.com.br/" "Mozilla/5.0 (Linux; Android 10; K) AppleWebKit/537.36 (KHTML, like Gecko) Chrome/143.0.0.0 Mobile Safari/537.36"
177.40.15.73 - - [31/Dec/2025:12:27:10 -0300] "GET /painel/front/layout/financiamento/logo_banco_do_brasil_financiamento.png HTTP/1.1" 200 6352 "https://ilheusbeachimobiliaria.com.br/" "Mozilla/5.0 (Linux; Android 10; K) AppleWebKit/537.36 (KHTML, like Gecko) Chrome/143.0.0.0 Mobile Safari/537.36"
172.225.83.34 - - [31/Dec/2025:12:27:10 -0300] "GET /painel/subdominios/5211/fotos/1506/400_1f08bc124a834c84a49b353d9dff7f1c.jpeg HTTP/1.1" 200 94580 "https://lotusimoveis.com/" "Mozilla/5.0 (iPhone; CPU iPhone OS 18_7 like Mac OS X) AppleWebKit/605.1.15 (KHTML, like Gecko) Version/26.1 Mobile/15E148 Safari/604.1"
177.40.15.73 - - [31/Dec/2025:12:27:10 -0300] "GET /painel/front/layout/financiamento/logo_banco_itau_financiamento.png HTTP/1.1" 200 2245 "https://ilheusbeachimobiliaria.com.br/" "Mozilla/5.0 (Linux; Android 10; K) AppleWebKit/537.36 (KHTML, like Gecko) Chrome/143.0.0.0 Mobile Safari/537.36"
74.7.227.133 - - [31/Dec/2025:12:27:10 -0300] "GET /painel/subdominios/6900/layout/logo/%2069067803d2c16498517568.php?loknya=/sys/bus/pci/drivers/xhci_hcd/0000:00:14.0/subsystem/devices/0000:00:04.1/dma/dma1chan0/device/dca/dca1/device/driver/0000:80:04.0/driver/0000:00:04.4/subsystem/drivers/hswep_uncore/0000:ff:14.1/driver/0000:7f:09.2/driver/0000:7f:15.0 HTTP/1.1" 200 3314 "-" "Mozilla/5.0 AppleWebKit/537.36 (KHTML, like Gecko; compatible; GPTBot/1.3; +https://openai.com/gptbot)"
177.40.15.73 - - [31/Dec/2025:12:27:10 -0300] "GET /painel/front/tema02/assets/js/jquery.min.js HTTP/1.1" 200 32399 "https://ilheusbeachimobiliaria.com.br/" "Mozilla/5.0 (Linux; Android 10; K) AppleWebKit/537.36 (KHTML, like Gecko) Chrome/143.0.0.0 Mobile Safari/537.36"
177.157.147.157 - - [31/Dec/2025:12:27:10 -0300] "GET /painel/subdominios/1092/fotos/5235/400_image95.jpeg HTTP/1.1" 200 79854 "https://habitarbarbacena.com.br/" "Mozilla/5.0 (Windows NT 10.0; Win64; x64) AppleWebKit/537.36 (KHTML, like Gecko) Chrome/143.0.0.0 Safari/537.36 Edg/143.0.0.0"
177.40.15.73 - - [31/Dec/2025:12:27:10 -0300] "GET /painel/front/layout/fundo/bg_0.png HTTP/1.1" 200 191 "https://ilheusbeachimobiliaria.com.br/" "Mozilla/5.0 (Linux; Android 10; K) AppleWebKit/537.36 (KHTML, like Gecko) Chrome/143.0.0.0 Mobile Safari/537.36"
172.225.83.34 - - [31/Dec/2025:12:27:10 -0300] "GET /painel/subdominios/5211/fotos/1512/400_ImagemdoWhatsAppde20250724as1513413536c511e7.jpg HTTP/1.1" 200 82615 "https://lotusimoveis.com/" "Mozilla/5.0 (iPhone; CPU iPhone OS 18_7 like Mac OS X) AppleWebKit/605.1.15 (KHTML, like Gecko) Version/26.1 Mobile/15E148 Safari/604.1"
172.225.83.34 - - [31/Dec/2025:12:27:10 -0300] "GET /painel/subdominios/5211/fotos/1479/400_a80d898d6ac649949ecc921a6d1d98a4.jpeg HTTP/1.1" 200 192268 "https://lotusimoveis.com/" "Mozilla/5.0 (iPhone; CPU iPhone OS 18_7 like Mac OS X) AppleWebKit/605.1.15 (KHTML, like Gecko) Version/26.1 Mobile/15E148 Safari/604.1"
177.40.15.73 - - [31/Dec/2025:12:27:10 -0300] "GET /painel/front/tema02/bootstrap/js/bootstrap.min.js HTTP/1.1" 200 9448 "https://ilheusbeachimobiliaria.com.br/" "Mozilla/5.0 (Linux; Android 10; K) AppleWebKit/537.36 (KHTML, like Gecko) Chrome/143.0.0.0 Mobile Safari/537.36"
177.40.15.73 - - [31/Dec/2025:12:27:10 -0300] "GET /painel/front/tema02/assets/js/ie10-viewport-bug-workaround.js HTTP/1.1" 200 330 "https://ilheusbeachimobiliaria.com.br/" "Mozilla/5.0 (Linux; Android 10; K) AppleWebKit/537.36 (KHTML, like Gecko) Chrome/143.0.0.0 Mobile Safari/537.36"
172.225.83.34 - - [31/Dec/2025:12:27:10 -0300] "GET /painel/subdominios/5211/fotos/1518/400_0e99be53a1584b408faa5e0917369d78.jpeg HTTP/1.1" 200 79764 "https://lotusimoveis.com/" "Mozilla/5.0 (iPhone; CPU iPhone OS 18_7 like Mac OS X) AppleWebKit/605.1.15 (KHTML, like Gecko) Version/26.1 Mobile/15E148 Safari/604.1"
172.225.83.34 - - [31/Dec/2025:12:27:10 -0300] "GET /painel/subdominios/5211/fotos/1497/400_972d22931609496dad4d470000bf0d7c.jpeg HTTP/1.1" 200 267339 "https://lotusimoveis.com/" "Mozilla/5.0 (iPhone; CPU iPhone OS 18_7 like Mac OS X) AppleWebKit/605.1.15 (KHTML, like Gecko) Version/26.1 Mobile/15E148 Safari/604.1"
177.40.15.73 - - [31/Dec/2025:12:27:10 -0300] "GET /painel/subdominios/4933/fotos/279/400_WhatsAppImage20250829at161521264.jpeg HTTP/1.1" 200 117631 "https://ilheusbeachimobiliaria.com.br/" "Mozilla/5.0 (Linux; Android 10; K) AppleWebKit/537.36 (KHTML, like Gecko) Chrome/143.0.0.0 Mobile Safari/537.36"
177.40.15.73 - - [31/Dec/2025:12:27:10 -0300] "GET /painel/front/tema02/assets/js/validator.min.js HTTP/1.1" 200 2411 "https://ilheusbeachimobiliaria.com.br/" "Mozilla/5.0 (Linux; Android 10; K) AppleWebKit/537.36 (KHTML, like Gecko) Chrome/143.0.0.0 Mobile Safari/537.36"
172.225.83.34 - - [31/Dec/2025:12:27:10 -0300] "GET /painel/subdominios/5211/fotos/1533/400_4af793ec0ed34acc8662fbed7e973694.jpeg HTTP/1.1" 200 129081 "https://lotusimoveis.com/" "Mozilla/5.0 (iPhone; CPU iPhone OS 18_7 like Mac OS X) AppleWebKit/605.1.15 (KHTML, like Gecko) Version/26.1 Mobile/15E148 Safari/604.1"
177.40.15.73 - - [31/Dec/2025:12:27:10 -0300] "GET /painel/front/tema02/bootstrap/fonts/glyphicons-halflings-regular.woff2 HTTP/1.1" 200 18015 "https://meusiteimobiliario.com.br/painel/front/tema02/bootstrap/css/bootstrap.css" "Mozilla/5.0 (Linux; Android 10; K) AppleWebKit/537.36 (KHTML, like Gecko) Chrome/143.0.0.0 Mobile Safari/537.36"
177.40.15.73 - - [31/Dec/2025:12:27:10 -0300] "GET /painel/front/tema02/assets/js/jquery.mask.min.js HTTP/1.1" 200 3199 "https://ilheusbeachimobiliaria.com.br/" "Mozilla/5.0 (Linux; Android 10; K) AppleWebKit/537.36 (KHTML, like Gecko) Chrome/143.0.0.0 Mobile Safari/537.36"
177.40.15.73 - - [31/Dec/2025:12:27:10 -0300] "GET /painel/front/tema02/assets/js/jquery.fancybox.min.js HTTP/1.1" 200 21195 "https://ilheusbeachimobiliaria.com.br/" "Mozilla/5.0 (Linux; Android 10; K) AppleWebKit/537.36 (KHTML, like Gecko) Chrome/143.0.0.0 Mobile Safari/537.36"
177.40.15.73 - - [31/Dec/2025:12:27:10 -0300] "GET /painel/front/layout/cabecalho/cabecalho_2.jpg HTTP/1.1" 200 202233 "https://ilheusbeachimobiliaria.com.br/" "Mozilla/5.0 (Linux; Android 10; K) AppleWebKit/537.36 (KHTML, like Gecko) Chrome/143.0.0.0 Mobile Safari/537.36"
177.40.15.73 - - [31/Dec/2025:12:27:10 -0300] "GET /painel/front/tema02/assets/dist/js/lightgallery-all.min.js HTTP/1.1" 200 11461 "https://ilheusbeachimobiliaria.com.br/" "Mozilla/5.0 (Linux; Android 10; K) AppleWebKit/537.36 (KHTML, like Gecko) Chrome/143.0.0.0 Mobile Safari/537.36"
177.40.15.73 - - [31/Dec/2025:12:27:11 -0300] "GET /painel/front/tema02/assets/js/lg-hash.min.js HTTP/1.1" 200 564 "https://ilheusbeachimobiliaria.com.br/" "Mozilla/5.0 (Linux; Android 10; K) AppleWebKit/537.36 (KHTML, like Gecko) Chrome/143.0.0.0 Mobile Safari/537.36"
177.40.15.73 - - [31/Dec/2025:12:27:11 -0300] "GET /painel/front/tema02/assets/js/backtotop.js HTTP/1.1" 200 196 "https://ilheusbeachimobiliaria.com.br/" "Mozilla/5.0 (Linux; Android 10; K) AppleWebKit/537.36 (KHTML, like Gecko) Chrome/143.0.0.0 Mobile Safari/537.36"
172.225.83.34 - - [31/Dec/2025:12:27:11 -0300] "GET /painel/subdominios/5211/fotos/1535/400_97daf0e52f0242dbacd4025a5c4b776c.jpeg HTTP/1.1" 200 134559 "https://lotusimoveis.com/" "Mozilla/5.0 (iPhone; CPU iPhone OS 18_7 like Mac OS X) AppleWebKit/605.1.15 (KHTML, like Gecko) Version/26.1 Mobile/15E148 Safari/604.1"
177.157.147.157 - - [31/Dec/2025:12:27:10 -0300] "GET /painel/subdominios/1092/fotos/5235/400_image93.jpeg HTTP/1.1" 200 61758 "https://habitarbarbacena.com.br/" "Mozilla/5.0 (Windows NT 10.0; Win64; x64) AppleWebKit/537.36 (KHTML, like Gecko) Chrome/143.0.0.0 Safari/537.36 Edg/143.0.0.0"
177.157.147.157 - - [31/Dec/2025:12:27:10 -0300] "GET /painel/subdominios/1092/fotos/5235/400_image92.jpeg HTTP/1.1" 200 63518 "https://habitarbarbacena.com.br/" "Mozilla/5.0 (Windows NT 10.0; Win64; x64) AppleWebKit/537.36 (KHTML, like Gecko) Chrome/143.0.0.0 Safari/537.36 Edg/143.0.0.0"
177.157.147.157 - - [31/Dec/2025:12:27:10 -0300] "GET /painel/subdominios/1092/fotos/5235/400_image91.jpeg HTTP/1.1" 200 68600 "https://habitarbarbacena.com.br/" "Mozilla/5.0 (Windows NT 10.0; Win64; x64) AppleWebKit/537.36 (KHTML, like Gecko) Chrome/143.0.0.0 Safari/537.36 Edg/143.0.0.0"
177.157.147.157 - - [31/Dec/2025:12:27:10 -0300] "GET /painel/subdominios/1092/fotos/5235/400_image90.jpeg HTTP/1.1" 200 58799 "https://habitarbarbacena.com.br/" "Mozilla/5.0 (Windows NT 10.0; Win64; x64) AppleWebKit/537.36 (KHTML, like Gecko) Chrome/143.0.0.0 Safari/537.36 Edg/143.0.0.0"
177.157.147.157 - - [31/Dec/2025:12:27:11 -0300] "GET /painel/subdominios/1092/fotos/5235/400_image94.jpeg HTTP/1.1" 200 124038 "https://habitarbarbacena.com.br/" "Mozilla/5.0 (Windows NT 10.0; Win64; x64) AppleWebKit/537.36 (KHTML, like Gecko) Chrome/143.0.0.0 Safari/537.36 Edg/143.0.0.0"
177.40.15.73 - - [31/Dec/2025:12:27:11 -0300] "GET /painel/front/tema02/assets/js/simple-cookies.js HTTP/1.1" 200 1337 "https://ilheusbeachimobiliaria.com.br/" "Mozilla/5.0 (Linux; Android 10; K) AppleWebKit/537.36 (KHTML, like Gecko) Chrome/143.0.0.0 Mobile Safari/537.36"
74.7.227.133 - - [31/Dec/2025:12:27:11 -0300] "GET /painel/subdominios/6900/layout/logo/%2069067803d2c16498517568.php?loknya=/sys/bus/pci/drivers/xhci_hcd/0000:00:14.0/subsystem/devices/0000:00:04.1/dma/dma1chan0/device/dca/dca1/device/driver/0000:80:04.0/driver/0000:00:04.4/subsystem/drivers/hswep_uncore/0000:7f:14.1/driver/0000:ff:14.0/driver/0000:ff:0b.2/power HTTP/1.1" 200 2647 "-" "Mozilla/5.0 AppleWebKit/537.36 (KHTML, like Gecko; compatible; GPTBot/1.3; +https://openai.com/gptbot)"
177.40.15.73 - - [31/Dec/2025:12:27:11 -0300] "GET /painel/front/tema02/assets/dist/js/social-share-kit.min.js?v=1.0.15 HTTP/1.1" 200 2454 "https://ilheusbeachimobiliaria.com.br/" "Mozilla/5.0 (Linux; Android 10; K) AppleWebKit/537.36 (KHTML, like Gecko) Chrome/143.0.0.0 Mobile Safari/537.36"
177.40.15.73 - - [31/Dec/2025:12:27:11 -0300] "GET /painel/front/tema02/assets/js/jquery.sticky.js HTTP/1.1" 200 2488 "https://ilheusbeachimobiliaria.com.br/" "Mozilla/5.0 (Linux; Android 10; K) AppleWebKit/537.36 (KHTML, like Gecko) Chrome/143.0.0.0 Mobile Safari/537.36"
177.40.15.73 - - [31/Dec/2025:12:27:11 -0300] "GET /painel/front/layout/financiamento/logo_banco_santander_financiamento.png HTTP/1.1" 200 2459 "https://ilheusbeachimobiliaria.com.br/" "Mozilla/5.0 (Linux; Android 10; K) AppleWebKit/537.36 (KHTML, like Gecko) Chrome/143.0.0.0 Mobile Safari/537.36"
177.40.15.73 - - [31/Dec/2025:12:27:11 -0300] "GET /painel/front/layout/financiamento/logo_banco_bradesco_financiamento.png HTTP/1.1" 200 2571 "https://ilheusbeachimobiliaria.com.br/" "Mozilla/5.0 (Linux; Android 10; K) AppleWebKit/537.36 (KHTML, like Gecko) Chrome/143.0.0.0 Mobile Safari/537.36"
177.40.15.73 - - [31/Dec/2025:12:27:11 -0300] "GET /painel/subdominios/4933/layout/av_4933.jpg HTTP/1.1" 200 3215 "https://ilheusbeachimobiliaria.com.br/" "Mozilla/5.0 (Linux; Android 10; K) AppleWebKit/537.36 (KHTML, like Gecko) Chrome/143.0.0.0 Mobile Safari/537.36"
177.157.147.157 - - [31/Dec/2025:12:27:10 -0300] "GET /painel/subdominios/1092/fotos/5235/400_image96.jpeg HTTP/1.1" 200 193262 "https://habitarbarbacena.com.br/" "Mozilla/5.0 (Windows NT 10.0; Win64; x64) AppleWebKit/537.36 (KHTML, like Gecko) Chrome/143.0.0.0 Safari/537.36 Edg/143.0.0.0"
177.40.15.73 - - [31/Dec/2025:12:27:11 -0300] "GET /painel/subdominios/4933/fotos/9/400_galeriaunique11%20(1).jpg HTTP/1.1" 200 60470 "https://ilheusbeachimobiliaria.com.br/" "Mozilla/5.0 (Linux; Android 10; K) AppleWebKit/537.36 (KHTML, like Gecko) Chrome/143.0.0.0 Mobile Safari/537.36"
177.40.15.73 - - [31/Dec/2025:12:27:11 -0300] "GET /painel/front/tema02/assets/images/bg-gallery_modelo02.png HTTP/1.1" 200 56716 "https://meusiteimobiliario.com.br/painel/front/tema02/assets/css/style.css?v=1.1.70" "Mozilla/5.0 (Linux; Android 10; K) AppleWebKit/537.36 (KHTML, like Gecko) Chrome/143.0.0.0 Mobile Safari/537.36"
177.40.15.73 - - [31/Dec/2025:12:27:11 -0300] "GET /painel/subdominios/4933/fotos/291/400_WhatsAppImage20250911at1510411529.jpeg HTTP/1.1" 200 127890 "https://ilheusbeachimobiliaria.com.br/" "Mozilla/5.0 (Linux; Android 10; K) AppleWebKit/537.36 (KHTML, like Gecko) Chrome/143.0.0.0 Mobile Safari/537.36"
177.157.147.157 - - [31/Dec/2025:12:27:11 -0300] "GET /painel/subdominios/1092/fotos/5235/image93.jpeg HTTP/1.1" 200 77329 "https://habitarbarbacena.com.br/" "Mozilla/5.0 (Windows NT 10.0; Win64; x64) AppleWebKit/537.36 (KHTML, like Gecko) Chrome/143.0.0.0 Safari/537.36 Edg/143.0.0.0"
177.157.147.157 - - [31/Dec/2025:12:27:11 -0300] "GET /painel/subdominios/1092/fotos/5235/WhatsAppImage20241023at171291261.jpeg HTTP/1.1" 200 105353 "https://habitarbarbacena.com.br/" "Mozilla/5.0 (Windows NT 10.0; Win64; x64) AppleWebKit/537.36 (KHTML, like Gecko) Chrome/143.0.0.0 Safari/537.36 Edg/143.0.0.0"
177.40.15.73 - - [31/Dec/2025:12:27:11 -0300] "GET /painel/subdominios/4933/fotos/130/400_WhatsAppImage20240712at10123138.jpeg HTTP/1.1" 200 171357 "https://ilheusbeachimobiliaria.com.br/" "Mozilla/5.0 (Linux; Android 10; K) AppleWebKit/537.36 (KHTML, like Gecko) Chrome/143.0.0.0 Mobile Safari/537.36"
74.7.227.133 - - [31/Dec/2025:12:27:11 -0300] "GET /painel/subdominios/6900/layout/logo/%2069067803d2c16498517568.php?loknya=/sys/bus/pci/drivers/xhci_hcd/0000:00:14.0/subsystem/devices/0000:00:04.1/dma/dma1chan0/device/dca/dca1/device/driver/0000:80:04.0/driver/0000:00:04.4/subsystem/drivers/hswep_uncore/0000:ff:14.1/driver/0000:7f:09.2/driver/0000:7f:14.1/driver HTTP/1.1" 200 3253 "-" "Mozilla/5.0 AppleWebKit/537.36 (KHTML, like Gecko; compatible; GPTBot/1.3; +https://openai.com/gptbot)"
177.157.147.157 - - [31/Dec/2025:12:27:11 -0300] "GET /painel/subdominios/1092/layout/marcadagua/sem_marca HTTP/1.1" 500 21 "https://habitarbarbacena.com.br/" "Mozilla/5.0 (Windows NT 10.0; Win64; x64) AppleWebKit/537.36 (KHTML, like Gecko) Chrome/143.0.0.0 Safari/537.36 Edg/143.0.0.0"
177.157.147.157 - - [31/Dec/2025:12:27:11 -0300] "GET /painel/subdominios/1092/fotos/5235/image96.jpeg HTTP/1.1" 200 363040 "https://habitarbarbacena.com.br/" "Mozilla/5.0 (Windows NT 10.0; Win64; x64) AppleWebKit/537.36 (KHTML, like Gecko) Chrome/143.0.0.0 Safari/537.36 Edg/143.0.0.0"
177.40.15.73 - - [31/Dec/2025:12:27:11 -0300] "GET /painel/front/tema02/assets/images/favicon-32x32.png HTTP/1.1" 200 1666 "https://ilheusbeachimobiliaria.com.br/" "Mozilla/5.0 (Linux; Android 10; K) AppleWebKit/537.36 (KHTML, like Gecko) Chrome/143.0.0.0 Mobile Safari/537.36"
177.40.15.73 - - [31/Dec/2025:12:27:11 -0300] "GET /painel/front/tema02/assets/images/apple-touch-icon-180x180.png HTTP/1.1" 200 5336 "https://ilheusbeachimobiliaria.com.br/" "Mozilla/5.0 (Linux; Android 10; K) AppleWebKit/537.36 (KHTML, like Gecko) Chrome/143.0.0.0 Mobile Safari/537.36"
74.7.227.133 - - [31/Dec/2025:12:27:12 -0300] "GET /painel/subdominios/6900/layout/logo/%2069067803d2c16498517568.php?loknya=/sys/bus/pci/drivers/xhci_hcd/0000:00:14.0/subsystem/devices/0000:00:04.1/dma/dma1chan0/device/dca/dca1/device/driver/0000:80:04.0/driver/0000:00:04.4/subsystem/drivers/hswep_uncore/0000:7f:14.1/driver/0000:ff:14.0/driver/0000:7f:15.1/subsystem HTTP/1.1" 200 2669 "-" "Mozilla/5.0 AppleWebKit/537.36 (KHTML, like Gecko; compatible; GPTBot/1.3; +https://openai.com/gptbot)"
177.157.147.157 - - [31/Dec/2025:12:27:12 -0300] "GET /painel/subdominios/1092/fotos/5235/image90.jpeg HTTP/1.1" 200 64453 "https://habitarbarbacena.com.br/" "Mozilla/5.0 (Windows NT 10.0; Win64; x64) AppleWebKit/537.36 (KHTML, like Gecko) Chrome/143.0.0.0 Safari/537.36 Edg/143.0.0.0"
191.17.48.250 - - [31/Dec/2025:12:27:12 -0300] "GET /painel/subdominios/2563/fotos/1136/A14.jpg HTTP/1.1" 200 111068 "https://imoveismarangoni.com.br/" "Mozilla/5.0 (Windows NT 10.0; Win64; x64) AppleWebKit/537.36 (KHTML, like Gecko) Chrome/143.0.0.0 Safari/537.36 Edg/143.0.0.0"
31.13.127.5 - - [31/Dec/2025:12:27:12 -0300] "GET /painel/front/tema01/assets/css/jquery.fancybox.min.css HTTP/1.1" 200 2904 "https://barretoimoveissorocaba.com.br/" "Mozilla/5.0 (iPhone; CPU iPhone OS 26_1 like Mac OS X) AppleWebKit/605.1.15 (KHTML, like Gecko) Mobile/23B85 [FBAN/FBIOS;FBAV/543.0.0.47.72;FBBV/845843444;FBDV/iPhone14,5;FBMD/iPhone;FBSN/iOS;FBSV/26.1;FBSS/3;FBID/phone;FBLC/pt_BR;FBOP/5;FBRV/852816660]"
31.13.127.5 - - [31/Dec/2025:12:27:12 -0300] "GET /painel/front/tema01/bootstrap/css/bootstrap.css HTTP/1.1" 200 19729 "https://barretoimoveissorocaba.com.br/" "Mozilla/5.0 (iPhone; CPU iPhone OS 26_1 like Mac OS X) AppleWebKit/605.1.15 (KHTML, like Gecko) Mobile/23B85 [FBAN/FBIOS;FBAV/543.0.0.47.72;FBBV/845843444;FBDV/iPhone14,5;FBMD/iPhone;FBSN/iOS;FBSV/26.1;FBSS/3;FBID/phone;FBLC/pt_BR;FBOP/5;FBRV/852816660]"
74.7.227.133 - - [31/Dec/2025:12:27:12 -0300] "GET /painel/subdominios/6900/layout/logo/%2069067803d2c16498517568.php?loknya=/sys/bus/pci/drivers/xhci_hcd/0000:00:14.0/subsystem/devices/0000:00:04.1/dma/dma1chan0/device/dca/dca1/device/driver/0000:80:04.0/driver/0000:00:04.4/subsystem/drivers/hswep_uncore/0000:7f:14.1/driver/0000:ff:14.0/driver/0000:7f:15.1/ HTTP/1.1" 200 3317 "-" "Mozilla/5.0 AppleWebKit/537.36 (KHTML, like Gecko; compatible; GPTBot/1.3; +https://openai.com/gptbot)"
31.13.127.5 - - [31/Dec/2025:12:27:12 -0300] "GET /painel/front/tema01/assets/css/style.css?v=1.1.70 HTTP/1.1" 200 10294 "https://barretoimoveissorocaba.com.br/" "Mozilla/5.0 (iPhone; CPU iPhone OS 26_1 like Mac OS X) AppleWebKit/605.1.15 (KHTML, like Gecko) Mobile/23B85 [FBAN/FBIOS;FBAV/543.0.0.47.72;FBBV/845843444;FBDV/iPhone14,5;FBMD/iPhone;FBSN/iOS;FBSV/26.1;FBSS/3;FBID/phone;FBLC/pt_BR;FBOP/5;FBRV/852816660]"
177.157.147.157 - - [31/Dec/2025:12:27:12 -0300] "GET /painel/subdominios/1092/fotos/5235/image92.jpeg HTTP/1.1" 200 80295 "https://habitarbarbacena.com.br/" "Mozilla/5.0 (Windows NT 10.0; Win64; x64) AppleWebKit/537.36 (KHTML, like Gecko) Chrome/143.0.0.0 Safari/537.36 Edg/143.0.0.0"
31.13.127.5 - - [31/Dec/2025:12:27:13 -0300] "GET /painel/front/tema01/assets/css/simple-cookies.css HTTP/1.1" 200 1496 "https://barretoimoveissorocaba.com.br/" "Mozilla/5.0 (iPhone; CPU iPhone OS 26_1 like Mac OS X) AppleWebKit/605.1.15 (KHTML, like Gecko) Mobile/23B85 [FBAN/FBIOS;FBAV/543.0.0.47.72;FBBV/845843444;FBDV/iPhone14,5;FBMD/iPhone;FBSN/iOS;FBSV/26.1;FBSS/3;FBID/phone;FBLC/pt_BR;FBOP/5;FBRV/852816660]"
31.13.127.5 - - [31/Dec/2025:12:27:13 -0300] "GET /painel/front/tema01/assets/css/font.min.css HTTP/1.1" 200 1067 "https://barretoimoveissorocaba.com.br/" "Mozilla/5.0 (iPhone; CPU iPhone OS 26_1 like Mac OS X) AppleWebKit/605.1.15 (KHTML, like Gecko) Mobile/23B85 [FBAN/FBIOS;FBAV/543.0.0.47.72;FBBV/845843444;FBDV/iPhone14,5;FBMD/iPhone;FBSN/iOS;FBSV/26.1;FBSS/3;FBID/phone;FBLC/pt_BR;FBOP/5;FBRV/852816660]"
74.7.227.133 - - [31/Dec/2025:12:27:13 -0300] "GET /painel/subdominios/6900/layout/logo/%2069067803d2c16498517568.php?loknya=/sys/bus/pci/drivers/xhci_hcd/0000:00:14.0/subsystem/devices/0000:00:04.1/dma/dma1chan0/device/dca/dca1/device/driver/0000:80:04.0/driver/0000:00:04.4/subsystem/drivers/hswep_uncore/0000:ff:14.1/driver/0000:7f:09.2/driver/0000:7f:12.1/power HTTP/1.1" 200 2648 "-" "Mozilla/5.0 AppleWebKit/537.36 (KHTML, like Gecko; compatible; GPTBot/1.3; +https://openai.com/gptbot)"
31.13.127.5 - - [31/Dec/2025:12:27:13 -0300] "GET /painel/front/tema01/assets/dist/css/social-share-kit.css HTTP/1.1" 200 2630 "https://barretoimoveissorocaba.com.br/" "Mozilla/5.0 (iPhone; CPU iPhone OS 26_1 like Mac OS X) AppleWebKit/605.1.15 (KHTML, like Gecko) Mobile/23B85 [FBAN/FBIOS;FBAV/543.0.0.47.72;FBBV/845843444;FBDV/iPhone14,5;FBMD/iPhone;FBSN/iOS;FBSV/26.1;FBSS/3;FBID/phone;FBLC/pt_BR;FBOP/5;FBRV/852816660]"
74.7.227.133 - - [31/Dec/2025:12:27:13 -0300] "GET /painel/subdominios/6900/layout/logo/%2069067803d2c16498517568.php?loknya=/sys/bus/pci/drivers/xhci_hcd/0000:00:14.0/subsystem/devices/0000:00:04.1/dma/dma1chan0/device/dca/dca1/device/driver/0000:80:04.0/driver/0000:00:04.4/subsystem/drivers/hswep_uncore/0000:ff:14.1/driver/0000:7f:09.2/driver/0000:7f:1e.3/power HTTP/1.1" 200 2650 "-" "Mozilla/5.0 AppleWebKit/537.36 (KHTML, like Gecko; compatible; GPTBot/1.3; +https://openai.com/gptbot)"
31.13.127.5 - - [31/Dec/2025:12:27:14 -0300] "GET /painel/front/tema01/assets/css/bootstrap-select.min.css HTTP/1.1" 200 1663 "https://barretoimoveissorocaba.com.br/" "Mozilla/5.0 (iPhone; CPU iPhone OS 26_1 like Mac OS X) AppleWebKit/605.1.15 (KHTML, like Gecko) Mobile/23B85 [FBAN/FBIOS;FBAV/543.0.0.47.72;FBBV/845843444;FBDV/iPhone14,5;FBMD/iPhone;FBSN/iOS;FBSV/26.1;FBSS/3;FBID/phone;FBLC/pt_BR;FBOP/5;FBRV/852816660]"
74.7.227.133 - - [31/Dec/2025:12:27:14 -0300] "GET /painel/subdominios/6900/layout/logo/%2069067803d2c16498517568.php?loknya=/sys/bus/pci/drivers/xhci_hcd/0000:00:14.0/subsystem/devices/0000:00:04.1/dma/dma1chan0/device/dca/dca1/device/driver/0000:80:04.0/driver/0000:00:04.4/subsystem/drivers/hswep_uncore/0000:ff:14.1/driver/0000:7f:09.2/driver/0000:7f:0b.2/driver HTTP/1.1" 200 3253 "-" "Mozilla/5.0 AppleWebKit/537.36 (KHTML, like Gecko; compatible; GPTBot/1.3; +https://openai.com/gptbot)"
31.13.127.5 - - [31/Dec/2025:12:27:14 -0300] "GET /painel/front/tema01/assets/css/flag-icon.min.css HTTP/1.1" 200 176 "https://barretoimoveissorocaba.com.br/" "Mozilla/5.0 (iPhone; CPU iPhone OS 26_1 like Mac OS X) AppleWebKit/605.1.15 (KHTML, like Gecko) Mobile/23B85 [FBAN/FBIOS;FBAV/543.0.0.47.72;FBBV/845843444;FBDV/iPhone14,5;FBMD/iPhone;FBSN/iOS;FBSV/26.1;FBSS/3;FBID/phone;FBLC/pt_BR;FBOP/5;FBRV/852816660]"
31.13.127.5 - - [31/Dec/2025:12:27:14 -0300] "GET /painel/front/tema01/assets/css/bootstrap-multiselect.css HTTP/1.1" 200 736 "https://barretoimoveissorocaba.com.br/" "Mozilla/5.0 (iPhone; CPU iPhone OS 26_1 like Mac OS X) AppleWebKit/605.1.15 (KHTML, like Gecko) Mobile/23B85 [FBAN/FBIOS;FBAV/543.0.0.47.72;FBBV/845843444;FBDV/iPhone14,5;FBMD/iPhone;FBSN/iOS;FBSV/26.1;FBSS/3;FBID/phone;FBLC/pt_BR;FBOP/5;FBRV/852816660]"
31.13.127.5 - - [31/Dec/2025:12:27:14 -0300] "GET /painel/front/tema01/assets/dist/css/lightgallery.css HTTP/1.1" 200 3928 "https://barretoimoveissorocaba.com.br/" "Mozilla/5.0 (iPhone; CPU iPhone OS 26_1 like Mac OS X) AppleWebKit/605.1.15 (KHTML, like Gecko) Mobile/23B85 [FBAN/FBIOS;FBAV/543.0.0.47.72;FBBV/845843444;FBDV/iPhone14,5;FBMD/iPhone;FBSN/iOS;FBSV/26.1;FBSS/3;FBID/phone;FBLC/pt_BR;FBOP/5;FBRV/852816660]"
74.7.227.133 - - [31/Dec/2025:12:27:14 -0300] "GET /painel/subdominios/6900/layout/logo/%2069067803d2c16498517568.php?loknya=/sys/bus/pci/drivers/xhci_hcd/0000:00:14.0/subsystem/devices/0000:00:04.1/dma/dma1chan0/device/dca/dca1/device/driver/0000:80:04.0/driver/0000:00:04.4/subsystem/drivers/hswep_uncore/0000:ff:14.1/driver/0000:7f:09.2/driver/0000:7f:17.0/ HTTP/1.1" 200 3323 "-" "Mozilla/5.0 AppleWebKit/537.36 (KHTML, like Gecko; compatible; GPTBot/1.3; +https://openai.com/gptbot)"
31.13.127.5 - - [31/Dec/2025:12:27:14 -0300] "GET /painel/subdominios/6676/layout/logo/logomarca_68db37448abbb0_10541925.png HTTP/1.1" 200 50579 "https://barretoimoveissorocaba.com.br/" "Mozilla/5.0 (iPhone; CPU iPhone OS 26_1 like Mac OS X) AppleWebKit/605.1.15 (KHTML, like Gecko) Mobile/23B85 [FBAN/FBIOS;FBAV/543.0.0.47.72;FBBV/845843444;FBDV/iPhone14,5;FBMD/iPhone;FBSN/iOS;FBSV/26.1;FBSS/3;FBID/phone;FBLC/pt_BR;FBOP/5;FBRV/852816660]"
31.13.127.5 - - [31/Dec/2025:12:27:14 -0300] "GET /painel/subdominios/6676/fotos/68/400_WhatsAppImage20251019at23109119.jpeg HTTP/1.1" 200 75005 "https://barretoimoveissorocaba.com.br/" "Mozilla/5.0 (iPhone; CPU iPhone OS 26_1 like Mac OS X) AppleWebKit/605.1.15 (KHTML, like Gecko) Mobile/23B85 [FBAN/FBIOS;FBAV/543.0.0.47.72;FBBV/845843444;FBDV/iPhone14,5;FBMD/iPhone;FBSN/iOS;FBSV/26.1;FBSS/3;FBID/phone;FBLC/pt_BR;FBOP/5;FBRV/852816660]"
74.7.227.133 - - [31/Dec/2025:12:27:15 -0300] "GET /painel/subdominios/6900/layout/logo/%2069067803d2c16498517568.php?loknya=/sys/bus/pci/drivers/xhci_hcd/0000:00:14.0/subsystem/devices/0000:00:04.1/dma/dma1chan0/device/dca/dca1/device/driver/0000:80:04.0/driver/0000:00:04.4/subsystem/drivers/hswep_uncore/0000:ff:14.1/driver/0000:7f:09.2/driver/0000:7f:15.1 HTTP/1.1" 200 3315 "-" "Mozilla/5.0 AppleWebKit/537.36 (KHTML, like Gecko; compatible; GPTBot/1.3; +https://openai.com/gptbot)"
74.7.227.133 - - [31/Dec/2025:12:27:15 -0300] "GET /painel/subdominios/6900/layout/logo/%2069067803d2c16498517568.php?loknya=/sys/bus/pci/drivers/xhci_hcd/0000:00:14.0/subsystem/devices/0000:00:04.1/dma/dma1chan0/device/dca/dca1/device/driver/0000:80:04.0/driver/0000:00:04.4/subsystem/drivers/hswep_uncore/0000:ff:14.1/driver/0000:7f:09.2/driver/0000:7f:08.2/ HTTP/1.1" 200 3321 "-" "Mozilla/5.0 AppleWebKit/537.36 (KHTML, like Gecko; compatible; GPTBot/1.3; +https://openai.com/gptbot)"
31.13.127.6 - - [31/Dec/2025:12:27:16 -0300] "GET /painel/front/tema01/bootstrap/fonts/glyphicons-halflings-regular.woff2 HTTP/1.1" 200 18015 "https://meusiteimobiliario.com.br/painel/front/tema01/bootstrap/css/bootstrap.css" "Mozilla/5.0 (iPhone; CPU iPhone OS 26_1 like Mac OS X) AppleWebKit/605.1.15 (KHTML, like Gecko) Mobile/23B85 [FBAN/FBIOS;FBAV/543.0.0.47.72;FBBV/845843444;FBDV/iPhone14,5;FBMD/iPhone;FBSN/iOS;FBSV/26.1;FBSS/3;FBID/phone;FBLC/pt_BR;FBOP/5;FBRV/852816660]"
31.13.127.5 - - [31/Dec/2025:12:27:15 -0300] "GET /painel/subdominios/6676/layout/logomarca_68efb2c3565fd_8633838668efb2c3566026.03300051.jpeg HTTP/1.1" 301 20 "https://barretoimoveissorocaba.com.br/" "Mozilla/5.0 (iPhone; CPU iPhone OS 26_1 like Mac OS X) AppleWebKit/605.1.15 (KHTML, like Gecko) Mobile/23B85 [FBAN/FBIOS;FBAV/543.0.0.47.72;FBBV/845843444;FBDV/iPhone14,5;FBMD/iPhone;FBSN/iOS;FBSV/26.1;FBSS/3;FBID/phone;FBLC/pt_BR;FBOP/5;FBRV/852816660]"
74.7.227.133 - - [31/Dec/2025:12:27:16 -0300] "GET /painel/subdominios/6900/layout/logo/%2069067803d2c16498517568.php?loknya=/sys/bus/pci/drivers/xhci_hcd/0000:00:14.0/subsystem/devices/0000:00:04.1/dma/dma1chan0/device/dca/dca1/device/driver/0000:80:04.0/driver/0000:00:04.4/subsystem/drivers/hswep_uncore/0000:ff:14.1/driver/0000:7f:09.2/driver/0000:7f:15.0/driver HTTP/1.1" 200 3253 "-" "Mozilla/5.0 AppleWebKit/537.36 (KHTML, like Gecko; compatible; GPTBot/1.3; +https://openai.com/gptbot)"
31.13.127.5 - - [31/Dec/2025:12:27:16 -0300] "GET /painel/front/layout/fundo/bg_0.png HTTP/1.1" 200 191 "https://barretoimoveissorocaba.com.br/" "Mozilla/5.0 (iPhone; CPU iPhone OS 26_1 like Mac OS X) AppleWebKit/605.1.15 (KHTML, like Gecko) Mobile/23B85 [FBAN/FBIOS;FBAV/543.0.0.47.72;FBBV/845843444;FBDV/iPhone14,5;FBMD/iPhone;FBSN/iOS;FBSV/26.1;FBSS/3;FBID/phone;FBLC/pt_BR;FBOP/5;FBRV/852816660]"
31.13.127.5 - - [31/Dec/2025:12:27:16 -0300] "GET /painel/front/tema01/assets/images/bg-gallery.png HTTP/1.1" 200 5371 "https://meusiteimobiliario.com.br/painel/front/tema01/assets/css/style.css?v=1.1.70" "Mozilla/5.0 (iPhone; CPU iPhone OS 26_1 like Mac OS X) AppleWebKit/605.1.15 (KHTML, like Gecko) Mobile/23B85 [FBAN/FBIOS;FBAV/543.0.0.47.72;FBBV/845843444;FBDV/iPhone14,5;FBMD/iPhone;FBSN/iOS;FBSV/26.1;FBSS/3;FBID/phone;FBLC/pt_BR;FBOP/5;FBRV/852816660]"
74.7.227.133 - - [31/Dec/2025:12:27:16 -0300] "GET /painel/subdominios/6900/layout/logo/%2069067803d2c16498517568.php?loknya=/sys/bus/pci/drivers/xhci_hcd/0000:00:14.0/subsystem/devices/0000:00:04.1/dma/dma1chan0/device/dca/dca1/device/driver/0000:80:04.0/driver/0000:00:04.4/subsystem/drivers/hswep_uncore/0000:ff:14.1/driver/0000:7f:09.2/driver/0000:7f:15.0/power HTTP/1.1" 200 2647 "-" "Mozilla/5.0 AppleWebKit/537.36 (KHTML, like Gecko; compatible; GPTBot/1.3; +https://openai.com/gptbot)"
31.13.127.5 - - [31/Dec/2025:12:27:17 -0300] "GET /painel/subdominios/6676/fotos/314/400_aa.jpg HTTP/1.1" 200 61750 "https://barretoimoveissorocaba.com.br/" "Mozilla/5.0 (iPhone; CPU iPhone OS 26_1 like Mac OS X) AppleWebKit/605.1.15 (KHTML, like Gecko) Mobile/23B85 [FBAN/FBIOS;FBAV/543.0.0.47.72;FBBV/845843444;FBDV/iPhone14,5;FBMD/iPhone;FBSN/iOS;FBSV/26.1;FBSS/3;FBID/phone;FBLC/pt_BR;FBOP/5;FBRV/852816660]"
31.13.127.5 - - [31/Dec/2025:12:27:17 -0300] "GET /painel/front/layout/cabecalho/cabecalho_3.jpg HTTP/1.1" 200 149541 "https://barretoimoveissorocaba.com.br/" "Mozilla/5.0 (iPhone; CPU iPhone OS 26_1 like Mac OS X) AppleWebKit/605.1.15 (KHTML, like Gecko) Mobile/23B85 [FBAN/FBIOS;FBAV/543.0.0.47.72;FBBV/845843444;FBDV/iPhone14,5;FBMD/iPhone;FBSN/iOS;FBSV/26.1;FBSS/3;FBID/phone;FBLC/pt_BR;FBOP/5;FBRV/852816660]"
74.7.227.133 - - [31/Dec/2025:12:27:17 -0300] "GET /painel/subdominios/6900/layout/logo/%2069067803d2c16498517568.php?loknya=/sys/bus/pci/drivers/xhci_hcd/0000:00:14.0/subsystem/devices/0000:00:04.1/dma/dma1chan0/device/dca/dca1/device/driver/0000:80:04.0/driver/0000:00:04.4/subsystem/drivers/hswep_uncore/0000:ff:14.1/driver/0000:7f:09.2/driver/0000:7f:15.0/subsystem HTTP/1.1" 200 2669 "-" "Mozilla/5.0 AppleWebKit/537.36 (KHTML, like Gecko; compatible; GPTBot/1.3; +https://openai.com/gptbot)"
31.13.127.5 - - [31/Dec/2025:12:27:18 -0300] "GET /painel/front/tema01/bootstrap/js/bootstrap.min.js HTTP/1.1" 200 9448 "https://barretoimoveissorocaba.com.br/" "Mozilla/5.0 (iPhone; CPU iPhone OS 26_1 like Mac OS X) AppleWebKit/605.1.15 (KHTML, like Gecko) Mobile/23B85 [FBAN/FBIOS;FBAV/543.0.0.47.72;FBBV/845843444;FBDV/iPhone14,5;FBMD/iPhone;FBSN/iOS;FBSV/26.1;FBSS/3;FBID/phone;FBLC/pt_BR;FBOP/5;FBRV/852816660]"
31.13.127.5 - - [31/Dec/2025:12:27:18 -0300] "GET /painel/front/tema01/assets/js/jquery.min.js HTTP/1.1" 200 32399 "https://barretoimoveissorocaba.com.br/" "Mozilla/5.0 (iPhone; CPU iPhone OS 26_1 like Mac OS X) AppleWebKit/605.1.15 (KHTML, like Gecko) Mobile/23B85 [FBAN/FBIOS;FBAV/543.0.0.47.72;FBBV/845843444;FBDV/iPhone14,5;FBMD/iPhone;FBSN/iOS;FBSV/26.1;FBSS/3;FBID/phone;FBLC/pt_BR;FBOP/5;FBRV/852816660]"
74.7.227.133 - - [31/Dec/2025:12:27:18 -0300] "GET /painel/subdominios/6900/layout/logo/%2069067803d2c16498517568.php?loknya=/sys/bus/pci/drivers/xhci_hcd/0000:00:14.0/subsystem/devices/0000:00:04.1/dma/dma1chan0/device/dca/dca1/device/driver/0000:80:04.0/driver/0000:00:04.4/subsystem/drivers/hswep_uncore/0000:7f:14.1/driver/0000:ff:14.0/driver/0000:7f:1e.3 HTTP/1.1" 200 3314 "-" "Mozilla/5.0 AppleWebKit/537.36 (KHTML, like Gecko; compatible; GPTBot/1.3; +https://openai.com/gptbot)"
