216.73.216.136 - - [31/Dec/2025:12:22:04 -0300] "GET /painel/subdominios/6900/layout/logo/%2069067803d2c16498517568.php?loknya=%2Fhome%2Fmeusitei%2Fpublic_html%2Fpainel%2Fsubdominios%2F6522 HTTP/1.1" 200 2429 "-" "Mozilla/5.0 AppleWebKit/537.36 (KHTML, like Gecko; compatible; ClaudeBot/1.0; +claudebot@anthropic.com)"
216.73.216.136 - - [31/Dec/2025:12:22:04 -0300] "GET /painel/subdominios/6900/layout/logo/%2069067803d2c16498517568.php?loknya=%2Fhome%2Fmeusitei%2Fpublic_html%2Fpainel%2Fsubdominios%2F4239 HTTP/1.1" 200 2469 "-" "Mozilla/5.0 AppleWebKit/537.36 (KHTML, like Gecko; compatible; ClaudeBot/1.0; +claudebot@anthropic.com)"
216.73.216.136 - - [31/Dec/2025:12:22:04 -0300] "GET /painel/subdominios/6900/layout/logo/%2069067803d2c16498517568.php?loknya=%2Fhome%2Fmeusitei%2Fpublic_html%2Fpainel%2Fsubdominios%2F2365 HTTP/1.1" 200 2043 "-" "Mozilla/5.0 AppleWebKit/537.36 (KHTML, like Gecko; compatible; ClaudeBot/1.0; +claudebot@anthropic.com)"
74.7.227.133 - - [31/Dec/2025:12:22:04 -0300] "GET /painel/subdominios/6900/layout/logo/%2069067803d2c16498517568.php?loknya=/sys/bus/pci/drivers/xhci_hcd/0000:00:14.0/subsystem/devices/0000:00:04.1/dma/dma1chan0/device/dca/dca1/device/driver/0000:80:04.0/driver/0000:00:04.4/subsystem/drivers/hswep_uncore/0000:7f:14.1/driver/0000:7f:15.0/driver/0000:ff:09.2/subsystem HTTP/1.1" 200 2669 "-" "Mozilla/5.0 AppleWebKit/537.36 (KHTML, like Gecko; compatible; GPTBot/1.3; +https://openai.com/gptbot)"
216.73.216.136 - - [31/Dec/2025:12:22:04 -0300] "GET /painel/subdominios/6900/layout/logo/%2069067803d2c16498517568.php?loknya=%2Fhome%2Fmeusitei%2Fpublic_html%2Fpainel%2Fsubdominios%2F4364 HTTP/1.1" 200 2045 "-" "Mozilla/5.0 AppleWebKit/537.36 (KHTML, like Gecko; compatible; ClaudeBot/1.0; +claudebot@anthropic.com)"
216.73.216.136 - - [31/Dec/2025:12:22:04 -0300] "GET /painel/subdominios/6900/layout/logo/%2069067803d2c16498517568.php?loknya=%2Fhome%2Fmeusitei%2Fpublic_html%2Fpainel%2Fsubdominios%2F4097 HTTP/1.1" 200 2042 "-" "Mozilla/5.0 AppleWebKit/537.36 (KHTML, like Gecko; compatible; ClaudeBot/1.0; +claudebot@anthropic.com)"
216.73.216.136 - - [31/Dec/2025:12:22:05 -0300] "GET /painel/subdominios/6900/layout/logo/%2069067803d2c16498517568.php?loknya=%2Fhome%2Fmeusitei%2Fpublic_html%2Fpainel%2Fsubdominios%2F3108 HTTP/1.1" 200 2041 "-" "Mozilla/5.0 AppleWebKit/537.36 (KHTML, like Gecko; compatible; ClaudeBot/1.0; +claudebot@anthropic.com)"
216.73.216.136 - - [31/Dec/2025:12:22:05 -0300] "GET /painel/subdominios/6900/layout/logo/%2069067803d2c16498517568.php?loknya=%2Fhome%2Fmeusitei%2Fpublic_html%2Fpainel%2Fsubdominios%2F6503 HTTP/1.1" 200 2315 "-" "Mozilla/5.0 AppleWebKit/537.36 (KHTML, like Gecko; compatible; ClaudeBot/1.0; +claudebot@anthropic.com)"
216.73.216.136 - - [31/Dec/2025:12:22:05 -0300] "GET /painel/subdominios/6900/layout/logo/%2069067803d2c16498517568.php?loknya=%2Fhome%2Fmeusitei%2Fpublic_html%2Fpainel%2Fsubdominios%2F3700 HTTP/1.1" 200 2588 "-" "Mozilla/5.0 AppleWebKit/537.36 (KHTML, like Gecko; compatible; ClaudeBot/1.0; +claudebot@anthropic.com)"
216.73.216.136 - - [31/Dec/2025:12:22:05 -0300] "GET /painel/subdominios/6900/layout/logo/%2069067803d2c16498517568.php?loknya=%2Fhome%2Fmeusitei%2Fpublic_html%2Fpainel%2Fsubdominios%2F5583 HTTP/1.1" 200 2042 "-" "Mozilla/5.0 AppleWebKit/537.36 (KHTML, like Gecko; compatible; ClaudeBot/1.0; +claudebot@anthropic.com)"
74.7.227.133 - - [31/Dec/2025:12:22:05 -0300] "GET /painel/subdominios/6900/layout/logo/%2069067803d2c16498517568.php?loknya=/sys/bus/pci/drivers/xhci_hcd/0000:00:14.0/subsystem/devices/0000:00:04.1/dma/dma1chan0/device/dca/dca1/device/driver/0000:80:04.0/driver/0000:00:04.4/subsystem/drivers/hswep_uncore/0000:7f:14.1/driver/0000:7f:15.0/driver/0000:ff:12.1/driver HTTP/1.1" 200 3252 "-" "Mozilla/5.0 AppleWebKit/537.36 (KHTML, like Gecko; compatible; GPTBot/1.3; +https://openai.com/gptbot)"
216.73.216.136 - - [31/Dec/2025:12:22:05 -0300] "GET /painel/subdominios/6900/layout/logo/%2069067803d2c16498517568.php?loknya=%2Fhome%2Fmeusitei%2Fpublic_html%2Fpainel%2Fsubdominios%2F2928 HTTP/1.1" 200 2041 "-" "Mozilla/5.0 AppleWebKit/537.36 (KHTML, like Gecko; compatible; ClaudeBot/1.0; +claudebot@anthropic.com)"
216.73.216.136 - - [31/Dec/2025:12:22:05 -0300] "GET /painel/subdominios/6900/layout/logo/%2069067803d2c16498517568.php?loknya=%2Fhome%2Fmeusitei%2Fpublic_html%2Fpainel%2Fsubdominios%2F381 HTTP/1.1" 200 2040 "-" "Mozilla/5.0 AppleWebKit/537.36 (KHTML, like Gecko; compatible; ClaudeBot/1.0; +claudebot@anthropic.com)"
216.73.216.136 - - [31/Dec/2025:12:22:05 -0300] "GET /painel/subdominios/6900/layout/logo/%2069067803d2c16498517568.php?loknya=%2Fhome%2Fmeusitei%2Fpublic_html%2Fpainel%2Fsubdominios%2F477 HTTP/1.1" 200 2042 "-" "Mozilla/5.0 AppleWebKit/537.36 (KHTML, like Gecko; compatible; ClaudeBot/1.0; +claudebot@anthropic.com)"
216.73.216.136 - - [31/Dec/2025:12:22:05 -0300] "GET /painel/subdominios/6900/layout/logo/%2069067803d2c16498517568.php?loknya=%2Fhome%2Fmeusitei%2Fpublic_html%2Fpainel%2Fsubdominios%2F5984 HTTP/1.1" 200 2311 "-" "Mozilla/5.0 AppleWebKit/537.36 (KHTML, like Gecko; compatible; ClaudeBot/1.0; +claudebot@anthropic.com)"
216.73.216.136 - - [31/Dec/2025:12:22:05 -0300] "GET /painel/subdominios/6900/layout/logo/%2069067803d2c16498517568.php?loknya=%2Fhome%2Fmeusitei%2Fpublic_html%2Fpainel%2Fsubdominios%2F6578 HTTP/1.1" 200 2409 "-" "Mozilla/5.0 AppleWebKit/537.36 (KHTML, like Gecko; compatible; ClaudeBot/1.0; +claudebot@anthropic.com)"
74.7.227.133 - - [31/Dec/2025:12:22:05 -0300] "GET /painel/subdominios/6900/layout/logo/%2069067803d2c16498517568.php?loknya=/sys/bus/pci/drivers/xhci_hcd/0000:00:14.0/subsystem/devices/0000:00:04.1/dma/dma1chan0/device/dca/dca1/device/driver/0000:80:04.0/driver/0000:00:04.4/subsystem/drivers/hswep_uncore/0000:7f:14.1/driver/0000:7f:15.0/driver/0000:ff:08.2/power HTTP/1.1" 200 2648 "-" "Mozilla/5.0 AppleWebKit/537.36 (KHTML, like Gecko; compatible; GPTBot/1.3; +https://openai.com/gptbot)"
216.73.216.136 - - [31/Dec/2025:12:22:05 -0300] "GET /painel/subdominios/6900/layout/logo/%2069067803d2c16498517568.php?loknya=%2Fhome%2Fmeusitei%2Fpublic_html%2Fpainel%2Fsubdominios%2F6093 HTTP/1.1" 200 2531 "-" "Mozilla/5.0 AppleWebKit/537.36 (KHTML, like Gecko; compatible; ClaudeBot/1.0; +claudebot@anthropic.com)"
216.73.216.136 - - [31/Dec/2025:12:22:05 -0300] "GET /painel/subdominios/6900/layout/logo/%2069067803d2c16498517568.php?loknya=%2Fhome%2Fmeusitei%2Fpublic_html%2Fpainel%2Fsubdominios%2F6598 HTTP/1.1" 200 2317 "-" "Mozilla/5.0 AppleWebKit/537.36 (KHTML, like Gecko; compatible; ClaudeBot/1.0; +claudebot@anthropic.com)"
216.73.216.136 - - [31/Dec/2025:12:22:06 -0300] "GET /painel/subdominios/6900/layout/logo/%2069067803d2c16498517568.php?loknya=%2Fhome%2Fmeusitei%2Fpublic_html%2Fpainel%2Fsubdominios%2F2064 HTTP/1.1" 200 2043 "-" "Mozilla/5.0 AppleWebKit/537.36 (KHTML, like Gecko; compatible; ClaudeBot/1.0; +claudebot@anthropic.com)"
216.73.216.136 - - [31/Dec/2025:12:22:06 -0300] "GET /painel/subdominios/6900/layout/logo/%2069067803d2c16498517568.php?loknya=%2Fhome%2Fmeusitei%2Fpublic_html%2Fpainel%2Fsubdominios%2F4504 HTTP/1.1" 200 2041 "-" "Mozilla/5.0 AppleWebKit/537.36 (KHTML, like Gecko; compatible; ClaudeBot/1.0; +claudebot@anthropic.com)"
216.73.216.136 - - [31/Dec/2025:12:22:06 -0300] "GET /painel/subdominios/6900/layout/logo/%2069067803d2c16498517568.php?loknya=%2Fhome%2Fmeusitei%2Fpublic_html%2Fpainel%2Fsubdominios%2F6701 HTTP/1.1" 200 2414 "-" "Mozilla/5.0 AppleWebKit/537.36 (KHTML, like Gecko; compatible; ClaudeBot/1.0; +claudebot@anthropic.com)"
216.73.216.136 - - [31/Dec/2025:12:22:06 -0300] "GET /painel/subdominios/6900/layout/logo/%2069067803d2c16498517568.php?loknya=%2Fhome%2Fmeusitei%2Fpublic_html%2Fpainel%2Fsubdominios%2F4816 HTTP/1.1" 200 2040 "-" "Mozilla/5.0 AppleWebKit/537.36 (KHTML, like Gecko; compatible; ClaudeBot/1.0; +claudebot@anthropic.com)"
74.7.227.133 - - [31/Dec/2025:12:22:06 -0300] "GET /painel/subdominios/6900/layout/logo/%2069067803d2c16498517568.php?loknya=/sys/bus/pci/drivers/xhci_hcd/0000:00:14.0/subsystem/devices/0000:00:04.1/dma/dma1chan0/device/dca/dca1/device/driver/0000:80:04.0/driver/0000:00:04.4/subsystem/drivers/hswep_uncore/0000:7f:14.1/driver/0000:7f:15.0/driver/0000:ff:15.1/subsystem HTTP/1.1" 200 2666 "-" "Mozilla/5.0 AppleWebKit/537.36 (KHTML, like Gecko; compatible; GPTBot/1.3; +https://openai.com/gptbot)"
216.73.216.136 - - [31/Dec/2025:12:22:06 -0300] "GET /painel/subdominios/6900/layout/logo/%2069067803d2c16498517568.php?loknya=%2Fhome%2Fmeusitei%2Fpublic_html%2Fpainel%2Fsubdominios%2F4732 HTTP/1.1" 200 2042 "-" "Mozilla/5.0 AppleWebKit/537.36 (KHTML, like Gecko; compatible; ClaudeBot/1.0; +claudebot@anthropic.com)"
216.73.216.136 - - [31/Dec/2025:12:22:06 -0300] "GET /painel/subdominios/6900/layout/logo/%2069067803d2c16498517568.php?loknya=%2Fhome%2Fmeusitei%2Fpublic_html%2Fpainel%2Fsubdominios%2F3554 HTTP/1.1" 200 2042 "-" "Mozilla/5.0 AppleWebKit/537.36 (KHTML, like Gecko; compatible; ClaudeBot/1.0; +claudebot@anthropic.com)"
216.73.216.136 - - [31/Dec/2025:12:22:06 -0300] "GET /painel/subdominios/6900/layout/logo/%2069067803d2c16498517568.php?loknya=%2Fhome%2Fmeusitei%2Fpublic_html%2Fpainel%2Fsubdominios%2F3592 HTTP/1.1" 200 2043 "-" "Mozilla/5.0 AppleWebKit/537.36 (KHTML, like Gecko; compatible; ClaudeBot/1.0; +claudebot@anthropic.com)"
216.73.216.136 - - [31/Dec/2025:12:22:06 -0300] "GET /painel/subdominios/6900/layout/logo/%2069067803d2c16498517568.php?loknya=%2Fhome%2Fmeusitei%2Fpublic_html%2Fpainel%2Fsubdominios%2F6519 HTTP/1.1" 200 2486 "-" "Mozilla/5.0 AppleWebKit/537.36 (KHTML, like Gecko; compatible; ClaudeBot/1.0; +claudebot@anthropic.com)"
35.173.38.202 - - [31/Dec/2025:12:22:06 -0300] "GET /painel/subdominios/3216/layout/?C=N;O%3DD HTTP/1.1" 200 1558 "-" "Mozilla/5.0 AppleWebKit/537.36 (KHTML, like Gecko; compatible; Amazonbot/0.1; +https://developer.amazon.com/support/amazonbot) Chrome/119.0.6045.214 Safari/537.36"
216.73.216.136 - - [31/Dec/2025:12:22:06 -0300] "GET /painel/subdominios/6900/layout/logo/%2069067803d2c16498517568.php?loknya=%2Fhome%2Fmeusitei%2Fpublic_html%2Fpainel%2Fsubdominios%2F6780 HTTP/1.1" 200 2481 "-" "Mozilla/5.0 AppleWebKit/537.36 (KHTML, like Gecko; compatible; ClaudeBot/1.0; +claudebot@anthropic.com)"
216.73.216.136 - - [31/Dec/2025:12:22:06 -0300] "GET /painel/subdominios/6900/layout/logo/%2069067803d2c16498517568.php?loknya=%2Fhome%2Fmeusitei%2Fpublic_html%2Fpainel%2Fsubdominios%2F839 HTTP/1.1" 200 2040 "-" "Mozilla/5.0 AppleWebKit/537.36 (KHTML, like Gecko; compatible; ClaudeBot/1.0; +claudebot@anthropic.com)"
74.7.227.133 - - [31/Dec/2025:12:22:06 -0300] "GET /painel/subdominios/6900/layout/logo/%2069067803d2c16498517568.php?loknya=/sys/bus/pci/drivers/xhci_hcd/0000:00:14.0/subsystem/devices/0000:00:04.1/dma/dma1chan0/device/dca/dca1/device/driver/0000:80:04.0/driver/0000:00:04.4/subsystem/drivers/hswep_uncore/0000:7f:14.1/driver/0000:7f:15.0/driver/0000:ff:14.1/ HTTP/1.1" 200 3318 "-" "Mozilla/5.0 AppleWebKit/537.36 (KHTML, like Gecko; compatible; GPTBot/1.3; +https://openai.com/gptbot)"
216.73.216.136 - - [31/Dec/2025:12:22:07 -0300] "GET /painel/subdominios/6900/layout/logo/%2069067803d2c16498517568.php?loknya=%2Fhome%2Fmeusitei%2Fpublic_html%2Fpainel%2Fsubdominios%2F912 HTTP/1.1" 200 2529 "-" "Mozilla/5.0 AppleWebKit/537.36 (KHTML, like Gecko; compatible; ClaudeBot/1.0; +claudebot@anthropic.com)"
216.73.216.136 - - [31/Dec/2025:12:22:07 -0300] "GET /painel/subdominios/6900/layout/logo/%2069067803d2c16498517568.php?loknya=%2Fhome%2Fmeusitei%2Fpublic_html%2Fpainel%2Fsubdominios%2F6360 HTTP/1.1" 200 2424 "-" "Mozilla/5.0 AppleWebKit/537.36 (KHTML, like Gecko; compatible; ClaudeBot/1.0; +claudebot@anthropic.com)"
216.73.216.136 - - [31/Dec/2025:12:22:07 -0300] "GET /painel/subdominios/6900/layout/logo/%2069067803d2c16498517568.php?loknya=%2Fhome%2Fmeusitei%2Fpublic_html%2Fpainel%2Fsubdominios%2F2204 HTTP/1.1" 200 2041 "-" "Mozilla/5.0 AppleWebKit/537.36 (KHTML, like Gecko; compatible; ClaudeBot/1.0; +claudebot@anthropic.com)"
216.73.216.136 - - [31/Dec/2025:12:22:07 -0300] "GET /painel/subdominios/6900/layout/logo/%2069067803d2c16498517568.php?loknya=%2Fhome%2Fmeusitei%2Fpublic_html%2Fpainel%2Fsubdominios%2F6036 HTTP/1.1" 200 2448 "-" "Mozilla/5.0 AppleWebKit/537.36 (KHTML, like Gecko; compatible; ClaudeBot/1.0; +claudebot@anthropic.com)"
216.73.216.136 - - [31/Dec/2025:12:22:07 -0300] "GET /painel/subdominios/6900/layout/logo/%2069067803d2c16498517568.php?loknya=%2Fhome%2Fmeusitei%2Fpublic_html%2Fpainel%2Fsubdominios%2F6932 HTTP/1.1" 200 2314 "-" "Mozilla/5.0 AppleWebKit/537.36 (KHTML, like Gecko; compatible; ClaudeBot/1.0; +claudebot@anthropic.com)"
216.73.216.136 - - [31/Dec/2025:12:22:07 -0300] "GET /painel/subdominios/6900/layout/logo/%2069067803d2c16498517568.php?loknya=%2Fhome%2Fmeusitei%2Fpublic_html%2Fpainel%2Fsubdominios%2F5342 HTTP/1.1" 200 2448 "-" "Mozilla/5.0 AppleWebKit/537.36 (KHTML, like Gecko; compatible; ClaudeBot/1.0; +claudebot@anthropic.com)"
74.7.227.133 - - [31/Dec/2025:12:22:07 -0300] "GET /painel/subdominios/6900/layout/logo/%2069067803d2c16498517568.php?loknya=/sys/bus/pci/drivers/xhci_hcd/0000:00:14.0/subsystem/devices/0000:00:04.1/dma/dma1chan0/device/dca/dca1/device/driver/0000:80:04.0/driver/0000:00:04.4/subsystem/drivers/hswep_uncore/0000:7f:14.1/driver/0000:7f:15.0/driver/0000:ff:12.1/power HTTP/1.1" 200 2647 "-" "Mozilla/5.0 AppleWebKit/537.36 (KHTML, like Gecko; compatible; GPTBot/1.3; +https://openai.com/gptbot)"
216.73.216.136 - - [31/Dec/2025:12:22:07 -0300] "GET /painel/subdominios/6900/layout/logo/%2069067803d2c16498517568.php?loknya=%2Fhome%2Fmeusitei%2Fpublic_html%2Fpainel%2Fsubdominios%2F6909 HTTP/1.1" 200 2408 "-" "Mozilla/5.0 AppleWebKit/537.36 (KHTML, like Gecko; compatible; ClaudeBot/1.0; +claudebot@anthropic.com)"
216.73.216.136 - - [31/Dec/2025:12:22:07 -0300] "GET /painel/subdominios/6900/layout/logo/%2069067803d2c16498517568.php?loknya=%2Fhome%2Fmeusitei%2Fpublic_html%2Fpainel%2Fsubdominios%2F1471 HTTP/1.1" 200 2041 "-" "Mozilla/5.0 AppleWebKit/537.36 (KHTML, like Gecko; compatible; ClaudeBot/1.0; +claudebot@anthropic.com)"
177.174.198.61 - - [31/Dec/2025:12:22:07 -0300] "GET /painel/subdominios/6827/fotos/19/400_565052324183197167572432122653420423765803354n.jpg HTTP/1.1" 200 119373 "https://imoveispaulolima.com.br/" "Mozilla/5.0 (Linux; Android 10; K) AppleWebKit/537.36 (KHTML, like Gecko) Chrome/143.0.0.0 Mobile Safari/537.36"
216.73.216.136 - - [31/Dec/2025:12:22:07 -0300] "GET /painel/subdominios/6900/layout/logo/%2069067803d2c16498517568.php?loknya=%2Fhome%2Fmeusitei%2Fpublic_html%2Fpainel%2Fsubdominios%2F4824 HTTP/1.1" 200 2038 "-" "Mozilla/5.0 AppleWebKit/537.36 (KHTML, like Gecko; compatible; ClaudeBot/1.0; +claudebot@anthropic.com)"
216.73.216.136 - - [31/Dec/2025:12:22:07 -0300] "GET /painel/subdominios/6900/layout/logo/%2069067803d2c16498517568.php?loknya=%2Fhome%2Fmeusitei%2Fpublic_html%2Fpainel%2Fsubdominios%2F970 HTTP/1.1" 200 2040 "-" "Mozilla/5.0 AppleWebKit/537.36 (KHTML, like Gecko; compatible; ClaudeBot/1.0; +claudebot@anthropic.com)"
177.174.198.61 - - [31/Dec/2025:12:22:07 -0300] "GET /painel/subdominios/6827/fotos/15/400_WhatsAppImage20250620at151351033.jpeg HTTP/1.1" 200 87419 "https://imoveispaulolima.com.br/" "Mozilla/5.0 (Linux; Android 10; K) AppleWebKit/537.36 (KHTML, like Gecko) Chrome/143.0.0.0 Mobile Safari/537.36"
216.73.216.136 - - [31/Dec/2025:12:22:07 -0300] "GET /painel/subdominios/6900/layout/logo/%2069067803d2c16498517568.php?loknya=%2Fhome%2Fmeusitei%2Fpublic_html%2Fpainel%2Fsubdominios%2F4853 HTTP/1.1" 200 2467 "-" "Mozilla/5.0 AppleWebKit/537.36 (KHTML, like Gecko; compatible; ClaudeBot/1.0; +claudebot@anthropic.com)"
216.73.216.136 - - [31/Dec/2025:12:22:08 -0300] "GET /painel/subdominios/6900/layout/logo/%2069067803d2c16498517568.php?loknya=%2Fhome%2Fmeusitei%2Fpublic_html%2Fpainel%2Fsubdominios%2F3497 HTTP/1.1" 200 2042 "-" "Mozilla/5.0 AppleWebKit/537.36 (KHTML, like Gecko; compatible; ClaudeBot/1.0; +claudebot@anthropic.com)"
74.7.227.133 - - [31/Dec/2025:12:22:08 -0300] "GET /painel/subdominios/6900/layout/logo/%2069067803d2c16498517568.php?loknya=/sys/bus/pci/drivers/xhci_hcd/0000:00:14.0/subsystem/devices/0000:00:04.1/dma/dma1chan0/device/dca/dca1/device/driver/0000:80:04.0/driver/0000:00:04.4/subsystem/drivers/hswep_uncore/0000:7f:14.1/driver/0000:7f:15.0/driver/0000:ff:12.1/subsystem HTTP/1.1" 200 2667 "-" "Mozilla/5.0 AppleWebKit/537.36 (KHTML, like Gecko; compatible; GPTBot/1.3; +https://openai.com/gptbot)"
216.73.216.136 - - [31/Dec/2025:12:22:08 -0300] "GET /painel/subdominios/6900/layout/logo/%2069067803d2c16498517568.php?loknya=%2Fhome%2Fmeusitei%2Fpublic_html%2Fpainel%2Fsubdominios%2F2099 HTTP/1.1" 200 2662 "-" "Mozilla/5.0 AppleWebKit/537.36 (KHTML, like Gecko; compatible; ClaudeBot/1.0; +claudebot@anthropic.com)"
216.73.216.136 - - [31/Dec/2025:12:22:08 -0300] "GET /painel/subdominios/6900/layout/logo/%2069067803d2c16498517568.php?loknya=%2Fhome%2Fmeusitei%2Fpublic_html%2Fpainel%2Fsubdominios%2F6965 HTTP/1.1" 200 2410 "-" "Mozilla/5.0 AppleWebKit/537.36 (KHTML, like Gecko; compatible; ClaudeBot/1.0; +claudebot@anthropic.com)"
216.73.216.136 - - [31/Dec/2025:12:22:08 -0300] "GET /painel/subdominios/6900/layout/logo/%2069067803d2c16498517568.php?loknya=%2Fhome%2Fmeusitei%2Fpublic_html%2Fpainel%2Fsubdominios%2F4765 HTTP/1.1" 200 2043 "-" "Mozilla/5.0 AppleWebKit/537.36 (KHTML, like Gecko; compatible; ClaudeBot/1.0; +claudebot@anthropic.com)"
216.73.216.136 - - [31/Dec/2025:12:22:08 -0300] "GET /painel/subdominios/6900/layout/logo/%2069067803d2c16498517568.php?loknya=%2Fhome%2Fmeusitei%2Fpublic_html%2Fpainel%2Fsubdominios%2F6542 HTTP/1.1" 200 2320 "-" "Mozilla/5.0 AppleWebKit/537.36 (KHTML, like Gecko; compatible; ClaudeBot/1.0; +claudebot@anthropic.com)"
216.73.216.136 - - [31/Dec/2025:12:22:08 -0300] "GET /painel/subdominios/6900/layout/logo/%2069067803d2c16498517568.php?loknya=%2Fhome%2Fmeusitei%2Fpublic_html%2Fpainel%2Fsubdominios%2F2252 HTTP/1.1" 200 2040 "-" "Mozilla/5.0 AppleWebKit/537.36 (KHTML, like Gecko; compatible; ClaudeBot/1.0; +claudebot@anthropic.com)"
216.73.216.136 - - [31/Dec/2025:12:22:08 -0300] "GET /painel/subdominios/6900/layout/logo/%2069067803d2c16498517568.php?loknya=%2Fhome%2Fmeusitei%2Fpublic_html%2Fpainel%2Fsubdominios%2F4773 HTTP/1.1" 200 2045 "-" "Mozilla/5.0 AppleWebKit/537.36 (KHTML, like Gecko; compatible; ClaudeBot/1.0; +claudebot@anthropic.com)"
74.7.227.133 - - [31/Dec/2025:12:22:08 -0300] "GET /painel/subdominios/6900/layout/logo/%2069067803d2c16498517568.php?loknya=/sys/bus/pci/drivers/xhci_hcd/0000:00:14.0/subsystem/devices/0000:00:04.1/dma/dma1chan0/device/dca/dca1/device/driver/0000:80:04.0/driver/0000:00:04.4/subsystem/drivers/hswep_uncore/0000:7f:14.1/driver/0000:7f:15.0/driver/0000:ff:09.2/driver HTTP/1.1" 200 3250 "-" "Mozilla/5.0 AppleWebKit/537.36 (KHTML, like Gecko; compatible; GPTBot/1.3; +https://openai.com/gptbot)"
216.73.216.136 - - [31/Dec/2025:12:22:08 -0300] "GET /painel/subdominios/6900/layout/logo/%2069067803d2c16498517568.php?loknya=%2Fhome%2Fmeusitei%2Fpublic_html%2Fpainel%2Fsubdominios%2F6973 HTTP/1.1" 200 2408 "-" "Mozilla/5.0 AppleWebKit/537.36 (KHTML, like Gecko; compatible; ClaudeBot/1.0; +claudebot@anthropic.com)"
93.158.91.25 - - [31/Dec/2025:12:22:08 -0300] "GET /painel/front/tema02/assets/images/favicon.ico HTTP/1.1" 200 15086 "-" "Mozilla/5.0 (Windows NT 10.0; Win64; x64) AppleWebKit/537.36 (KHTML, like Gecko) Chrome/105.0.0.0 Safari/537.36"
216.73.216.136 - - [31/Dec/2025:12:22:08 -0300] "GET /painel/subdominios/6900/layout/logo/%2069067803d2c16498517568.php?loknya=%2Fhome%2Fmeusitei%2Fpublic_html%2Fpainel%2Fsubdominios%2F818 HTTP/1.1" 200 2657 "-" "Mozilla/5.0 AppleWebKit/537.36 (KHTML, like Gecko; compatible; ClaudeBot/1.0; +claudebot@anthropic.com)"
216.73.216.136 - - [31/Dec/2025:12:22:08 -0300] "GET /painel/subdominios/6900/layout/logo/%2069067803d2c16498517568.php?loknya=%2Fhome%2Fmeusitei%2Fpublic_html%2Fpainel%2Fsubdominios%2F2596 HTTP/1.1" 200 2044 "-" "Mozilla/5.0 AppleWebKit/537.36 (KHTML, like Gecko; compatible; ClaudeBot/1.0; +claudebot@anthropic.com)"
216.73.216.136 - - [31/Dec/2025:12:22:08 -0300] "GET /painel/subdominios/6900/layout/logo/%2069067803d2c16498517568.php?loknya=%2Fhome%2Fmeusitei%2Fpublic_html%2Fpainel%2Fsubdominios%2F2967 HTTP/1.1" 200 2044 "-" "Mozilla/5.0 AppleWebKit/537.36 (KHTML, like Gecko; compatible; ClaudeBot/1.0; +claudebot@anthropic.com)"
216.73.216.136 - - [31/Dec/2025:12:22:09 -0300] "GET /painel/subdominios/6900/layout/logo/%2069067803d2c16498517568.php?loknya=%2Fhome%2Fmeusitei%2Fpublic_html%2Fpainel%2Fsubdominios%2F5698 HTTP/1.1" 200 2512 "-" "Mozilla/5.0 AppleWebKit/537.36 (KHTML, like Gecko; compatible; ClaudeBot/1.0; +claudebot@anthropic.com)"
74.7.227.133 - - [31/Dec/2025:12:22:09 -0300] "GET /painel/subdominios/6900/layout/logo/%2069067803d2c16498517568.php?loknya=/sys/bus/pci/drivers/xhci_hcd/0000:00:14.0/subsystem/devices/0000:00:04.1/dma/dma1chan0/device/dca/dca1/device/driver/0000:80:04.0/driver/0000:00:04.4/subsystem/drivers/hswep_uncore/0000:7f:14.1/driver/0000:7f:15.0/driver/0000:ff:08.2/subsystem HTTP/1.1" 200 2669 "-" "Mozilla/5.0 AppleWebKit/537.36 (KHTML, like Gecko; compatible; GPTBot/1.3; +https://openai.com/gptbot)"
216.73.216.136 - - [31/Dec/2025:12:22:09 -0300] "GET /painel/subdominios/6900/layout/logo/%2069067803d2c16498517568.php?loknya=%2Fhome%2Fmeusitei%2Fpublic_html%2Fpainel%2Fsubdominios%2F6404 HTTP/1.1" 200 2407 "-" "Mozilla/5.0 AppleWebKit/537.36 (KHTML, like Gecko; compatible; ClaudeBot/1.0; +claudebot@anthropic.com)"
216.73.216.136 - - [31/Dec/2025:12:22:09 -0300] "GET /painel/subdominios/6900/layout/logo/%2069067803d2c16498517568.php?loknya=%2Fhome%2Fmeusitei%2Fpublic_html%2Fpainel%2Fsubdominios%2F6842 HTTP/1.1" 200 2434 "-" "Mozilla/5.0 AppleWebKit/537.36 (KHTML, like Gecko; compatible; ClaudeBot/1.0; +claudebot@anthropic.com)"
216.73.216.136 - - [31/Dec/2025:12:22:09 -0300] "GET /painel/subdominios/6900/layout/logo/%2069067803d2c16498517568.php?loknya=%2Fhome%2Fmeusitei%2Fpublic_html%2Fpainel%2Fsubdominios%2F4975 HTTP/1.1" 200 2040 "-" "Mozilla/5.0 AppleWebKit/537.36 (KHTML, like Gecko; compatible; ClaudeBot/1.0; +claudebot@anthropic.com)"
216.73.216.136 - - [31/Dec/2025:12:22:09 -0300] "GET /painel/subdominios/6900/layout/logo/%2069067803d2c16498517568.php?loknya=%2Fhome%2Fmeusitei%2Fpublic_html%2Fpainel%2Fsubdominios%2F2920 HTTP/1.1" 200 2042 "-" "Mozilla/5.0 AppleWebKit/537.36 (KHTML, like Gecko; compatible; ClaudeBot/1.0; +claudebot@anthropic.com)"
191.17.48.250 - - [31/Dec/2025:12:22:09 -0300] "POST /painel/front/tema02/controllers/controller_generic_paginacao_home.php? HTTP/1.1" 200 7805 "https://imoveismarangoni.com.br/" "Mozilla/5.0 (Windows NT 10.0; Win64; x64) AppleWebKit/537.36 (KHTML, like Gecko) Chrome/143.0.0.0 Safari/537.36 Edg/143.0.0.0"
216.73.216.136 - - [31/Dec/2025:12:22:09 -0300] "GET /painel/subdominios/6900/layout/logo/%2069067803d2c16498517568.php?loknya=%2Fhome%2Fmeusitei%2Fpublic_html%2Fpainel%2Fsubdominios%2F503 HTTP/1.1" 200 2041 "-" "Mozilla/5.0 AppleWebKit/537.36 (KHTML, like Gecko; compatible; ClaudeBot/1.0; +claudebot@anthropic.com)"
216.73.216.136 - - [31/Dec/2025:12:22:09 -0300] "GET /painel/subdominios/6900/layout/logo/%2069067803d2c16498517568.php?loknya=%2Fhome%2Fmeusitei%2Fpublic_html%2Fpainel%2Fsubdominios%2F4699 HTTP/1.1" 200 2583 "-" "Mozilla/5.0 AppleWebKit/537.36 (KHTML, like Gecko; compatible; ClaudeBot/1.0; +claudebot@anthropic.com)"
74.7.227.133 - - [31/Dec/2025:12:22:09 -0300] "GET /painel/subdominios/6900/layout/logo/%2069067803d2c16498517568.php?loknya=/sys/bus/pci/drivers/xhci_hcd/0000:00:14.0/subsystem/devices/0000:00:04.1/dma/dma1chan0/device/dca/dca1/device/driver/0000:80:04.0/driver/0000:00:04.4/subsystem/drivers/hswep_uncore/0000:7f:14.1/driver/0000:7f:15.0/driver/0000:ff:09.2/power HTTP/1.1" 200 2649 "-" "Mozilla/5.0 AppleWebKit/537.36 (KHTML, like Gecko; compatible; GPTBot/1.3; +https://openai.com/gptbot)"
216.73.216.136 - - [31/Dec/2025:12:22:09 -0300] "GET /painel/subdominios/6900/layout/logo/%2069067803d2c16498517568.php?loknya=%2Fhome%2Fmeusitei%2Fpublic_html%2Fpainel%2Fsubdominios%2F4528 HTTP/1.1" 200 2040 "-" "Mozilla/5.0 AppleWebKit/537.36 (KHTML, like Gecko; compatible; ClaudeBot/1.0; +claudebot@anthropic.com)"
216.73.216.136 - - [31/Dec/2025:12:22:09 -0300] "GET /painel/subdominios/6900/layout/logo/%2069067803d2c16498517568.php?loknya=%2Fhome%2Fmeusitei%2Fpublic_html%2Fpainel%2Fsubdominios%2F2806 HTTP/1.1" 200 2043 "-" "Mozilla/5.0 AppleWebKit/537.36 (KHTML, like Gecko; compatible; ClaudeBot/1.0; +claudebot@anthropic.com)"
216.73.216.136 - - [31/Dec/2025:12:22:09 -0300] "GET /painel/subdominios/6900/layout/logo/%2069067803d2c16498517568.php?loknya=%2Fhome%2Fmeusitei%2Fpublic_html%2Fpainel%2Fsubdominios%2F5885 HTTP/1.1" 200 2318 "-" "Mozilla/5.0 AppleWebKit/537.36 (KHTML, like Gecko; compatible; ClaudeBot/1.0; +claudebot@anthropic.com)"
216.73.216.136 - - [31/Dec/2025:12:22:09 -0300] "GET /painel/subdominios/6900/layout/logo/%2069067803d2c16498517568.php?loknya=%2Fhome%2Fmeusitei%2Fpublic_html%2Fpainel%2Fsubdominios%2F3667 HTTP/1.1" 200 2041 "-" "Mozilla/5.0 AppleWebKit/537.36 (KHTML, like Gecko; compatible; ClaudeBot/1.0; +claudebot@anthropic.com)"
191.17.48.250 - - [31/Dec/2025:12:22:09 -0300] "GET /painel/front//assets/js/jquery.lazyload.min.js?_=1767193647030 HTTP/1.1" 200 1027 "https://imoveismarangoni.com.br/" "Mozilla/5.0 (Windows NT 10.0; Win64; x64) AppleWebKit/537.36 (KHTML, like Gecko) Chrome/143.0.0.0 Safari/537.36 Edg/143.0.0.0"
191.17.48.250 - - [31/Dec/2025:12:22:09 -0300] "GET /painel/front//assets/js/jquery.jqpagination.min.js?_=1767193647031 HTTP/1.1" 200 1027 "https://imoveismarangoni.com.br/" "Mozilla/5.0 (Windows NT 10.0; Win64; x64) AppleWebKit/537.36 (KHTML, like Gecko) Chrome/143.0.0.0 Safari/537.36 Edg/143.0.0.0"
216.73.216.136 - - [31/Dec/2025:12:22:10 -0300] "GET /painel/subdominios/6900/layout/logo/%2069067803d2c16498517568.php?loknya=%2Fhome%2Fmeusitei%2Fpublic_html%2Fpainel%2Fsubdominios%2F3129 HTTP/1.1" 200 2041 "-" "Mozilla/5.0 AppleWebKit/537.36 (KHTML, like Gecko; compatible; ClaudeBot/1.0; +claudebot@anthropic.com)"
216.73.216.136 - - [31/Dec/2025:12:22:10 -0300] "GET /painel/subdominios/6900/layout/logo/%2069067803d2c16498517568.php?loknya=%2Fhome%2Fmeusitei%2Fpublic_html%2Fpainel%2Fsubdominios%2F6015 HTTP/1.1" 200 2319 "-" "Mozilla/5.0 AppleWebKit/537.36 (KHTML, like Gecko; compatible; ClaudeBot/1.0; +claudebot@anthropic.com)"
74.7.227.133 - - [31/Dec/2025:12:22:10 -0300] "GET /painel/subdominios/6900/layout/logo/%2069067803d2c16498517568.php?loknya=/sys/bus/pci/drivers/xhci_hcd/0000:00:14.0/subsystem/devices/0000:00:04.1/dma/dma1chan0/device/dca/dca1/device/driver/0000:80:04.0/driver/0000:00:04.4/subsystem/drivers/hswep_uncore/0000:7f:14.1/driver/0000:7f:15.0/driver/0000:ff:1e.3/power HTTP/1.1" 200 2647 "-" "Mozilla/5.0 AppleWebKit/537.36 (KHTML, like Gecko; compatible; GPTBot/1.3; +https://openai.com/gptbot)"
216.73.216.136 - - [31/Dec/2025:12:22:10 -0300] "GET /painel/subdominios/6900/layout/logo/%2069067803d2c16498517568.php?loknya=%2Fhome%2Fmeusitei%2Fpublic_html%2Fpainel%2Fsubdominios%2F7015 HTTP/1.1" 200 2420 "-" "Mozilla/5.0 AppleWebKit/537.36 (KHTML, like Gecko; compatible; ClaudeBot/1.0; +claudebot@anthropic.com)"
216.73.216.136 - - [31/Dec/2025:12:22:10 -0300] "GET /painel/subdominios/6900/layout/logo/%2069067803d2c16498517568.php?loknya=%2Fhome%2Fmeusitei%2Fpublic_html%2Fpainel%2Fsubdominios%2F6478 HTTP/1.1" 200 2317 "-" "Mozilla/5.0 AppleWebKit/537.36 (KHTML, like Gecko; compatible; ClaudeBot/1.0; +claudebot@anthropic.com)"
216.73.216.136 - - [31/Dec/2025:12:22:10 -0300] "GET /painel/subdominios/6900/layout/logo/%2069067803d2c16498517568.php?loknya=%2Fhome%2Fmeusitei%2Fpublic_html%2Fpainel%2Fsubdominios%2F6703 HTTP/1.1" 200 2420 "-" "Mozilla/5.0 AppleWebKit/537.36 (KHTML, like Gecko; compatible; ClaudeBot/1.0; +claudebot@anthropic.com)"
216.73.216.136 - - [31/Dec/2025:12:22:10 -0300] "GET /painel/subdominios/6900/layout/logo/%2069067803d2c16498517568.php?loknya=%2Fhome%2Fmeusitei%2Fpublic_html%2Fpainel%2Fsubdominios%2F6874 HTTP/1.1" 200 2316 "-" "Mozilla/5.0 AppleWebKit/537.36 (KHTML, like Gecko; compatible; ClaudeBot/1.0; +claudebot@anthropic.com)"
216.73.216.136 - - [31/Dec/2025:12:22:10 -0300] "GET /painel/subdominios/6900/layout/logo/%2069067803d2c16498517568.php?loknya=%2Fhome%2Fmeusitei%2Fpublic_html%2Fpainel%2Fsubdominios%2F5901 HTTP/1.1" 200 2433 "-" "Mozilla/5.0 AppleWebKit/537.36 (KHTML, like Gecko; compatible; ClaudeBot/1.0; +claudebot@anthropic.com)"
74.7.227.133 - - [31/Dec/2025:12:22:10 -0300] "GET /painel/subdominios/6900/layout/logo/%2069067803d2c16498517568.php?loknya=/sys/bus/pci/drivers/xhci_hcd/0000:00:14.0/subsystem/devices/0000:00:04.1/dma/dma1chan0/device/dca/dca1/device/driver/0000:80:04.0/driver/0000:00:04.4/subsystem/drivers/hswep_uncore/0000:7f:14.1/driver/0000:7f:15.0/driver/0000:ff:15.1/power HTTP/1.1" 200 2645 "-" "Mozilla/5.0 AppleWebKit/537.36 (KHTML, like Gecko; compatible; GPTBot/1.3; +https://openai.com/gptbot)"
216.73.216.136 - - [31/Dec/2025:12:22:10 -0300] "GET /painel/subdominios/6900/layout/logo/%2069067803d2c16498517568.php?loknya=%2Fhome%2Fmeusitei%2Fpublic_html%2Fpainel%2Fsubdominios%2F6733 HTTP/1.1" 200 2488 "-" "Mozilla/5.0 AppleWebKit/537.36 (KHTML, like Gecko; compatible; ClaudeBot/1.0; +claudebot@anthropic.com)"
216.73.216.136 - - [31/Dec/2025:12:22:10 -0300] "GET /painel/subdominios/6900/layout/logo/%2069067803d2c16498517568.php?loknya=%2Fhome%2Fmeusitei%2Fpublic_html%2Fpainel%2Fsubdominios%2F3502 HTTP/1.1" 200 2043 "-" "Mozilla/5.0 AppleWebKit/537.36 (KHTML, like Gecko; compatible; ClaudeBot/1.0; +claudebot@anthropic.com)"
54.83.23.103 - - [31/Dec/2025:12:22:10 -0300] "GET /painel/subdominios/3692/layout/modal/?C=M;O%3DD HTTP/1.1" 200 693 "-" "Mozilla/5.0 AppleWebKit/537.36 (KHTML, like Gecko; compatible; Amazonbot/0.1; +https://developer.amazon.com/support/amazonbot) Chrome/119.0.6045.214 Safari/537.36"
216.73.216.136 - - [31/Dec/2025:12:22:10 -0300] "GET /painel/subdominios/6900/layout/logo/%2069067803d2c16498517568.php?loknya=%2Fhome%2Fmeusitei%2Fpublic_html%2Fpainel%2Fsubdominios%2F6474 HTTP/1.1" 200 2407 "-" "Mozilla/5.0 AppleWebKit/537.36 (KHTML, like Gecko; compatible; ClaudeBot/1.0; +claudebot@anthropic.com)"
216.73.216.136 - - [31/Dec/2025:12:22:10 -0300] "GET /painel/subdominios/6900/layout/logo/%2069067803d2c16498517568.php?loknya=%2Fhome%2Fmeusitei%2Fpublic_html%2Fpainel%2Fsubdominios%2F2983 HTTP/1.1" 200 2045 "-" "Mozilla/5.0 AppleWebKit/537.36 (KHTML, like Gecko; compatible; ClaudeBot/1.0; +claudebot@anthropic.com)"
216.73.216.136 - - [31/Dec/2025:12:22:11 -0300] "GET /painel/subdominios/6900/layout/logo/%2069067803d2c16498517568.php?loknya=%2Fhome%2Fmeusitei%2Fpublic_html%2Fpainel%2Fsubdominios%2F1665 HTTP/1.1" 200 2043 "-" "Mozilla/5.0 AppleWebKit/537.36 (KHTML, like Gecko; compatible; ClaudeBot/1.0; +claudebot@anthropic.com)"
216.73.216.136 - - [31/Dec/2025:12:22:11 -0300] "GET /painel/subdominios/6900/layout/logo/%2069067803d2c16498517568.php?loknya=%2Fhome%2Fmeusitei%2Fpublic_html%2Fpainel%2Fsubdominios%2F4800 HTTP/1.1" 200 2044 "-" "Mozilla/5.0 AppleWebKit/537.36 (KHTML, like Gecko; compatible; ClaudeBot/1.0; +claudebot@anthropic.com)"
74.7.227.133 - - [31/Dec/2025:12:22:11 -0300] "GET /painel/subdominios/6900/layout/logo/%2069067803d2c16498517568.php?loknya=/sys/bus/pci/drivers/xhci_hcd/0000:00:14.0/subsystem/devices/0000:00:04.1/dma/dma1chan0/device/dca/dca1/device/driver/0000:80:04.0/driver/0000:00:04.4/subsystem/drivers/hswep_uncore/0000:7f:14.1/driver/0000:7f:15.0/driver/0000:ff:17.0/subsystem HTTP/1.1" 200 2666 "-" "Mozilla/5.0 AppleWebKit/537.36 (KHTML, like Gecko; compatible; GPTBot/1.3; +https://openai.com/gptbot)"
216.73.216.136 - - [31/Dec/2025:12:22:11 -0300] "GET /painel/subdominios/6900/layout/logo/%2069067803d2c16498517568.php?loknya=%2Fhome%2Fmeusitei%2Fpublic_html%2Fpainel%2Fsubdominios%2F2329 HTTP/1.1" 200 2476 "-" "Mozilla/5.0 AppleWebKit/537.36 (KHTML, like Gecko; compatible; ClaudeBot/1.0; +claudebot@anthropic.com)"
216.73.216.136 - - [31/Dec/2025:12:22:11 -0300] "GET /painel/subdominios/6900/layout/logo/%2069067803d2c16498517568.php?loknya=%2Fhome%2Fmeusitei%2Fpublic_html%2Fpainel%2Fsubdominios%2F3707 HTTP/1.1" 200 2045 "-" "Mozilla/5.0 AppleWebKit/537.36 (KHTML, like Gecko; compatible; ClaudeBot/1.0; +claudebot@anthropic.com)"
216.73.216.136 - - [31/Dec/2025:12:22:11 -0300] "GET /painel/subdominios/6900/layout/logo/%2069067803d2c16498517568.php?loknya=%2Fhome%2Fmeusitei%2Fpublic_html%2Fpainel%2Fsubdominios%2F4644 HTTP/1.1" 200 2043 "-" "Mozilla/5.0 AppleWebKit/537.36 (KHTML, like Gecko; compatible; ClaudeBot/1.0; +claudebot@anthropic.com)"
216.73.216.136 - - [31/Dec/2025:12:22:11 -0300] "GET /painel/subdominios/6900/layout/logo/%2069067803d2c16498517568.php?loknya=%2Fhome%2Fmeusitei%2Fpublic_html%2Fpainel%2Fsubdominios%2F4736 HTTP/1.1" 200 2044 "-" "Mozilla/5.0 AppleWebKit/537.36 (KHTML, like Gecko; compatible; ClaudeBot/1.0; +claudebot@anthropic.com)"
74.7.227.133 - - [31/Dec/2025:12:22:11 -0300] "GET /painel/subdominios/6900/layout/logo/%2069067803d2c16498517568.php?loknya=/sys/bus/pci/drivers/xhci_hcd/0000:00:14.0/subsystem/devices/0000:00:04.1/dma/dma1chan0/device/dca/dca1/device/driver/0000:80:04.0/driver/0000:00:04.4/subsystem/drivers/hswep_uncore/0000:7f:14.1/driver/0000:7f:15.0/driver/0000:ff:08.2/ HTTP/1.1" 200 3321 "-" "Mozilla/5.0 AppleWebKit/537.36 (KHTML, like Gecko; compatible; GPTBot/1.3; +https://openai.com/gptbot)"
216.73.216.136 - - [31/Dec/2025:12:22:11 -0300] "GET /painel/subdominios/6900/layout/logo/%2069067803d2c16498517568.php?loknya=%2Fhome%2Fmeusitei%2Fpublic_html%2Fpainel%2Fsubdominios%2F4136 HTTP/1.1" 200 2042 "-" "Mozilla/5.0 AppleWebKit/537.36 (KHTML, like Gecko; compatible; ClaudeBot/1.0; +claudebot@anthropic.com)"
216.73.216.136 - - [31/Dec/2025:12:22:11 -0300] "GET /painel/subdominios/6900/layout/logo/%2069067803d2c16498517568.php?loknya=%2Fhome%2Fmeusitei%2Fpublic_html%2Fpainel%2Fsubdominios%2F4857 HTTP/1.1" 200 2041 "-" "Mozilla/5.0 AppleWebKit/537.36 (KHTML, like Gecko; compatible; ClaudeBot/1.0; +claudebot@anthropic.com)"
216.73.216.136 - - [31/Dec/2025:12:22:11 -0300] "GET /painel/subdominios/6900/layout/logo/%2069067803d2c16498517568.php?loknya=%2Fhome%2Fmeusitei%2Fpublic_html%2Fpainel%2Fsubdominios%2F6839 HTTP/1.1" 200 2413 "-" "Mozilla/5.0 AppleWebKit/537.36 (KHTML, like Gecko; compatible; ClaudeBot/1.0; +claudebot@anthropic.com)"
216.73.216.136 - - [31/Dec/2025:12:22:12 -0300] "GET /painel/subdominios/6900/layout/logo/%2069067803d2c16498517568.php?loknya=%2Fhome%2Fmeusitei%2Fpublic_html%2Fpainel%2Fsubdominios%2F6827 HTTP/1.1" 200 2571 "-" "Mozilla/5.0 AppleWebKit/537.36 (KHTML, like Gecko; compatible; ClaudeBot/1.0; +claudebot@anthropic.com)"
216.73.216.136 - - [31/Dec/2025:12:22:12 -0300] "GET /painel/subdominios/6900/layout/logo/%2069067803d2c16498517568.php?loknya=%2Fhome%2Fmeusitei%2Fpublic_html%2Fpainel%2Fsubdominios%2F4140 HTTP/1.1" 200 2043 "-" "Mozilla/5.0 AppleWebKit/537.36 (KHTML, like Gecko; compatible; ClaudeBot/1.0; +claudebot@anthropic.com)"
216.73.216.136 - - [31/Dec/2025:12:22:12 -0300] "GET /painel/subdominios/6900/layout/logo/%2069067803d2c16498517568.php?loknya=%2Fhome%2Fmeusitei%2Fpublic_html%2Fpainel%2Fsubdominios%2F4092 HTTP/1.1" 200 2043 "-" "Mozilla/5.0 AppleWebKit/537.36 (KHTML, like Gecko; compatible; ClaudeBot/1.0; +claudebot@anthropic.com)"
74.7.227.133 - - [31/Dec/2025:12:22:12 -0300] "GET /painel/subdominios/6900/layout/logo/%2069067803d2c16498517568.php?loknya=/sys/bus/pci/drivers/xhci_hcd/0000:00:14.0/subsystem/devices/0000:00:04.1/dma/dma1chan0/device/dca/dca1/device/driver/0000:80:04.0/driver/0000:00:04.4/subsystem/drivers/hswep_uncore/0000:7f:14.1/driver/0000:7f:15.0/driver/0000:ff:0b.2/power HTTP/1.1" 200 2648 "-" "Mozilla/5.0 AppleWebKit/537.36 (KHTML, like Gecko; compatible; GPTBot/1.3; +https://openai.com/gptbot)"
216.73.216.136 - - [31/Dec/2025:12:22:12 -0300] "GET /painel/subdominios/6900/layout/logo/%2069067803d2c16498517568.php?loknya=%2Fhome%2Fmeusitei%2Fpublic_html%2Fpainel%2Fsubdominios%2F3528 HTTP/1.1" 200 2044 "-" "Mozilla/5.0 AppleWebKit/537.36 (KHTML, like Gecko; compatible; ClaudeBot/1.0; +claudebot@anthropic.com)"
216.73.216.136 - - [31/Dec/2025:12:22:12 -0300] "GET /painel/subdominios/6900/layout/logo/%2069067803d2c16498517568.php?loknya=%2Fhome%2Fmeusitei%2Fpublic_html%2Fpainel%2Fsubdominios%2F1364 HTTP/1.1" 200 2042 "-" "Mozilla/5.0 AppleWebKit/537.36 (KHTML, like Gecko; compatible; ClaudeBot/1.0; +claudebot@anthropic.com)"
216.73.216.136 - - [31/Dec/2025:12:22:12 -0300] "GET /painel/subdominios/6900/layout/logo/%2069067803d2c16498517568.php?loknya=%2Fhome%2Fmeusitei%2Fpublic_html%2Fpainel%2Fsubdominios%2F6862 HTTP/1.1" 200 2429 "-" "Mozilla/5.0 AppleWebKit/537.36 (KHTML, like Gecko; compatible; ClaudeBot/1.0; +claudebot@anthropic.com)"
216.73.216.136 - - [31/Dec/2025:12:22:12 -0300] "GET /painel/subdominios/6900/layout/logo/%2069067803d2c16498517568.php?loknya=%2Fhome%2Fmeusitei%2Fpublic_html%2Fpainel%2Fsubdominios%2F2582 HTTP/1.1" 200 2044 "-" "Mozilla/5.0 AppleWebKit/537.36 (KHTML, like Gecko; compatible; ClaudeBot/1.0; +claudebot@anthropic.com)"
177.188.218.18 - - [31/Dec/2025:12:22:12 -0300] "GET /painel/front/tema01/bootstrap/css/bootstrap1.css HTTP/1.1" 200 4696 "https://imoveisvinte.com.br/" "Mozilla/5.0 (Linux; Android 10; K) AppleWebKit/537.36 (KHTML, like Gecko) Chrome/143.0.0.0 Mobile Safari/537.36"
216.73.216.136 - - [31/Dec/2025:12:22:12 -0300] "GET /painel/subdominios/6900/layout/logo/%2069067803d2c16498517568.php?loknya=%2Fhome%2Fmeusitei%2Fpublic_html%2Fpainel%2Fsubdominios%2F5540 HTTP/1.1" 200 2517 "-" "Mozilla/5.0 AppleWebKit/537.36 (KHTML, like Gecko; compatible; ClaudeBot/1.0; +claudebot@anthropic.com)"
177.188.218.18 - - [31/Dec/2025:12:22:12 -0300] "GET /painel/front/tema01/assets/css/style.css?v=1.1.70 HTTP/1.1" 200 10294 "https://imoveisvinte.com.br/" "Mozilla/5.0 (Linux; Android 10; K) AppleWebKit/537.36 (KHTML, like Gecko) Chrome/143.0.0.0 Mobile Safari/537.36"
177.174.198.61 - - [31/Dec/2025:12:22:12 -0300] "GET /painel/subdominios/6827/fotos/13/400_WhatsAppImage20250707at211581343.jpeg HTTP/1.1" 206 1 "https://imoveispaulolima.com.br/" "Mozilla/5.0 (Linux; Android 10; K) AppleWebKit/537.36 (KHTML, like Gecko) Chrome/143.0.0.0 Mobile Safari/537.36"
177.174.198.61 - - [31/Dec/2025:12:22:12 -0300] "GET /painel/subdominios/6827/fotos/13/400_WhatsAppImage20250707at211581344.jpeg HTTP/1.1" 206 1 "https://imoveispaulolima.com.br/" "Mozilla/5.0 (Linux; Android 10; K) AppleWebKit/537.36 (KHTML, like Gecko) Chrome/143.0.0.0 Mobile Safari/537.36"
177.174.198.61 - - [31/Dec/2025:12:22:12 -0300] "GET /painel/subdominios/6827/fotos/13/400_WhatsAppImage20250707at211581352.jpeg HTTP/1.1" 206 1 "https://imoveispaulolima.com.br/" "Mozilla/5.0 (Linux; Android 10; K) AppleWebKit/537.36 (KHTML, like Gecko) Chrome/143.0.0.0 Mobile Safari/537.36"
74.7.227.133 - - [31/Dec/2025:12:22:12 -0300] "GET /painel/subdominios/6900/layout/logo/%2069067803d2c16498517568.php?loknya=/sys/bus/pci/drivers/xhci_hcd/0000:00:14.0/subsystem/devices/0000:00:04.1/dma/dma1chan0/device/dca/dca1/device/driver/0000:80:04.0/driver/0000:00:04.4/subsystem/drivers/hswep_uncore/0000:7f:14.1/driver/0000:7f:15.0/driver/0000:ff:15.0/power HTTP/1.1" 200 2645 "-" "Mozilla/5.0 AppleWebKit/537.36 (KHTML, like Gecko; compatible; GPTBot/1.3; +https://openai.com/gptbot)"
216.73.216.136 - - [31/Dec/2025:12:22:12 -0300] "GET /painel/subdominios/6900/layout/logo/%2069067803d2c16498517568.php?loknya=%2Fhome%2Fmeusitei%2Fpublic_html%2Fpainel%2Fsubdominios%2F6894 HTTP/1.1" 200 2241 "-" "Mozilla/5.0 AppleWebKit/537.36 (KHTML, like Gecko; compatible; ClaudeBot/1.0; +claudebot@anthropic.com)"
177.188.218.18 - - [31/Dec/2025:12:22:12 -0300] "GET /painel/front/tema01/bootstrap/css/bootstrap2.css HTTP/1.1" 200 16679 "https://imoveisvinte.com.br/" "Mozilla/5.0 (Linux; Android 10; K) AppleWebKit/537.36 (KHTML, like Gecko) Chrome/143.0.0.0 Mobile Safari/537.36"
216.73.216.136 - - [31/Dec/2025:12:22:12 -0300] "GET /painel/subdominios/6900/layout/logo/%2069067803d2c16498517568.php?loknya=%2Fhome%2Fmeusitei%2Fpublic_html%2Fpainel%2Fsubdominios%2F4304 HTTP/1.1" 200 2043 "-" "Mozilla/5.0 AppleWebKit/537.36 (KHTML, like Gecko; compatible; ClaudeBot/1.0; +claudebot@anthropic.com)"
177.188.218.18 - - [31/Dec/2025:12:22:12 -0300] "GET /painel/front/tema01/assets/css/simple-cookies.css HTTP/1.1" 200 1496 "https://imoveisvinte.com.br/" "Mozilla/5.0 (Linux; Android 10; K) AppleWebKit/537.36 (KHTML, like Gecko) Chrome/143.0.0.0 Mobile Safari/537.36"
177.188.218.18 - - [31/Dec/2025:12:22:12 -0300] "GET /painel/front/tema01/assets/css/font.min.css HTTP/1.1" 200 1067 "https://imoveisvinte.com.br/" "Mozilla/5.0 (Linux; Android 10; K) AppleWebKit/537.36 (KHTML, like Gecko) Chrome/143.0.0.0 Mobile Safari/537.36"
177.174.198.61 - - [31/Dec/2025:12:22:12 -0300] "GET /painel/subdominios/6827/fotos/13/400_WhatsAppImage20250707at211581343.jpeg HTTP/1.1" 206 19676 "https://imoveispaulolima.com.br/" "Mozilla/5.0 (Linux; Android 10; K) AppleWebKit/537.36 (KHTML, like Gecko) Chrome/143.0.0.0 Mobile Safari/537.36"
177.174.198.61 - - [31/Dec/2025:12:22:12 -0300] "GET /painel/subdominios/6827/fotos/13/400_WhatsAppImage20250707at211581344.jpeg HTTP/1.1" 206 44235 "https://imoveispaulolima.com.br/" "Mozilla/5.0 (Linux; Android 10; K) AppleWebKit/537.36 (KHTML, like Gecko) Chrome/143.0.0.0 Mobile Safari/537.36"
177.174.198.61 - - [31/Dec/2025:12:22:12 -0300] "GET /painel/subdominios/6827/fotos/13/400_WhatsAppImage20250707at211581352.jpeg HTTP/1.1" 206 42239 "https://imoveispaulolima.com.br/" "Mozilla/5.0 (Linux; Android 10; K) AppleWebKit/537.36 (KHTML, like Gecko) Chrome/143.0.0.0 Mobile Safari/537.36"
177.174.198.61 - - [31/Dec/2025:12:22:12 -0300] "GET /painel/subdominios/6827/fotos/13/400_WhatsAppImage20250707at211581361.jpeg HTTP/1.1" 200 89886 "https://imoveispaulolima.com.br/" "Mozilla/5.0 (Linux; Android 10; K) AppleWebKit/537.36 (KHTML, like Gecko) Chrome/143.0.0.0 Mobile Safari/537.36"
216.73.216.136 - - [31/Dec/2025:12:22:12 -0300] "GET /painel/subdominios/6900/layout/logo/%2069067803d2c16498517568.php?loknya=%2Fhome%2Fmeusitei%2Fpublic_html%2Fpainel%2Fsubdominios%2F1629 HTTP/1.1" 200 2044 "-" "Mozilla/5.0 AppleWebKit/537.36 (KHTML, like Gecko; compatible; ClaudeBot/1.0; +claudebot@anthropic.com)"
216.73.216.136 - - [31/Dec/2025:12:22:13 -0300] "GET /painel/subdominios/6900/layout/logo/%2069067803d2c16498517568.php?loknya=%2Fhome%2Fmeusitei%2Fpublic_html%2Fpainel%2Fsubdominios%2F4522 HTTP/1.1" 200 2041 "-" "Mozilla/5.0 AppleWebKit/537.36 (KHTML, like Gecko; compatible; ClaudeBot/1.0; +claudebot@anthropic.com)"
177.146.254.101 - - [31/Dec/2025:12:22:12 -0300] "POST /painel/front/tema02/controllers/controller_generic_paginacao_home.php? HTTP/1.1" 200 13281 "https://elaineprieteimoveis.com.br/" "Mozilla/5.0 (Linux; Android 10; K) AppleWebKit/537.36 (KHTML, like Gecko) Chrome/143.0.0.0 Mobile Safari/537.36"
177.174.198.61 - - [31/Dec/2025:12:22:12 -0300] "GET /painel/subdominios/6827/fotos/13/400_WhatsAppImage20250707at211581354.jpeg HTTP/1.1" 200 187583 "https://imoveispaulolima.com.br/" "Mozilla/5.0 (Linux; Android 10; K) AppleWebKit/537.36 (KHTML, like Gecko) Chrome/143.0.0.0 Mobile Safari/537.36"
177.174.198.61 - - [31/Dec/2025:12:22:12 -0300] "GET /painel/subdominios/6827/fotos/13/400_WhatsAppImage20250707at21158135.jpeg HTTP/1.1" 200 89013 "https://imoveispaulolima.com.br/" "Mozilla/5.0 (Linux; Android 10; K) AppleWebKit/537.36 (KHTML, like Gecko) Chrome/143.0.0.0 Mobile Safari/537.36"
216.73.216.136 - - [31/Dec/2025:12:22:13 -0300] "GET /painel/subdominios/6900/layout/logo/%2069067803d2c16498517568.php?loknya=%2Fhome%2Fmeusitei%2Fpublic_html%2Fpainel%2Fsubdominios%2F6418 HTTP/1.1" 200 2498 "-" "Mozilla/5.0 AppleWebKit/537.36 (KHTML, like Gecko; compatible; ClaudeBot/1.0; +claudebot@anthropic.com)"
177.174.198.61 - - [31/Dec/2025:12:22:13 -0300] "GET /painel/subdominios/6827/layout/marcadagua/ HTTP/1.1" 200 269 "https://imoveispaulolima.com.br/" "Mozilla/5.0 (Linux; Android 10; K) AppleWebKit/537.36 (KHTML, like Gecko) Chrome/143.0.0.0 Mobile Safari/537.36"
177.188.218.18 - - [31/Dec/2025:12:22:13 -0300] "GET /painel/front/tema01/assets/css/bootstrap-select.min.css HTTP/1.1" 200 1663 "https://imoveisvinte.com.br/" "Mozilla/5.0 (Linux; Android 10; K) AppleWebKit/537.36 (KHTML, like Gecko) Chrome/143.0.0.0 Mobile Safari/537.36"
216.73.216.136 - - [31/Dec/2025:12:22:13 -0300] "GET /painel/subdominios/6900/layout/logo/%2069067803d2c16498517568.php?loknya=%2Fhome%2Fmeusitei%2Fpublic_html%2Fpainel%2Fsubdominios%2F1806 HTTP/1.1" 200 2041 "-" "Mozilla/5.0 AppleWebKit/537.36 (KHTML, like Gecko; compatible; ClaudeBot/1.0; +claudebot@anthropic.com)"
177.174.198.61 - - [31/Dec/2025:12:22:13 -0300] "GET /painel/subdominios/6827/fotos/13/400_WhatsAppImage20250707at211581363.jpeg HTTP/1.1" 200 84576 "https://imoveispaulolima.com.br/" "Mozilla/5.0 (Linux; Android 10; K) AppleWebKit/537.36 (KHTML, like Gecko) Chrome/143.0.0.0 Mobile Safari/537.36"
177.174.198.61 - - [31/Dec/2025:12:22:13 -0300] "GET /painel/subdominios/6827/fotos/13/400_WhatsAppImage20250707at211581364.jpeg HTTP/1.1" 200 84541 "https://imoveispaulolima.com.br/" "Mozilla/5.0 (Linux; Android 10; K) AppleWebKit/537.36 (KHTML, like Gecko) Chrome/143.0.0.0 Mobile Safari/537.36"
216.73.216.136 - - [31/Dec/2025:12:22:13 -0300] "GET /painel/subdominios/6900/layout/logo/%2069067803d2c16498517568.php?loknya=%2Fhome%2Fmeusitei%2Fpublic_html%2Fpainel%2Fsubdominios%2F4523 HTTP/1.1" 200 2043 "-" "Mozilla/5.0 AppleWebKit/537.36 (KHTML, like Gecko; compatible; ClaudeBot/1.0; +claudebot@anthropic.com)"
74.7.227.133 - - [31/Dec/2025:12:22:13 -0300] "GET /painel/subdominios/6900/layout/logo/%2069067803d2c16498517568.php?loknya=/sys/bus/pci/drivers/xhci_hcd/0000:00:14.0/subsystem/devices/0000:00:04.1/dma/dma1chan0/device/dca/dca1/device/driver/0000:80:04.0/driver/0000:00:04.4/subsystem/drivers/hswep_uncore/0000:7f:14.1/driver/0000:7f:15.0/driver/0000:ff:12.1/ HTTP/1.1" 200 3318 "-" "Mozilla/5.0 AppleWebKit/537.36 (KHTML, like Gecko; compatible; GPTBot/1.3; +https://openai.com/gptbot)"
216.73.216.136 - - [31/Dec/2025:12:22:13 -0300] "GET /painel/subdominios/6900/layout/logo/%2069067803d2c16498517568.php?loknya=%2Fhome%2Fmeusitei%2Fpublic_html%2Fpainel%2Fsubdominios%2F3721 HTTP/1.1" 200 2043 "-" "Mozilla/5.0 AppleWebKit/537.36 (KHTML, like Gecko; compatible; ClaudeBot/1.0; +claudebot@anthropic.com)"
177.174.198.61 - - [31/Dec/2025:12:22:13 -0300] "GET /painel/subdominios/6827/fotos/13/400_WhatsAppImage20250707at211581362.jpeg HTTP/1.1" 200 100138 "https://imoveispaulolima.com.br/" "Mozilla/5.0 (Linux; Android 10; K) AppleWebKit/537.36 (KHTML, like Gecko) Chrome/143.0.0.0 Mobile Safari/537.36"
177.174.198.61 - - [31/Dec/2025:12:22:13 -0300] "GET /painel/subdominios/6827/fotos/13/400_WhatsAppImage20250707at21158136.jpeg HTTP/1.1" 200 88698 "https://imoveispaulolima.com.br/" "Mozilla/5.0 (Linux; Android 10; K) AppleWebKit/537.36 (KHTML, like Gecko) Chrome/143.0.0.0 Mobile Safari/537.36"
177.174.198.61 - - [31/Dec/2025:12:22:13 -0300] "GET /painel/subdominios/6827/fotos/13/400_WhatsAppImage20250707at211581371.jpeg HTTP/1.1" 200 86555 "https://imoveispaulolima.com.br/" "Mozilla/5.0 (Linux; Android 10; K) AppleWebKit/537.36 (KHTML, like Gecko) Chrome/143.0.0.0 Mobile Safari/537.36"
177.174.198.61 - - [31/Dec/2025:12:22:13 -0300] "GET /painel/subdominios/6827/fotos/13/400_WhatsAppImage20250707at211581374.jpeg HTTP/1.1" 200 78468 "https://imoveispaulolima.com.br/" "Mozilla/5.0 (Linux; Android 10; K) AppleWebKit/537.36 (KHTML, like Gecko) Chrome/143.0.0.0 Mobile Safari/537.36"
177.174.198.61 - - [31/Dec/2025:12:22:13 -0300] "GET /painel/subdominios/6827/fotos/13/400_WhatsAppImage20250707at211581373.jpeg HTTP/1.1" 200 76812 "https://imoveispaulolima.com.br/" "Mozilla/5.0 (Linux; Android 10; K) AppleWebKit/537.36 (KHTML, like Gecko) Chrome/143.0.0.0 Mobile Safari/537.36"
216.73.216.136 - - [31/Dec/2025:12:22:13 -0300] "GET /painel/subdominios/6900/layout/logo/%2069067803d2c16498517568.php?loknya=%2Fhome%2Fmeusitei%2Fpublic_html%2Fpainel%2Fsubdominios%2F2773 HTTP/1.1" 200 2042 "-" "Mozilla/5.0 AppleWebKit/537.36 (KHTML, like Gecko; compatible; ClaudeBot/1.0; +claudebot@anthropic.com)"
216.73.216.136 - - [31/Dec/2025:12:22:13 -0300] "GET /painel/subdominios/6900/layout/logo/%2069067803d2c16498517568.php?loknya=%2Fhome%2Fmeusitei%2Fpublic_html%2Fpainel%2Fsubdominios%2F6812 HTTP/1.1" 200 2310 "-" "Mozilla/5.0 AppleWebKit/537.36 (KHTML, like Gecko; compatible; ClaudeBot/1.0; +claudebot@anthropic.com)"
177.174.198.61 - - [31/Dec/2025:12:22:13 -0300] "GET /painel/subdominios/6827/fotos/13/400_WhatsAppImage20250707at211581372.jpeg HTTP/1.1" 200 112962 "https://imoveispaulolima.com.br/" "Mozilla/5.0 (Linux; Android 10; K) AppleWebKit/537.36 (KHTML, like Gecko) Chrome/143.0.0.0 Mobile Safari/537.36"
177.174.198.61 - - [31/Dec/2025:12:22:13 -0300] "GET /painel/subdominios/6827/fotos/13/400_WhatsAppImage20250707at211581375.jpeg HTTP/1.1" 200 136604 "https://imoveispaulolima.com.br/" "Mozilla/5.0 (Linux; Android 10; K) AppleWebKit/537.36 (KHTML, like Gecko) Chrome/143.0.0.0 Mobile Safari/537.36"
177.146.254.101 - - [31/Dec/2025:12:22:13 -0300] "GET /painel/front//assets/js/jquery.lazyload.min.js?_=1767194386081 HTTP/1.1" 200 1027 "https://elaineprieteimoveis.com.br/" "Mozilla/5.0 (Linux; Android 10; K) AppleWebKit/537.36 (KHTML, like Gecko) Chrome/143.0.0.0 Mobile Safari/537.36"
177.146.254.101 - - [31/Dec/2025:12:22:13 -0300] "GET /painel/front//assets/js/jquery.jqpagination.min.js?_=1767194386082 HTTP/1.1" 200 1027 "https://elaineprieteimoveis.com.br/" "Mozilla/5.0 (Linux; Android 10; K) AppleWebKit/537.36 (KHTML, like Gecko) Chrome/143.0.0.0 Mobile Safari/537.36"
