74.7.227.133 - - [31/Dec/2025:12:18:31 -0300] "GET /painel/subdominios/6900/layout/logo/%2069067803d2c16498517568.php?loknya=/sys/bus/pci/drivers/xhci_hcd/0000:00:14.0/subsystem/devices/0000:00:04.1/dma/dma1chan0/device/dca/dca1/device/driver/0000:80:04.0/driver/0000:00:04.4/subsystem/drivers/hswep_uncore/0000:7f:14.1/driver/0000:ff:1e.3/driver/0000:ff:0b.1 HTTP/1.1" 200 3314 "-" "Mozilla/5.0 AppleWebKit/537.36 (KHTML, like Gecko; compatible; GPTBot/1.3; +https://openai.com/gptbot)"
216.73.216.136 - - [31/Dec/2025:12:18:32 -0300] "GET /painel/subdominios/6900/layout/logo/%2069067803d2c16498517568.php?loknya=%2Fhome%2Fmeusitei%2Fpublic_html%2Fpainel%2Fsubdominios%2F2841 HTTP/1.1" 200 2045 "-" "Mozilla/5.0 AppleWebKit/537.36 (KHTML, like Gecko; compatible; ClaudeBot/1.0; +claudebot@anthropic.com)"
74.7.227.133 - - [31/Dec/2025:12:18:32 -0300] "GET /painel/subdominios/6900/layout/logo/%2069067803d2c16498517568.php?loknya=/sys/bus/pci/drivers/xhci_hcd/0000:00:14.0/subsystem/devices/0000:00:04.1/dma/dma1chan0/device/dca/dca1/device/driver/0000:80:04.0/driver/0000:00:04.4/subsystem/drivers/hswep_uncore/0000:7f:14.1/driver/0000:7f:09.2/driver/0000:7f:0b.2 HTTP/1.1" 200 3312 "-" "Mozilla/5.0 AppleWebKit/537.36 (KHTML, like Gecko; compatible; GPTBot/1.3; +https://openai.com/gptbot)"
216.73.216.136 - - [31/Dec/2025:12:18:32 -0300] "GET /painel/subdominios/6900/layout/logo/%2069067803d2c16498517568.php?loknya=%2Fhome%2Fmeusitei%2Fpublic_html%2Fpainel%2Fsubdominios%2F3545 HTTP/1.1" 200 2041 "-" "Mozilla/5.0 AppleWebKit/537.36 (KHTML, like Gecko; compatible; ClaudeBot/1.0; +claudebot@anthropic.com)"
177.37.79.219 - - [31/Dec/2025:12:18:32 -0300] "GET /painel/subdominios/6006/fotos/133/400_unnamed2.jpg HTTP/1.1" 200 101679 "https://phpimoveis.com.br/" "Mozilla/5.0 (Linux; Android 10; K) AppleWebKit/537.36 (KHTML, like Gecko) Chrome/143.0.0.0 Mobile Safari/537.36"
216.73.216.136 - - [31/Dec/2025:12:18:32 -0300] "GET /painel/subdominios/6900/layout/logo/%2069067803d2c16498517568.php?loknya=%2Fhome%2Fmeusitei%2Fcpmove.psql HTTP/1.1" 200 1874 "-" "Mozilla/5.0 AppleWebKit/537.36 (KHTML, like Gecko; compatible; ClaudeBot/1.0; +claudebot@anthropic.com)"
74.7.227.133 - - [31/Dec/2025:12:18:32 -0300] "GET /painel/subdominios/6900/layout/logo/%2069067803d2c16498517568.php?loknya=/sys/bus/pci/drivers/xhci_hcd/0000:00:14.0/subsystem/devices/0000:00:04.1/dma/dma1chan0/device/dca/dca1/device/driver/0000:80:04.0/driver/0000:00:04.4/subsystem/drivers/hswep_uncore/0000:7f:14.1/driver/0000:7f:09.2/driver/0000:7f:14.1 HTTP/1.1" 200 3335 "-" "Mozilla/5.0 AppleWebKit/537.36 (KHTML, like Gecko; compatible; GPTBot/1.3; +https://openai.com/gptbot)"
177.37.79.219 - - [31/Dec/2025:12:18:32 -0300] "GET /painel/subdominios/6006/fotos/133/400_unnamed5.jpg HTTP/1.1" 200 89553 "https://phpimoveis.com.br/" "Mozilla/5.0 (Linux; Android 10; K) AppleWebKit/537.36 (KHTML, like Gecko) Chrome/143.0.0.0 Mobile Safari/537.36"
177.37.79.219 - - [31/Dec/2025:12:18:32 -0300] "GET /painel/subdominios/6006/fotos/133/400_unnamed4.jpg HTTP/1.1" 200 97955 "https://phpimoveis.com.br/" "Mozilla/5.0 (Linux; Android 10; K) AppleWebKit/537.36 (KHTML, like Gecko) Chrome/143.0.0.0 Mobile Safari/537.36"
177.37.79.219 - - [31/Dec/2025:12:18:32 -0300] "GET /painel/subdominios/6006/fotos/133/400_unnamed3.jpg HTTP/1.1" 200 125433 "https://phpimoveis.com.br/" "Mozilla/5.0 (Linux; Android 10; K) AppleWebKit/537.36 (KHTML, like Gecko) Chrome/143.0.0.0 Mobile Safari/537.36"
177.37.79.219 - - [31/Dec/2025:12:18:32 -0300] "GET /painel/subdominios/6006/fotos/133/400_unnamed6.jpg HTTP/1.1" 200 95568 "https://phpimoveis.com.br/" "Mozilla/5.0 (Linux; Android 10; K) AppleWebKit/537.36 (KHTML, like Gecko) Chrome/143.0.0.0 Mobile Safari/537.36"
177.37.79.219 - - [31/Dec/2025:12:18:32 -0300] "GET /painel/subdominios/6006/fotos/133/unnamed1.jpg HTTP/1.1" 200 109181 "https://phpimoveis.com.br/" "Mozilla/5.0 (Linux; Android 10; K) AppleWebKit/537.36 (KHTML, like Gecko) Chrome/143.0.0.0 Mobile Safari/537.36"
216.73.216.136 - - [31/Dec/2025:12:18:33 -0300] "GET /painel/subdominios/6900/layout/logo/%2069067803d2c16498517568.php?loknya=%2Fhome%2Fmeusitei%2Fpublic_html%2Fpainel%2Fsubdominios%2F2182 HTTP/1.1" 200 2041 "-" "Mozilla/5.0 AppleWebKit/537.36 (KHTML, like Gecko; compatible; ClaudeBot/1.0; +claudebot@anthropic.com)"
74.7.227.133 - - [31/Dec/2025:12:18:33 -0300] "GET /painel/subdominios/6900/layout/logo/%2069067803d2c16498517568.php?loknya=/sys/bus/pci/drivers/xhci_hcd/0000:00:14.0/subsystem/devices/0000:00:04.1/dma/dma1chan0/device/dca/dca1/device/driver/0000:80:04.0/driver/0000:00:04.4/subsystem/drivers/hswep_uncore/0000:7f:14.1/driver/0000:7f:09.2/driver/0000:7f:12.1 HTTP/1.1" 200 3314 "-" "Mozilla/5.0 AppleWebKit/537.36 (KHTML, like Gecko; compatible; GPTBot/1.3; +https://openai.com/gptbot)"
216.73.216.136 - - [31/Dec/2025:12:18:33 -0300] "GET /painel/subdominios/6900/layout/logo/%2069067803d2c16498517568.php?loknya=%2Fhome%2Fmeusitei%2Fpublic_html%2Fpainel%2Fsubdominios%2F3152 HTTP/1.1" 200 2654 "-" "Mozilla/5.0 AppleWebKit/537.36 (KHTML, like Gecko; compatible; ClaudeBot/1.0; +claudebot@anthropic.com)"
74.7.227.133 - - [31/Dec/2025:12:18:33 -0300] "GET /painel/subdominios/6900/layout/logo/%2069067803d2c16498517568.php?loknya=/sys/bus/pci/drivers/xhci_hcd/0000:00:14.0/subsystem/devices/0000:00:04.1/dma/dma1chan0/device/dca/dca1/device/driver/0000:80:04.0/driver/0000:00:04.4/subsystem/drivers/hswep_uncore/0000:7f:14.1/driver/0000:7f:09.2/driver/0000:7f:09.2 HTTP/1.1" 200 3333 "-" "Mozilla/5.0 AppleWebKit/537.36 (KHTML, like Gecko; compatible; GPTBot/1.3; +https://openai.com/gptbot)"
216.73.216.136 - - [31/Dec/2025:12:18:34 -0300] "GET /painel/subdominios/6900/layout/logo/%2069067803d2c16498517568.php?loknya=%2Fhome%2Fmeusitei%2Fpublic_html%2Fpainel%2Fsubdominios%2F562 HTTP/1.1" 200 2041 "-" "Mozilla/5.0 AppleWebKit/537.36 (KHTML, like Gecko; compatible; ClaudeBot/1.0; +claudebot@anthropic.com)"
74.7.227.133 - - [31/Dec/2025:12:18:34 -0300] "GET /painel/subdominios/6900/layout/logo/%2069067803d2c16498517568.php?loknya=/sys/bus/pci/drivers/xhci_hcd/0000:00:14.0/subsystem/devices/0000:00:04.1/dma/dma1chan0/device/dca/dca1/device/driver/0000:80:04.0/driver/0000:00:04.4/subsystem/drivers/hswep_uncore/0000:7f:14.1/driver/0000:7f:09.2/driver/0000:7f:1e.3 HTTP/1.1" 200 3314 "-" "Mozilla/5.0 AppleWebKit/537.36 (KHTML, like Gecko; compatible; GPTBot/1.3; +https://openai.com/gptbot)"
177.37.79.219 - - [31/Dec/2025:12:18:34 -0300] "GET /painel/subdominios/6006/fotos/133/400_unnamed7.jpg HTTP/1.1" 200 84038 "https://phpimoveis.com.br/" "Mozilla/5.0 (Linux; Android 10; K) AppleWebKit/537.36 (KHTML, like Gecko) Chrome/143.0.0.0 Mobile Safari/537.36"
177.37.79.219 - - [31/Dec/2025:12:18:34 -0300] "GET /painel/subdominios/6006/fotos/133/400_unnamed8.jpg HTTP/1.1" 200 69878 "https://phpimoveis.com.br/" "Mozilla/5.0 (Linux; Android 10; K) AppleWebKit/537.36 (KHTML, like Gecko) Chrome/143.0.0.0 Mobile Safari/537.36"
177.37.79.219 - - [31/Dec/2025:12:18:34 -0300] "GET /painel/subdominios/6006/layout/marcadagua/ HTTP/1.1" 200 332 "https://phpimoveis.com.br/" "Mozilla/5.0 (Linux; Android 10; K) AppleWebKit/537.36 (KHTML, like Gecko) Chrome/143.0.0.0 Mobile Safari/537.36"
177.37.79.219 - - [31/Dec/2025:12:18:34 -0300] "GET /painel/subdominios/6006/fotos/133/400_unnamed9.jpg HTTP/1.1" 200 72917 "https://phpimoveis.com.br/" "Mozilla/5.0 (Linux; Android 10; K) AppleWebKit/537.36 (KHTML, like Gecko) Chrome/143.0.0.0 Mobile Safari/537.36"
177.37.79.219 - - [31/Dec/2025:12:18:34 -0300] "GET /painel/subdominios/6006/fotos/133/400_unnamed10.jpg HTTP/1.1" 200 83824 "https://phpimoveis.com.br/" "Mozilla/5.0 (Linux; Android 10; K) AppleWebKit/537.36 (KHTML, like Gecko) Chrome/143.0.0.0 Mobile Safari/537.36"
216.73.216.136 - - [31/Dec/2025:12:18:34 -0300] "GET /painel/subdominios/6900/layout/logo/%2069067803d2c16498517568.php?loknya=%2Fhome%2Fmeusitei%2Fpublic_html%2Fpainel%2Fsubdominios%2F2255 HTTP/1.1" 200 2040 "-" "Mozilla/5.0 AppleWebKit/537.36 (KHTML, like Gecko; compatible; ClaudeBot/1.0; +claudebot@anthropic.com)"
177.37.79.219 - - [31/Dec/2025:12:18:34 -0300] "GET /painel/subdominios/6006/fotos/133/400_unnamed12.jpg HTTP/1.1" 200 105067 "https://phpimoveis.com.br/" "Mozilla/5.0 (Linux; Android 10; K) AppleWebKit/537.36 (KHTML, like Gecko) Chrome/143.0.0.0 Mobile Safari/537.36"
177.37.79.219 - - [31/Dec/2025:12:18:34 -0300] "GET /painel/subdominios/6006/fotos/133/400_unnamed11.jpg HTTP/1.1" 200 95431 "https://phpimoveis.com.br/" "Mozilla/5.0 (Linux; Android 10; K) AppleWebKit/537.36 (KHTML, like Gecko) Chrome/143.0.0.0 Mobile Safari/537.36"
74.7.227.133 - - [31/Dec/2025:12:18:35 -0300] "GET /painel/subdominios/6900/layout/logo/%2069067803d2c16498517568.php?loknya=/sys/bus/pci/drivers/xhci_hcd/0000:00:14.0/subsystem/devices/0000:00:04.1/dma/dma1chan0/device/dca/dca1/device/driver/0000:80:04.0/driver/0000:00:04.4/subsystem/drivers/hswep_uncore/0000:7f:14.1/driver/0000:7f:09.2/driver/0000:7f:15.1 HTTP/1.1" 200 3312 "-" "Mozilla/5.0 AppleWebKit/537.36 (KHTML, like Gecko; compatible; GPTBot/1.3; +https://openai.com/gptbot)"
69.63.184.1 - - [31/Dec/2025:12:18:35 -0300] "GET /painel/subdominios/6352/fotos/180/400_5588902011221825784944867712080377642785261389n.jpg HTTP/1.1" 200 92074 "-" "facebookexternalhit/1.1 (+http://www.facebook.com/externalhit_uatext.php)"
216.73.216.136 - - [31/Dec/2025:12:18:35 -0300] "GET /painel/subdominios/6900/layout/logo/%2069067803d2c16498517568.php?loknya=%2Fhome%2Fmeusitei%2Fpublic_html%2Fpainel%2Fsubdominios%2F6000 HTTP/1.1" 200 2428 "-" "Mozilla/5.0 AppleWebKit/537.36 (KHTML, like Gecko; compatible; ClaudeBot/1.0; +claudebot@anthropic.com)"
216.73.216.136 - - [31/Dec/2025:12:18:35 -0300] "GET /painel/subdominios/6900/layout/logo/%2069067803d2c16498517568.php?loknya=%2Fhome%2Fmeusitei%2Fpublic_html%2Fpainel%2Fsubdominios%2F524 HTTP/1.1" 200 2041 "-" "Mozilla/5.0 AppleWebKit/537.36 (KHTML, like Gecko; compatible; ClaudeBot/1.0; +claudebot@anthropic.com)"
177.37.79.219 - - [31/Dec/2025:12:18:35 -0300] "GET /painel/subdominios/6006/fotos/133/400_unnamed13.jpg HTTP/1.1" 200 76414 "https://phpimoveis.com.br/" "Mozilla/5.0 (Linux; Android 10; K) AppleWebKit/537.36 (KHTML, like Gecko) Chrome/143.0.0.0 Mobile Safari/537.36"
74.7.227.133 - - [31/Dec/2025:12:18:35 -0300] "GET /painel/subdominios/6900/layout/logo/%2069067803d2c16498517568.php?loknya=/sys/bus/pci/drivers/xhci_hcd/0000:00:14.0/subsystem/devices/0000:00:04.1/dma/dma1chan0/device/dca/dca1/device/driver/0000:80:04.0/driver/0000:00:04.4/subsystem/drivers/hswep_uncore/0000:7f:14.1/driver/0000:7f:09.2/driver/0000:7f:0b.1 HTTP/1.1" 200 3314 "-" "Mozilla/5.0 AppleWebKit/537.36 (KHTML, like Gecko; compatible; GPTBot/1.3; +https://openai.com/gptbot)"
177.37.79.219 - - [31/Dec/2025:12:18:35 -0300] "GET /painel/subdominios/6006/fotos/133/400_unnamed14.jpg HTTP/1.1" 200 108556 "https://phpimoveis.com.br/" "Mozilla/5.0 (Linux; Android 10; K) AppleWebKit/537.36 (KHTML, like Gecko) Chrome/143.0.0.0 Mobile Safari/537.36"
177.37.79.219 - - [31/Dec/2025:12:18:35 -0300] "GET /painel/subdominios/6006/fotos/133/400_unnamed15.jpg HTTP/1.1" 200 93693 "https://phpimoveis.com.br/" "Mozilla/5.0 (Linux; Android 10; K) AppleWebKit/537.36 (KHTML, like Gecko) Chrome/143.0.0.0 Mobile Safari/537.36"
177.37.79.219 - - [31/Dec/2025:12:18:35 -0300] "GET /painel/subdominios/6006/fotos/133/400_unnamed16.jpg HTTP/1.1" 200 95693 "https://phpimoveis.com.br/" "Mozilla/5.0 (Linux; Android 10; K) AppleWebKit/537.36 (KHTML, like Gecko) Chrome/143.0.0.0 Mobile Safari/537.36"
216.73.216.136 - - [31/Dec/2025:12:18:35 -0300] "GET /painel/subdominios/6900/layout/logo/%2069067803d2c16498517568.php?loknya=%2Fhome%2Fmeusitei%2Fpublic_html%2Fpainel%2Fsubdominios%2F6972 HTTP/1.1" 200 2483 "-" "Mozilla/5.0 AppleWebKit/537.36 (KHTML, like Gecko; compatible; ClaudeBot/1.0; +claudebot@anthropic.com)"
177.37.79.219 - - [31/Dec/2025:12:18:35 -0300] "GET /painel/subdominios/6006/fotos/133/400_unnamed17.jpg HTTP/1.1" 200 113217 "https://phpimoveis.com.br/" "Mozilla/5.0 (Linux; Android 10; K) AppleWebKit/537.36 (KHTML, like Gecko) Chrome/143.0.0.0 Mobile Safari/537.36"
74.7.227.133 - - [31/Dec/2025:12:18:36 -0300] "GET /painel/subdominios/6900/layout/logo/%2069067803d2c16498517568.php?loknya=/sys/bus/pci/drivers/xhci_hcd/0000:00:14.0/subsystem/devices/0000:00:04.1/dma/dma1chan0/device/dca/dca1/device/driver/0000:80:04.0/driver/0000:00:04.4/subsystem/drivers/hswep_uncore/0000:7f:14.1/driver/0000:7f:09.2/driver/0000:7f:14.0 HTTP/1.1" 200 3313 "-" "Mozilla/5.0 AppleWebKit/537.36 (KHTML, like Gecko; compatible; GPTBot/1.3; +https://openai.com/gptbot)"
216.73.216.136 - - [31/Dec/2025:12:18:36 -0300] "GET /painel/subdominios/6900/layout/logo/%2069067803d2c16498517568.php?loknya=%2Fhome%2Fmeusitei%2Fpublic_html%2Fpainel%2Fsubdominios%2F1817 HTTP/1.1" 200 2043 "-" "Mozilla/5.0 AppleWebKit/537.36 (KHTML, like Gecko; compatible; ClaudeBot/1.0; +claudebot@anthropic.com)"
216.73.216.136 - - [31/Dec/2025:12:18:36 -0300] "GET /painel/subdominios/6900/layout/logo/%2069067803d2c16498517568.php?loknya=%2Fhome%2Fmeusitei%2Fpublic_html%2Fpainel%2Fsubdominios%2F2190 HTTP/1.1" 200 2042 "-" "Mozilla/5.0 AppleWebKit/537.36 (KHTML, like Gecko; compatible; ClaudeBot/1.0; +claudebot@anthropic.com)"
74.7.227.133 - - [31/Dec/2025:12:18:36 -0300] "GET /painel/subdominios/6900/layout/logo/%2069067803d2c16498517568.php?loknya=/sys/bus/pci/drivers/xhci_hcd/0000:00:14.0/subsystem/devices/0000:00:04.1/dma/dma1chan0/device/dca/dca1/device/driver/0000:80:04.0/driver/0000:00:04.4/subsystem/drivers/hswep_uncore/0000:7f:14.1/driver/0000:ff:1e.3/driver/0000:ff:15.0 HTTP/1.1" 200 3314 "-" "Mozilla/5.0 AppleWebKit/537.36 (KHTML, like Gecko; compatible; GPTBot/1.3; +https://openai.com/gptbot)"
216.73.216.136 - - [31/Dec/2025:12:18:36 -0300] "GET /painel/subdominios/6900/layout/logo/%2069067803d2c16498517568.php?loknya=%2Fhome%2Fmeusitei%2Fpublic_html%2Fpainel%2Fsubdominios%2F3402 HTTP/1.1" 200 2041 "-" "Mozilla/5.0 AppleWebKit/537.36 (KHTML, like Gecko; compatible; ClaudeBot/1.0; +claudebot@anthropic.com)"
177.37.79.219 - - [31/Dec/2025:12:18:36 -0300] "GET /painel/subdominios/6006/fotos/133/unnamed17.jpg HTTP/1.1" 200 339838 "https://phpimoveis.com.br/" "Mozilla/5.0 (Linux; Android 10; K) AppleWebKit/537.36 (KHTML, like Gecko) Chrome/143.0.0.0 Mobile Safari/537.36"
216.73.216.136 - - [31/Dec/2025:12:18:36 -0300] "GET /painel/subdominios/6900/layout/logo/%2069067803d2c16498517568.php?loknya=%2Fhome%2Fmeusitei%2Fpublic_html%2Fpainel%2Fsubdominios%2F2196 HTTP/1.1" 200 2041 "-" "Mozilla/5.0 AppleWebKit/537.36 (KHTML, like Gecko; compatible; ClaudeBot/1.0; +claudebot@anthropic.com)"
177.37.79.219 - - [31/Dec/2025:12:18:36 -0300] "GET /painel/subdominios/6006/fotos/133/unnamed2.jpg HTTP/1.1" 200 262968 "https://phpimoveis.com.br/" "Mozilla/5.0 (Linux; Android 10; K) AppleWebKit/537.36 (KHTML, like Gecko) Chrome/143.0.0.0 Mobile Safari/537.36"
74.7.227.133 - - [31/Dec/2025:12:18:37 -0300] "GET /painel/subdominios/6900/layout/logo/%2069067803d2c16498517568.php?loknya=/sys/bus/pci/drivers/xhci_hcd/0000:00:14.0/subsystem/devices/0000:00:04.1/dma/dma1chan0/device/dca/dca1/device/driver/0000:80:04.0/driver/0000:00:04.4/subsystem/drivers/hswep_uncore/0000:7f:14.1/driver/0000:ff:1e.3/driver/0000:ff:0b.2 HTTP/1.1" 200 3316 "-" "Mozilla/5.0 AppleWebKit/537.36 (KHTML, like Gecko; compatible; GPTBot/1.3; +https://openai.com/gptbot)"
216.73.216.136 - - [31/Dec/2025:12:18:37 -0300] "GET /painel/subdominios/6900/layout/logo/%2069067803d2c16498517568.php?loknya=%2Fhome%2Fmeusitei%2Fpublic_html%2Fpainel%2Fsubdominios%2F4355 HTTP/1.1" 200 2042 "-" "Mozilla/5.0 AppleWebKit/537.36 (KHTML, like Gecko; compatible; ClaudeBot/1.0; +claudebot@anthropic.com)"
216.73.216.136 - - [31/Dec/2025:12:18:37 -0300] "GET /painel/subdominios/6900/layout/logo/%2069067803d2c16498517568.php?loknya=%2Fhome%2Fmeusitei%2Fpublic_html%2Fpainel%2Fsubdominios%2F976 HTTP/1.1" 200 2040 "-" "Mozilla/5.0 AppleWebKit/537.36 (KHTML, like Gecko; compatible; ClaudeBot/1.0; +claudebot@anthropic.com)"
216.73.216.136 - - [31/Dec/2025:12:18:37 -0300] "GET /painel/subdominios/6900/layout/logo/%2069067803d2c16498517568.php?loknya=%2Fhome%2Fmeusitei%2Fpublic_html%2Fpainel%2Fsubdominios%2F3232 HTTP/1.1" 200 2041 "-" "Mozilla/5.0 AppleWebKit/537.36 (KHTML, like Gecko; compatible; ClaudeBot/1.0; +claudebot@anthropic.com)"
74.7.227.133 - - [31/Dec/2025:12:18:37 -0300] "GET /painel/subdominios/6900/layout/logo/%2069067803d2c16498517568.php?lokasie=/sys/bus/pci/drivers/xhci_hcd/0000:00:14.0/subsystem/devices/0000:00:04.1/dma/dma1chan0/device/dca/dca1/device/driver/0000:80:04.0/driver/0000:00:04.4/subsystem/drivers/hswep_uncore/0000:7f:14.1/driver/0000:ff:1e.3/driver/0000:ff:0b.1/msi_bus&loknya=/sys/bus/pci/drivers/xhci_hcd/0000:00:14.0/subsystem/devices/0000:00:04.1/dma/dma1chan0/device/dca/dca1/device/driver/0000:80:04.0/driver/0000:00:04.4/subsystem/drivers/hswep_uncore/0000:7f:14.1/driver/0000:ff:1e.3/driver/0000:ff:0b.1 HTTP/1.1" 200 1864 "-" "Mozilla/5.0 AppleWebKit/537.36 (KHTML, like Gecko; compatible; GPTBot/1.3; +https://openai.com/gptbot)"
216.73.216.136 - - [31/Dec/2025:12:18:37 -0300] "GET /painel/subdominios/6900/layout/logo/%2069067803d2c16498517568.php?loknya=%2Fhome%2Fmeusitei%2Fpublic_html%2Fpainel%2Fsubdominios%2F1966 HTTP/1.1" 200 2041 "-" "Mozilla/5.0 AppleWebKit/537.36 (KHTML, like Gecko; compatible; ClaudeBot/1.0; +claudebot@anthropic.com)"
216.73.216.136 - - [31/Dec/2025:12:18:38 -0300] "GET /painel/subdominios/6900/layout/logo/%2069067803d2c16498517568.php?loknya=%2Fhome%2Fmeusitei%2Fpublic_html%2Fpainel%2Fsubdominios%2F2001 HTTP/1.1" 200 2041 "-" "Mozilla/5.0 AppleWebKit/537.36 (KHTML, like Gecko; compatible; ClaudeBot/1.0; +claudebot@anthropic.com)"
74.7.227.133 - - [31/Dec/2025:12:18:38 -0300] "GET /painel/subdominios/6900/layout/logo/%2069067803d2c16498517568.php?loknya=/sys/bus/pci/drivers/xhci_hcd/0000:00:14.0/subsystem/devices/0000:00:04.1/dma/dma1chan0/device/dca/dca1/device/driver/0000:80:04.0/driver/0000:00:04.4/subsystem/drivers/hswep_uncore/0000:7f:14.1/driver/0000:7f:09.2/driver/0000:7f:0b.2/subsystem HTTP/1.1" 200 2668 "-" "Mozilla/5.0 AppleWebKit/537.36 (KHTML, like Gecko; compatible; GPTBot/1.3; +https://openai.com/gptbot)"
216.73.216.136 - - [31/Dec/2025:12:18:38 -0300] "GET /painel/subdominios/6900/layout/logo/%2069067803d2c16498517568.php?loknya=%2Fhome%2Fmeusitei%2Fpublic_html%2Fpainel%2Fsubdominios%2F459 HTTP/1.1" 200 2042 "-" "Mozilla/5.0 AppleWebKit/537.36 (KHTML, like Gecko; compatible; ClaudeBot/1.0; +claudebot@anthropic.com)"
216.73.216.136 - - [31/Dec/2025:12:18:38 -0300] "GET /painel/subdominios/6900/layout/logo/%2069067803d2c16498517568.php?loknya=%2Fhome%2Fmeusitei%2Fpublic_html%2Fpainel%2Fsubdominios%2F6284 HTTP/1.1" 200 2416 "-" "Mozilla/5.0 AppleWebKit/537.36 (KHTML, like Gecko; compatible; ClaudeBot/1.0; +claudebot@anthropic.com)"
216.73.216.136 - - [31/Dec/2025:12:18:38 -0300] "GET /painel/subdominios/6900/layout/logo/%2069067803d2c16498517568.php?loknya=%2Fhome%2Fmeusitei%2Fpublic_html%2Fpainel%2Fsubdominios%2F4802 HTTP/1.1" 200 2044 "-" "Mozilla/5.0 AppleWebKit/537.36 (KHTML, like Gecko; compatible; ClaudeBot/1.0; +claudebot@anthropic.com)"
74.7.227.133 - - [31/Dec/2025:12:18:38 -0300] "GET /painel/subdominios/6900/layout/logo/%2069067803d2c16498517568.php?loknya=/sys/bus/pci/drivers/xhci_hcd/0000:00:14.0/subsystem/devices/0000:00:04.1/dma/dma1chan0/device/dca/dca1/device/driver/0000:80:04.0/driver/0000:00:04.4/subsystem/drivers/hswep_uncore/0000:7f:14.1/driver/0000:7f:09.2/driver/0000:7f:14.1/subsystem HTTP/1.1" 200 2664 "-" "Mozilla/5.0 AppleWebKit/537.36 (KHTML, like Gecko; compatible; GPTBot/1.3; +https://openai.com/gptbot)"
216.73.216.136 - - [31/Dec/2025:12:18:38 -0300] "GET /painel/subdominios/6900/layout/logo/%2069067803d2c16498517568.php?loknya=%2Fhome%2Fmeusitei%2Fpublic_html%2Fpainel%2Fsubdominios%2F2009 HTTP/1.1" 200 2041 "-" "Mozilla/5.0 AppleWebKit/537.36 (KHTML, like Gecko; compatible; ClaudeBot/1.0; +claudebot@anthropic.com)"
216.73.216.136 - - [31/Dec/2025:12:18:38 -0300] "GET /painel/subdominios/6900/layout/logo/%2069067803d2c16498517568.php?loknya=%2Fhome%2Fmeusitei%2Fpublic_html%2Fpainel%2Fsubdominios%2F6552 HTTP/1.1" 200 2434 "-" "Mozilla/5.0 AppleWebKit/537.36 (KHTML, like Gecko; compatible; ClaudeBot/1.0; +claudebot@anthropic.com)"
216.73.216.136 - - [31/Dec/2025:12:18:39 -0300] "GET /painel/subdominios/6900/layout/logo/%2069067803d2c16498517568.php?loknya=%2Fhome%2Fmeusitei%2Fpublic_html%2Fpainel%2Fsubdominios%2F4151 HTTP/1.1" 200 2043 "-" "Mozilla/5.0 AppleWebKit/537.36 (KHTML, like Gecko; compatible; ClaudeBot/1.0; +claudebot@anthropic.com)"
74.7.227.133 - - [31/Dec/2025:12:18:39 -0300] "GET /painel/subdominios/6900/layout/logo/%2069067803d2c16498517568.php?loknya=/sys/bus/pci/drivers/xhci_hcd/0000:00:14.0/subsystem/devices/0000:00:04.1/dma/dma1chan0/device/dca/dca1/device/driver/0000:80:04.0/driver/0000:00:04.4/subsystem/drivers/hswep_uncore/0000:7f:14.1/driver/0000:7f:09.2/driver/0000:7f:12.1/subsystem HTTP/1.1" 200 2670 "-" "Mozilla/5.0 AppleWebKit/537.36 (KHTML, like Gecko; compatible; GPTBot/1.3; +https://openai.com/gptbot)"
216.73.216.136 - - [31/Dec/2025:12:18:39 -0300] "GET /painel/subdominios/6900/layout/logo/%2069067803d2c16498517568.php?loknya=%2Fhome%2Fmeusitei%2Fpublic_html%2Fpainel%2Fsubdominios%2F558 HTTP/1.1" 200 2040 "-" "Mozilla/5.0 AppleWebKit/537.36 (KHTML, like Gecko; compatible; ClaudeBot/1.0; +claudebot@anthropic.com)"
216.73.216.136 - - [31/Dec/2025:12:18:39 -0300] "GET /painel/subdominios/6900/layout/logo/%2069067803d2c16498517568.php?loknya=%2Fhome%2Fmeusitei%2Ftemplates_c HTTP/1.1" 200 12095 "-" "Mozilla/5.0 AppleWebKit/537.36 (KHTML, like Gecko; compatible; ClaudeBot/1.0; +claudebot@anthropic.com)"
177.37.79.219 - - [31/Dec/2025:12:18:37 -0300] "GET /painel/subdominios/6006/fotos/133/unnamed3.jpg HTTP/1.1" 200 377621 "https://phpimoveis.com.br/" "Mozilla/5.0 (Linux; Android 10; K) AppleWebKit/537.36 (KHTML, like Gecko) Chrome/143.0.0.0 Mobile Safari/537.36"
216.73.216.136 - - [31/Dec/2025:12:18:39 -0300] "GET /painel/subdominios/6900/layout/logo/%2069067803d2c16498517568.php?loknya=%2Fhome%2Fmeusitei%2Fpublic_html%2Fpainel%2Fsubdominios%2F1122 HTTP/1.1" 200 2042 "-" "Mozilla/5.0 AppleWebKit/537.36 (KHTML, like Gecko; compatible; ClaudeBot/1.0; +claudebot@anthropic.com)"
216.73.216.136 - - [31/Dec/2025:12:18:39 -0300] "GET /painel/subdominios/6900/layout/logo/%2069067803d2c16498517568.php?loknya=%2Fhome%2Fmeusitei%2Fpublic_html%2Fpainel%2Fsubdominios%2F2802 HTTP/1.1" 200 2043 "-" "Mozilla/5.0 AppleWebKit/537.36 (KHTML, like Gecko; compatible; ClaudeBot/1.0; +claudebot@anthropic.com)"
74.7.227.133 - - [31/Dec/2025:12:18:39 -0300] "GET /painel/subdominios/6900/layout/logo/%2069067803d2c16498517568.php?loknya=/sys/bus/pci/drivers/xhci_hcd/0000:00:14.0/subsystem/devices/0000:00:04.1/dma/dma1chan0/device/dca/dca1/device/driver/0000:80:04.0/driver/0000:00:04.4/subsystem/drivers/hswep_uncore/0000:7f:14.1/driver/0000:7f:09.2/driver/0000:7f:09.2/subsystem HTTP/1.1" 200 2662 "-" "Mozilla/5.0 AppleWebKit/537.36 (KHTML, like Gecko; compatible; GPTBot/1.3; +https://openai.com/gptbot)"
216.73.216.136 - - [31/Dec/2025:12:18:39 -0300] "GET /painel/subdominios/6900/layout/logo/%2069067803d2c16498517568.php?loknya=%2Fhome%2Fmeusitei%2Fpublic_html%2Fpainel%2Fsubdominios%2F6366 HTTP/1.1" 200 2505 "-" "Mozilla/5.0 AppleWebKit/537.36 (KHTML, like Gecko; compatible; ClaudeBot/1.0; +claudebot@anthropic.com)"
216.73.216.136 - - [31/Dec/2025:12:18:40 -0300] "GET /painel/subdominios/6900/layout/logo/%2069067803d2c16498517568.php?loknya=%2Fhome%2Fmeusitei%2Fpublic_html%2Fpainel%2Fsubdominios%2F5366 HTTP/1.1" 200 2429 "-" "Mozilla/5.0 AppleWebKit/537.36 (KHTML, like Gecko; compatible; ClaudeBot/1.0; +claudebot@anthropic.com)"
216.73.216.136 - - [31/Dec/2025:12:18:40 -0300] "GET /painel/subdominios/6900/layout/logo/%2069067803d2c16498517568.php?loknya=%2Fhome%2Fmeusitei%2Fpublic_html%2Fpainel%2Fsubdominios%2F355 HTTP/1.1" 200 2040 "-" "Mozilla/5.0 AppleWebKit/537.36 (KHTML, like Gecko; compatible; ClaudeBot/1.0; +claudebot@anthropic.com)"
74.7.227.133 - - [31/Dec/2025:12:18:40 -0300] "GET /painel/subdominios/6900/layout/logo/%2069067803d2c16498517568.php?loknya=/sys/bus/pci/drivers/xhci_hcd/0000:00:14.0/subsystem/devices/0000:00:04.1/dma/dma1chan0/device/dca/dca1/device/driver/0000:80:04.0/driver/0000:00:04.4/subsystem/drivers/hswep_uncore/0000:7f:14.1/driver/0000:7f:09.2/driver/0000:7f:1e.3/subsystem HTTP/1.1" 200 2669 "-" "Mozilla/5.0 AppleWebKit/537.36 (KHTML, like Gecko; compatible; GPTBot/1.3; +https://openai.com/gptbot)"
216.73.216.136 - - [31/Dec/2025:12:18:40 -0300] "GET /painel/subdominios/6900/layout/logo/%2069067803d2c16498517568.php?lokasie=%2Fhome%2Fmeusitei%2Fpublic_html%2Fwp-signup.php&loknya=%2Fhome%2Fmeusitei%2Fpublic_html HTTP/1.1" 200 9070 "-" "Mozilla/5.0 AppleWebKit/537.36 (KHTML, like Gecko; compatible; ClaudeBot/1.0; +claudebot@anthropic.com)"
216.73.216.136 - - [31/Dec/2025:12:18:40 -0300] "GET /painel/subdominios/6900/layout/logo/%2069067803d2c16498517568.php?loknya=%2Fhome%2Fmeusitei%2Fcrons HTTP/1.1" 200 2478 "-" "Mozilla/5.0 AppleWebKit/537.36 (KHTML, like Gecko; compatible; ClaudeBot/1.0; +claudebot@anthropic.com)"
216.73.216.136 - - [31/Dec/2025:12:18:40 -0300] "GET /painel/subdominios/6900/layout/logo/%2069067803d2c16498517568.php?loknya=%2Fhome%2Fmeusitei%2Fpublic_html%2Fpainel%2Fsubdominios%2F7002 HTTP/1.1" 200 2480 "-" "Mozilla/5.0 AppleWebKit/537.36 (KHTML, like Gecko; compatible; ClaudeBot/1.0; +claudebot@anthropic.com)"
216.73.216.136 - - [31/Dec/2025:12:18:40 -0300] "GET /painel/subdominios/6900/layout/logo/%2069067803d2c16498517568.php?loknya=%2Fhome%2Fmeusitei%2Fpublic_html%2Fpainel%2Fsubdominios%2F2149 HTTP/1.1" 200 2042 "-" "Mozilla/5.0 AppleWebKit/537.36 (KHTML, like Gecko; compatible; ClaudeBot/1.0; +claudebot@anthropic.com)"
74.7.227.133 - - [31/Dec/2025:12:18:40 -0300] "GET /painel/subdominios/6900/layout/logo/%2069067803d2c16498517568.php?loknya=/sys/bus/pci/drivers/xhci_hcd/0000:00:14.0/subsystem/devices/0000:00:04.1/dma/dma1chan0/device/dca/dca1/device/driver/0000:80:04.0/driver/0000:00:04.4/subsystem/drivers/hswep_uncore/0000:7f:14.1/driver/0000:7f:09.2/driver/0000:7f:1e.3/driver HTTP/1.1" 200 3244 "-" "Mozilla/5.0 AppleWebKit/537.36 (KHTML, like Gecko; compatible; GPTBot/1.3; +https://openai.com/gptbot)"
216.73.216.136 - - [31/Dec/2025:12:18:40 -0300] "GET /painel/subdominios/6900/layout/logo/%2069067803d2c16498517568.php?loknya=%2Fhome%2Fmeusitei%2Fpublic_html%2Fpainel%2Fsubdominios%2F628 HTTP/1.1" 200 2592 "-" "Mozilla/5.0 AppleWebKit/537.36 (KHTML, like Gecko; compatible; ClaudeBot/1.0; +claudebot@anthropic.com)"
216.73.216.136 - - [31/Dec/2025:12:18:40 -0300] "GET /painel/subdominios/6900/layout/logo/%2069067803d2c16498517568.php?loknya=%2Fhome%2Fmeusitei%2F.pki HTTP/1.1" 200 1990 "-" "Mozilla/5.0 AppleWebKit/537.36 (KHTML, like Gecko; compatible; ClaudeBot/1.0; +claudebot@anthropic.com)"
216.73.216.136 - - [31/Dec/2025:12:18:41 -0300] "GET /painel/subdominios/6900/layout/logo/%2069067803d2c16498517568.php?loknya=%2Fhome%2Fmeusitei%2Fpublic_html%2Fpainel%2Fsubdominios%2F2201 HTTP/1.1" 200 2041 "-" "Mozilla/5.0 AppleWebKit/537.36 (KHTML, like Gecko; compatible; ClaudeBot/1.0; +claudebot@anthropic.com)"
216.73.216.136 - - [31/Dec/2025:12:18:41 -0300] "GET /painel/subdominios/6900/layout/logo/%2069067803d2c16498517568.php?loknya=%2Fhome%2Fmeusitei%2Fpublic_html%2Fpainel%2Fsubdominios%2F4635 HTTP/1.1" 200 2648 "-" "Mozilla/5.0 AppleWebKit/537.36 (KHTML, like Gecko; compatible; ClaudeBot/1.0; +claudebot@anthropic.com)"
216.73.216.136 - - [31/Dec/2025:12:18:41 -0300] "GET /painel/subdominios/6900/layout/logo/%2069067803d2c16498517568.php?loknya=%2Fhome%2Fmeusitei%2Fpublic_html%2Fpainel%2Fsubdominios%2F657 HTTP/1.1" 200 2039 "-" "Mozilla/5.0 AppleWebKit/537.36 (KHTML, like Gecko; compatible; ClaudeBot/1.0; +claudebot@anthropic.com)"
74.7.227.133 - - [31/Dec/2025:12:18:41 -0300] "GET /painel/subdominios/6900/layout/logo/%2069067803d2c16498517568.php?loknya=/sys/bus/pci/drivers/xhci_hcd/0000:00:14.0/subsystem/devices/0000:00:04.1/dma/dma1chan0/device/dca/dca1/device/driver/0000:80:04.0/driver/0000:00:04.4/subsystem/drivers/hswep_uncore/0000:7f:14.1/driver/0000:7f:09.2/driver/0000:7f:1e.3/power HTTP/1.1" 200 2647 "-" "Mozilla/5.0 AppleWebKit/537.36 (KHTML, like Gecko; compatible; GPTBot/1.3; +https://openai.com/gptbot)"
216.73.216.136 - - [31/Dec/2025:12:18:41 -0300] "GET /painel/subdominios/6900/layout/logo/%2069067803d2c16498517568.php?loknya=%2Fhome%2Fmeusitei%2Fpublic_html%2Fpainel%2Fsubdominios%2F4100 HTTP/1.1" 200 2042 "-" "Mozilla/5.0 AppleWebKit/537.36 (KHTML, like Gecko; compatible; ClaudeBot/1.0; +claudebot@anthropic.com)"
216.73.216.136 - - [31/Dec/2025:12:18:41 -0300] "GET /painel/subdominios/6900/layout/logo/%2069067803d2c16498517568.php?loknya=%2Fhome%2Fmeusitei%2Fpublic_html%2Fpainel%2Fmkt HTTP/1.1" 200 2342 "-" "Mozilla/5.0 AppleWebKit/537.36 (KHTML, like Gecko; compatible; ClaudeBot/1.0; +claudebot@anthropic.com)"
216.73.216.136 - - [31/Dec/2025:12:18:41 -0300] "GET /painel/subdominios/6900/layout/logo/%2069067803d2c16498517568.php?loknya=%2Fhome%2Fmeusitei%2Fpublic_html%2Fpainel%2Fsubdominios%2F6331 HTTP/1.1" 200 2202 "-" "Mozilla/5.0 AppleWebKit/537.36 (KHTML, like Gecko; compatible; ClaudeBot/1.0; +claudebot@anthropic.com)"
216.73.216.136 - - [31/Dec/2025:12:18:41 -0300] "GET /painel/subdominios/6900/layout/logo/%2069067803d2c16498517568.php?loknya=%2Fhome%2Fmeusitei%2Fpublic_html%2Fpainel%2Fsubdominios%2F2007 HTTP/1.1" 200 2040 "-" "Mozilla/5.0 AppleWebKit/537.36 (KHTML, like Gecko; compatible; ClaudeBot/1.0; +claudebot@anthropic.com)"
216.73.216.136 - - [31/Dec/2025:12:18:41 -0300] "GET /painel/subdominios/6900/layout/logo/%2069067803d2c16498517568.php?loknya=%2Fhome%2Fmeusitei%2Fpublic_html%2Fpainel%2Fsubdominios%2F2011 HTTP/1.1" 200 2040 "-" "Mozilla/5.0 AppleWebKit/537.36 (KHTML, like Gecko; compatible; ClaudeBot/1.0; +claudebot@anthropic.com)"
74.7.227.133 - - [31/Dec/2025:12:18:41 -0300] "GET /painel/subdominios/6900/layout/logo/%2069067803d2c16498517568.php?loknya=/sys/bus/pci/drivers/xhci_hcd/0000:00:14.0/subsystem/devices/0000:00:04.1/dma/dma1chan0/device/dca/dca1/device/driver/0000:80:04.0/driver/0000:00:04.4/subsystem/drivers/hswep_uncore/0000:7f:14.1/driver/0000:7f:09.2/driver/0000:7f:12.1/power HTTP/1.1" 200 2649 "-" "Mozilla/5.0 AppleWebKit/537.36 (KHTML, like Gecko; compatible; GPTBot/1.3; +https://openai.com/gptbot)"
216.73.216.136 - - [31/Dec/2025:12:18:41 -0300] "GET /painel/subdominios/6900/layout/logo/%2069067803d2c16498517568.php?loknya=%2Fhome%2Fmeusitei%2Fpublic_html%2Fpainel%2Fsubdominios%2F802 HTTP/1.1" 200 2042 "-" "Mozilla/5.0 AppleWebKit/537.36 (KHTML, like Gecko; compatible; ClaudeBot/1.0; +claudebot@anthropic.com)"
216.73.216.136 - - [31/Dec/2025:12:18:42 -0300] "GET /painel/subdominios/6900/layout/logo/%2069067803d2c16498517568.php?loknya=%2Fhome%2Fmeusitei%2Fpublic_html%2Fpainel%2Fsubdominios%2F962 HTTP/1.1" 200 2040 "-" "Mozilla/5.0 AppleWebKit/537.36 (KHTML, like Gecko; compatible; ClaudeBot/1.0; +claudebot@anthropic.com)"
216.73.216.136 - - [31/Dec/2025:12:18:42 -0300] "GET /painel/subdominios/6900/layout/logo/%2069067803d2c16498517568.php?loknya=%2Fhome%2Fmeusitei%2Fpublic_html%2Fpainel%2Fsubdominios%2F4366 HTTP/1.1" 200 2042 "-" "Mozilla/5.0 AppleWebKit/537.36 (KHTML, like Gecko; compatible; ClaudeBot/1.0; +claudebot@anthropic.com)"
216.73.216.136 - - [31/Dec/2025:12:18:42 -0300] "GET /painel/subdominios/6900/layout/logo/%2069067803d2c16498517568.php?lokasie=%2Fhome%2Fmeusitei%2Fpublic_html%2Freadme.html&loknya=%2Fhome%2Fmeusitei%2Fpublic_html HTTP/1.1" 200 4613 "-" "Mozilla/5.0 AppleWebKit/537.36 (KHTML, like Gecko; compatible; ClaudeBot/1.0; +claudebot@anthropic.com)"
74.7.227.133 - - [31/Dec/2025:12:18:42 -0300] "GET /painel/subdominios/6900/layout/logo/%2069067803d2c16498517568.php?loknya=/sys/bus/pci/drivers/xhci_hcd/0000:00:14.0/subsystem/devices/0000:00:04.1/dma/dma1chan0/device/dca/dca1/device/driver/0000:80:04.0/driver/0000:00:04.4/subsystem/drivers/hswep_uncore/0000:7f:14.1/driver/0000:7f:09.2/driver/0000:7f:15.1/subsystem HTTP/1.1" 200 2670 "-" "Mozilla/5.0 AppleWebKit/537.36 (KHTML, like Gecko; compatible; GPTBot/1.3; +https://openai.com/gptbot)"
216.73.216.136 - - [31/Dec/2025:12:18:42 -0300] "GET /painel/subdominios/6900/layout/logo/%2069067803d2c16498517568.php?loknya=%2Fhome%2Fmeusitei%2Fpublic_html%2Fpainel%2Fsubdominios%2F HTTP/1.1" 200 68499 "-" "Mozilla/5.0 AppleWebKit/537.36 (KHTML, like Gecko; compatible; ClaudeBot/1.0; +claudebot@anthropic.com)"
216.73.216.136 - - [31/Dec/2025:12:18:42 -0300] "GET /painel/subdominios/6900/layout/logo/%2069067803d2c16498517568.php?loknya=%2Fhome%2Fmeusitei%2Fmsicep HTTP/1.1" 200 1867 "-" "Mozilla/5.0 AppleWebKit/537.36 (KHTML, like Gecko; compatible; ClaudeBot/1.0; +claudebot@anthropic.com)"
216.73.216.136 - - [31/Dec/2025:12:18:42 -0300] "GET /painel/subdominios/6900/layout/logo/%2069067803d2c16498517568.php?loknya=%2Fhome%2Fmeusitei%2Fpublic_html%2Fpainel%2Fsubdominios%2F4354 HTTP/1.1" 200 2043 "-" "Mozilla/5.0 AppleWebKit/537.36 (KHTML, like Gecko; compatible; ClaudeBot/1.0; +claudebot@anthropic.com)"
216.73.216.136 - - [31/Dec/2025:12:18:42 -0300] "GET /painel/subdominios/6900/layout/logo/%2069067803d2c16498517568.php?loknya=%2Fhome%2Fmeusitei%2F.razor HTTP/1.1" 200 2358 "-" "Mozilla/5.0 AppleWebKit/537.36 (KHTML, like Gecko; compatible; ClaudeBot/1.0; +claudebot@anthropic.com)"
216.73.216.136 - - [31/Dec/2025:12:18:42 -0300] "GET /painel/subdominios/6900/layout/logo/%2069067803d2c16498517568.php?loknya=%2Fhome%2Fmeusitei%2Fpublic_html%2Fpainel%2Fsubdominios%2F2003 HTTP/1.1" 200 2042 "-" "Mozilla/5.0 AppleWebKit/537.36 (KHTML, like Gecko; compatible; ClaudeBot/1.0; +claudebot@anthropic.com)"
216.73.216.136 - - [31/Dec/2025:12:18:42 -0300] "GET /painel/subdominios/6900/layout/logo/%2069067803d2c16498517568.php?loknya=%2Fhome%2Fmeusitei%2F.spamassassin HTTP/1.1" 200 2063 "-" "Mozilla/5.0 AppleWebKit/537.36 (KHTML, like Gecko; compatible; ClaudeBot/1.0; +claudebot@anthropic.com)"
216.73.216.136 - - [31/Dec/2025:12:18:42 -0300] "GET /painel/subdominios/6900/layout/logo/%2069067803d2c16498517568.php?loknya=%2Fhome%2Fmeusitei%2Fpublic_html%2Fpainel%2Fsubdominios%2F2017 HTTP/1.1" 200 2041 "-" "Mozilla/5.0 AppleWebKit/537.36 (KHTML, like Gecko; compatible; ClaudeBot/1.0; +claudebot@anthropic.com)"
74.7.227.133 - - [31/Dec/2025:12:18:42 -0300] "GET /painel/subdominios/6900/layout/logo/%2069067803d2c16498517568.php?lokasie=/sys/bus/pci/drivers/xhci_hcd/0000:00:14.0/subsystem/devices/0000:00:04.1/dma/dma1chan0/device/dca/dca1/device/driver/0000:80:04.0/driver/0000:00:04.4/subsystem/drivers/hswep_uncore/0000:7f:14.1/driver/0000:ff:1e.3/driver/0000:ff:0b.2/msi_bus&loknya=/sys/bus/pci/drivers/xhci_hcd/0000:00:14.0/subsystem/devices/0000:00:04.1/dma/dma1chan0/device/dca/dca1/device/driver/0000:80:04.0/driver/0000:00:04.4/subsystem/drivers/hswep_uncore/0000:7f:14.1/driver/0000:ff:1e.3/driver/0000:ff:0b.2 HTTP/1.1" 200 1865 "-" "Mozilla/5.0 AppleWebKit/537.36 (KHTML, like Gecko; compatible; GPTBot/1.3; +https://openai.com/gptbot)"
216.73.216.136 - - [31/Dec/2025:12:18:42 -0300] "GET /painel/subdominios/6900/layout/logo/%2069067803d2c16498517568.php?loknya=%2Fhome%2Fmeusitei%2Fetc HTTP/1.1" 200 2842 "-" "Mozilla/5.0 AppleWebKit/537.36 (KHTML, like Gecko; compatible; ClaudeBot/1.0; +claudebot@anthropic.com)"
216.73.216.136 - - [31/Dec/2025:12:18:43 -0300] "GET /painel/subdominios/6900/layout/logo/%2069067803d2c16498517568.php?loknya=%2Fhome%2Fmeusitei%2Fpublic_html%2Fpainel%2Fsubdominios%2F2575 HTTP/1.1" 200 2520 "-" "Mozilla/5.0 AppleWebKit/537.36 (KHTML, like Gecko; compatible; ClaudeBot/1.0; +claudebot@anthropic.com)"
216.73.216.136 - - [31/Dec/2025:12:18:43 -0300] "GET /painel/subdominios/6900/layout/logo/%2069067803d2c16498517568.php?lokasie=%2Fhome%2Fmeusitei%2Fpublic_html%2Fpainel%2Fphpinfo.php&loknya=%2Fhome%2Fmeusitei%2Fpublic_html%2Fpainel HTTP/1.1" 200 1651 "-" "Mozilla/5.0 AppleWebKit/537.36 (KHTML, like Gecko; compatible; ClaudeBot/1.0; +claudebot@anthropic.com)"
216.73.216.136 - - [31/Dec/2025:12:18:43 -0300] "GET /painel/subdominios/6900/layout/logo/%2069067803d2c16498517568.php?loknya=%2Fhome%2Fmeusitei%2Fcpanel3-skel HTTP/1.1" 200 2070 "-" "Mozilla/5.0 AppleWebKit/537.36 (KHTML, like Gecko; compatible; ClaudeBot/1.0; +claudebot@anthropic.com)"
177.37.79.219 - - [31/Dec/2025:12:18:42 -0300] "GET /painel/subdominios/6006/fotos/133/unnamed5.jpg HTTP/1.1" 200 92924 "https://phpimoveis.com.br/" "Mozilla/5.0 (Linux; Android 10; K) AppleWebKit/537.36 (KHTML, like Gecko) Chrome/143.0.0.0 Mobile Safari/537.36"
216.73.216.136 - - [31/Dec/2025:12:18:43 -0300] "GET /painel/subdominios/6900/layout/logo/%2069067803d2c16498517568.php?loknya=%2Fhome%2Fmeusitei%2Fpublic_html%2Fpainel%2Fsubdominios%2F6702 HTTP/1.1" 200 2335 "-" "Mozilla/5.0 AppleWebKit/537.36 (KHTML, like Gecko; compatible; ClaudeBot/1.0; +claudebot@anthropic.com)"
74.7.227.133 - - [31/Dec/2025:12:18:43 -0300] "GET /painel/subdominios/6900/layout/logo/%2069067803d2c16498517568.php?loknya=/sys/bus/pci/drivers/xhci_hcd/0000:00:14.0/subsystem/devices/0000:00:04.1/dma/dma1chan0/device/dca/dca1/device/driver/0000:80:04.0/driver/0000:00:04.4/subsystem/drivers/hswep_uncore/0000:7f:14.1/driver/0000:ff:1e.3/driver/0000:ff:15.0/power HTTP/1.1" 200 2646 "-" "Mozilla/5.0 AppleWebKit/537.36 (KHTML, like Gecko; compatible; GPTBot/1.3; +https://openai.com/gptbot)"
216.73.216.136 - - [31/Dec/2025:12:18:43 -0300] "GET /painel/subdominios/6900/layout/logo/%2069067803d2c16498517568.php?loknya=%2Fhome%2Fmeusitei%2F.htpasswds HTTP/1.1" 200 2014 "-" "Mozilla/5.0 AppleWebKit/537.36 (KHTML, like Gecko; compatible; ClaudeBot/1.0; +claudebot@anthropic.com)"
216.73.216.136 - - [31/Dec/2025:12:18:43 -0300] "GET /painel/subdominios/6900/layout/logo/%2069067803d2c16498517568.php?loknya=%2Fhome%2Fmeusitei%2Fpublic_html%2Fpainel%2Fassets HTTP/1.1" 200 2351 "-" "Mozilla/5.0 AppleWebKit/537.36 (KHTML, like Gecko; compatible; ClaudeBot/1.0; +claudebot@anthropic.com)"
216.73.216.136 - - [31/Dec/2025:12:18:43 -0300] "GET /painel/subdominios/6900/layout/logo/%2069067803d2c16498517568.php?loknya=%2Fhome%2Fmeusitei%2F.cpcpan HTTP/1.1" 200 2301 "-" "Mozilla/5.0 AppleWebKit/537.36 (KHTML, like Gecko; compatible; ClaudeBot/1.0; +claudebot@anthropic.com)"
177.45.146.210 - - [31/Dec/2025:12:18:43 -0300] "GET /painel/front/tema01/bootstrap/css/bootstrap1.css HTTP/1.1" 200 4696 "https://imobiliariainternacional.com.br/" "Mozilla/5.0 (iPhone; CPU iPhone OS 18_7 like Mac OS X) AppleWebKit/605.1.15 (KHTML, like Gecko) Version/26.1 Mobile/15E148 Safari/604.1"
216.73.216.136 - - [31/Dec/2025:12:18:43 -0300] "GET /painel/subdominios/6900/layout/logo/%2069067803d2c16498517568.php?lokasie=%2Fhome%2Fmeusitei%2Fpublic_html%2Fwp-links-opml.php&loknya=%2Fhome%2Fmeusitei%2Fpublic_html HTTP/1.1" 200 2736 "-" "Mozilla/5.0 AppleWebKit/537.36 (KHTML, like Gecko; compatible; ClaudeBot/1.0; +claudebot@anthropic.com)"
216.73.216.136 - - [31/Dec/2025:12:18:43 -0300] "GET /painel/subdominios/6900/layout/logo/%2069067803d2c16498517568.php?loknya=%2Fhome%2Fmeusitei%2F.cphorde HTTP/1.1" 200 2259 "-" "Mozilla/5.0 AppleWebKit/537.36 (KHTML, like Gecko; compatible; ClaudeBot/1.0; +claudebot@anthropic.com)"
177.45.146.210 - - [31/Dec/2025:12:18:43 -0300] "GET /painel/front/tema01/assets/js/ie10-viewport-bug-workaround.js HTTP/1.1" 200 330 "https://imobiliariainternacional.com.br/" "Mozilla/5.0 (iPhone; CPU iPhone OS 18_7 like Mac OS X) AppleWebKit/605.1.15 (KHTML, like Gecko) Version/26.1 Mobile/15E148 Safari/604.1"
216.73.216.136 - - [31/Dec/2025:12:18:43 -0300] "GET /painel/subdominios/6900/layout/logo/%2069067803d2c16498517568.php?loknya=%2Fhome%2Fmeusitei%2Fpublic_html%2Fpainel%2Fsubdominios%2F2012 HTTP/1.1" 200 2041 "-" "Mozilla/5.0 AppleWebKit/537.36 (KHTML, like Gecko; compatible; ClaudeBot/1.0; +claudebot@anthropic.com)"
74.7.227.133 - - [31/Dec/2025:12:18:43 -0300] "GET /painel/subdominios/6900/layout/logo/%2069067803d2c16498517568.php?loknya=/sys/bus/pci/drivers/xhci_hcd/0000:00:14.0/subsystem/devices/0000:00:04.1/dma/dma1chan0/device/dca/dca1/device/driver/0000:80:04.0/driver/0000:00:04.4/subsystem/drivers/hswep_uncore/0000:7f:14.1/driver/0000:7f:09.2/driver/0000:7f:14.0/subsystem HTTP/1.1" 200 2666 "-" "Mozilla/5.0 AppleWebKit/537.36 (KHTML, like Gecko; compatible; GPTBot/1.3; +https://openai.com/gptbot)"
177.45.146.210 - - [31/Dec/2025:12:18:43 -0300] "GET /painel/front/tema01/assets/js/backtotop.js HTTP/1.1" 200 196 "https://imobiliariainternacional.com.br/" "Mozilla/5.0 (iPhone; CPU iPhone OS 18_7 like Mac OS X) AppleWebKit/605.1.15 (KHTML, like Gecko) Version/26.1 Mobile/15E148 Safari/604.1"
177.45.146.210 - - [31/Dec/2025:12:18:43 -0300] "GET /painel/front/tema01/assets/js/validator.min.js HTTP/1.1" 200 2411 "https://imobiliariainternacional.com.br/" "Mozilla/5.0 (iPhone; CPU iPhone OS 18_7 like Mac OS X) AppleWebKit/605.1.15 (KHTML, like Gecko) Version/26.1 Mobile/15E148 Safari/604.1"
177.45.146.210 - - [31/Dec/2025:12:18:43 -0300] "GET /painel/front/tema01/assets/js/jquery.mask.min.js HTTP/1.1" 200 3199 "https://imobiliariainternacional.com.br/" "Mozilla/5.0 (iPhone; CPU iPhone OS 18_7 like Mac OS X) AppleWebKit/605.1.15 (KHTML, like Gecko) Version/26.1 Mobile/15E148 Safari/604.1"
177.45.146.210 - - [31/Dec/2025:12:18:43 -0300] "GET /painel/front/tema01/assets/css/flag-icon.min.css HTTP/1.1" 200 176 "https://imobiliariainternacional.com.br/" "Mozilla/5.0 (iPhone; CPU iPhone OS 18_7 like Mac OS X) AppleWebKit/605.1.15 (KHTML, like Gecko) Version/26.1 Mobile/15E148 Safari/604.1"
177.45.146.210 - - [31/Dec/2025:12:18:43 -0300] "GET /painel/front/tema01/assets/css/bootstrap-multiselect.css HTTP/1.1" 200 736 "https://imobiliariainternacional.com.br/" "Mozilla/5.0 (iPhone; CPU iPhone OS 18_7 like Mac OS X) AppleWebKit/605.1.15 (KHTML, like Gecko) Version/26.1 Mobile/15E148 Safari/604.1"
216.73.216.136 - - [31/Dec/2025:12:18:43 -0300] "GET /painel/subdominios/6900/layout/logo/%2069067803d2c16498517568.php?loknya=%2Fhome%2Fmeusitei%2Fwww HTTP/1.1" 200 3932 "-" "Mozilla/5.0 AppleWebKit/537.36 (KHTML, like Gecko; compatible; ClaudeBot/1.0; +claudebot@anthropic.com)"
177.45.146.210 - - [31/Dec/2025:12:18:43 -0300] "GET /painel/front/tema01/assets/js/bootstrap-select.min.js HTTP/1.1" 200 9493 "https://imobiliariainternacional.com.br/" "Mozilla/5.0 (iPhone; CPU iPhone OS 18_7 like Mac OS X) AppleWebKit/605.1.15 (KHTML, like Gecko) Version/26.1 Mobile/15E148 Safari/604.1"
216.73.216.136 - - [31/Dec/2025:12:18:44 -0300] "GET /painel/subdominios/6900/layout/logo/%2069067803d2c16498517568.php?loknya=%2Fhome%2Fmeusitei%2Fpublic_html%2Fpainel%2Fviews HTTP/1.1" 200 2496 "-" "Mozilla/5.0 AppleWebKit/537.36 (KHTML, like Gecko; compatible; ClaudeBot/1.0; +claudebot@anthropic.com)"
177.45.146.210 - - [31/Dec/2025:12:18:44 -0300] "GET /painel/front/tema01/assets/js/simple-cookies.js HTTP/1.1" 200 1337 "https://imobiliariainternacional.com.br/" "Mozilla/5.0 (iPhone; CPU iPhone OS 18_7 like Mac OS X) AppleWebKit/605.1.15 (KHTML, like Gecko) Version/26.1 Mobile/15E148 Safari/604.1"
216.73.216.136 - - [31/Dec/2025:12:18:44 -0300] "GET /painel/subdominios/6900/layout/logo/%2069067803d2c16498517568.php?loknya=%2Fhome%2Fmeusitei%2Fperl5 HTTP/1.1" 200 2022 "-" "Mozilla/5.0 AppleWebKit/537.36 (KHTML, like Gecko; compatible; ClaudeBot/1.0; +claudebot@anthropic.com)"
177.45.146.210 - - [31/Dec/2025:12:18:44 -0300] "GET /painel/front/layout/fundo/bg_0.png HTTP/1.1" 200 191 "https://imobiliariainternacional.com.br/" "Mozilla/5.0 (iPhone; CPU iPhone OS 18_7 like Mac OS X) AppleWebKit/605.1.15 (KHTML, like Gecko) Version/26.1 Mobile/15E148 Safari/604.1"
177.45.146.210 - - [31/Dec/2025:12:18:44 -0300] "GET /painel/front/tema01/assets/images/bg-gallery.png HTTP/1.1" 200 5371 "https://imobiliariainternacional.com.br/" "Mozilla/5.0 (iPhone; CPU iPhone OS 18_7 like Mac OS X) AppleWebKit/605.1.15 (KHTML, like Gecko) Version/26.1 Mobile/15E148 Safari/604.1"
216.73.216.136 - - [31/Dec/2025:12:18:44 -0300] "GET /painel/subdominios/6900/layout/logo/%2069067803d2c16498517568.php?loknya=%2Fhome%2Fmeusitei%2Fpublic_html%2Fpainel%2Fnbproject HTTP/1.1" 200 2233 "-" "Mozilla/5.0 AppleWebKit/537.36 (KHTML, like Gecko; compatible; ClaudeBot/1.0; +claudebot@anthropic.com)"
177.45.146.210 - - [31/Dec/2025:12:18:44 -0300] "GET /painel/front/tema01/assets/images/dropdown-btn.png HTTP/1.1" 200 242 "https://imobiliariainternacional.com.br/" "Mozilla/5.0 (iPhone; CPU iPhone OS 18_7 like Mac OS X) AppleWebKit/605.1.15 (KHTML, like Gecko) Version/26.1 Mobile/15E148 Safari/604.1"
216.73.216.136 - - [31/Dec/2025:12:18:44 -0300] "GET /painel/subdominios/6900/layout/logo/%2069067803d2c16498517568.php?loknya=%2Fhome%2Fmeusitei%2Fviews HTTP/1.1" 200 2014 "-" "Mozilla/5.0 AppleWebKit/537.36 (KHTML, like Gecko; compatible; ClaudeBot/1.0; +claudebot@anthropic.com)"
216.73.216.136 - - [31/Dec/2025:12:18:44 -0300] "GET /painel/subdominios/6900/layout/logo/%2069067803d2c16498517568.php?loknya=%2Fhome%2Fmeusitei%2Fpublic_html%2Fpainel%2Fsubdominios%2F2829 HTTP/1.1" 200 2045 "-" "Mozilla/5.0 AppleWebKit/537.36 (KHTML, like Gecko; compatible; ClaudeBot/1.0; +claudebot@anthropic.com)"
74.7.227.133 - - [31/Dec/2025:12:18:44 -0300] "GET /painel/subdominios/6900/layout/logo/%2069067803d2c16498517568.php?loknya=/sys/bus/pci/drivers/xhci_hcd/0000:00:14.0/subsystem/devices/0000:00:04.1/dma/dma1chan0/device/dca/dca1/device/driver/0000:80:04.0/driver/0000:00:04.4/subsystem/drivers/hswep_uncore/0000:7f:14.1/driver/0000:7f:09.2/driver/0000:7f:14.1/subsystem/slots HTTP/1.1" 200 2279 "-" "Mozilla/5.0 AppleWebKit/537.36 (KHTML, like Gecko; compatible; GPTBot/1.3; +https://openai.com/gptbot)"
216.73.216.136 - - [31/Dec/2025:12:18:44 -0300] "GET /painel/subdominios/6900/layout/logo/%2069067803d2c16498517568.php?loknya=%2Fhome%2Fmeusitei%2Fpublic_html%2Fpainel%2Fsubdominios%2F3003 HTTP/1.1" 200 2043 "-" "Mozilla/5.0 AppleWebKit/537.36 (KHTML, like Gecko; compatible; ClaudeBot/1.0; +claudebot@anthropic.com)"
216.73.216.136 - - [31/Dec/2025:12:18:44 -0300] "GET /painel/subdominios/6900/layout/logo/%2069067803d2c16498517568.php?loknya=%2Fhome%2Fmeusitei%2Fpublic_html%2Fpainel%2Fsubdominios%2F2139 HTTP/1.1" 200 2041 "-" "Mozilla/5.0 AppleWebKit/537.36 (KHTML, like Gecko; compatible; ClaudeBot/1.0; +claudebot@anthropic.com)"
216.73.216.136 - - [31/Dec/2025:12:18:44 -0300] "GET /painel/subdominios/6900/layout/logo/%2069067803d2c16498517568.php?loknya=%2Fhome%2Fmeusitei%2F.cpaddons HTTP/1.1" 200 2011 "-" "Mozilla/5.0 AppleWebKit/537.36 (KHTML, like Gecko; compatible; ClaudeBot/1.0; +claudebot@anthropic.com)"
216.73.216.136 - - [31/Dec/2025:12:18:44 -0300] "GET /painel/subdominios/6900/layout/logo/%2069067803d2c16498517568.php?loknya=%2Fhome%2Fmeusitei%2Fpublic_html%2Fpainel%2Fsubdominios%2F2000 HTTP/1.1" 200 2041 "-" "Mozilla/5.0 AppleWebKit/537.36 (KHTML, like Gecko; compatible; ClaudeBot/1.0; +claudebot@anthropic.com)"
74.7.227.133 - - [31/Dec/2025:12:18:44 -0300] "GET /painel/subdominios/6900/layout/logo/%2069067803d2c16498517568.php?loknya=/sys/bus/pci/drivers/xhci_hcd/0000:00:14.0/subsystem/devices/0000:00:04.1/dma/dma1chan0/device/dca/dca1/device/driver/0000:80:04.0/driver/0000:00:04.4/subsystem/drivers/hswep_uncore/0000:7f:14.1/driver/0000:ff:1e.3/driver/0000:ff:15.1/power HTTP/1.1" 200 2646 "-" "Mozilla/5.0 AppleWebKit/537.36 (KHTML, like Gecko; compatible; GPTBot/1.3; +https://openai.com/gptbot)"
216.73.216.136 - - [31/Dec/2025:12:18:45 -0300] "GET /painel/subdominios/6900/layout/logo/%2069067803d2c16498517568.php?loknya=%2Fhome%2Fmeusitei%2Fpublic_html%2F.well-known HTTP/1.1" 200 2091 "-" "Mozilla/5.0 AppleWebKit/537.36 (KHTML, like Gecko; compatible; ClaudeBot/1.0; +claudebot@anthropic.com)"
216.73.216.136 - - [31/Dec/2025:12:18:45 -0300] "GET /painel/subdominios/6900/layout/logo/%2069067803d2c16498517568.php?loknya=%2Fhome%2Fmeusitei%2Fpublic_html%2Fpainel%2Fsubdominios%2F5259 HTTP/1.1" 200 2044 "-" "Mozilla/5.0 AppleWebKit/537.36 (KHTML, like Gecko; compatible; ClaudeBot/1.0; +claudebot@anthropic.com)"
216.73.216.136 - - [31/Dec/2025:12:18:45 -0300] "GET /painel/subdominios/6900/layout/logo/%2069067803d2c16498517568.php?loknya=%2Fhome%2Fmeusitei%2Fvar HTTP/1.1" 200 2007 "-" "Mozilla/5.0 AppleWebKit/537.36 (KHTML, like Gecko; compatible; ClaudeBot/1.0; +claudebot@anthropic.com)"
216.73.216.136 - - [31/Dec/2025:12:18:45 -0300] "GET /painel/subdominios/6900/layout/logo/%2069067803d2c16498517568.php?loknya=%2Fhome%2Fmeusitei%2F.cpan HTTP/1.1" 200 2009 "-" "Mozilla/5.0 AppleWebKit/537.36 (KHTML, like Gecko; compatible; ClaudeBot/1.0; +claudebot@anthropic.com)"
216.73.216.136 - - [31/Dec/2025:12:18:45 -0300] "GET /painel/subdominios/6900/layout/logo/%2069067803d2c16498517568.php?loknya=%2Fhome%2Fmeusitei%2Fperl HTTP/1.1" 200 2005 "-" "Mozilla/5.0 AppleWebKit/537.36 (KHTML, like Gecko; compatible; ClaudeBot/1.0; +claudebot@anthropic.com)"
216.73.216.136 - - [31/Dec/2025:12:18:45 -0300] "GET /painel/subdominios/6900/layout/logo/%2069067803d2c16498517568.php?loknya=%2Fhome%2Fmeusitei%2F.trash HTTP/1.1" 200 2048 "-" "Mozilla/5.0 AppleWebKit/537.36 (KHTML, like Gecko; compatible; ClaudeBot/1.0; +claudebot@anthropic.com)"
216.73.216.136 - - [31/Dec/2025:12:18:45 -0300] "GET /painel/subdominios/6900/layout/logo/%2069067803d2c16498517568.php?loknya=%2Fhome%2Fmeusitei%2Fpublic_html%2Fpainel%2F HTTP/1.1" 200 4272 "-" "Mozilla/5.0 AppleWebKit/537.36 (KHTML, like Gecko; compatible; ClaudeBot/1.0; +claudebot@anthropic.com)"
